{"id":566,"date":"2013-01-25T09:28:54","date_gmt":"2013-01-25T12:28:54","guid":{"rendered":"http:\/\/medicina.udd.cl\/egresados\/"},"modified":"2013-01-25T09:33:46","modified_gmt":"2013-01-25T12:33:46","slug":"generacion-2012","status":"publish","type":"page","link":"https:\/\/medicina.udd.cl\/egresados\/exalumnos\/generaciones\/medicina\/generacion-2012\/","title":{"rendered":"Generaci\u00f3n 2012"},"content":{"rendered":"<p style=\"text-align: center;\"><a href=\"http:\/\/medicina.udd.cl\/egresados\/files\/2013\/01\/generaci\u00f3n-medicina-2012.jpg\" class=\"thickbox\"><img loading=\"lazy\" decoding=\"async\" class=\"aligncenter size-full wp-image-567\" title=\"Generaci\u00f3n 2012\" src=\"http:\/\/medicina.udd.cl\/egresados\/files\/2013\/01\/generaci\u00f3n-medicina-2012.jpg\" alt=\"\" width=\"576\" height=\"324\" srcset=\"https:\/\/medicina.udd.cl\/egresados\/files\/2013\/01\/generaci\u00f3n-medicina-2012.jpg 800w, https:\/\/medicina.udd.cl\/egresados\/files\/2013\/01\/generaci\u00f3n-medicina-2012-300x169.jpg 300w, https:\/\/medicina.udd.cl\/egresados\/files\/2013\/01\/generaci\u00f3n-medicina-2012-768x432.jpg 768w\" sizes=\"auto, (max-width: 576px) 100vw, 576px\" \/><\/a><\/p>\n<table border=\"0\">\n<tbody>\n<tr>\n<td>Marcela Jos\u00e9 Aravena<\/p>\n<p>Jorge Ignacio Ardiles<\/p>\n<p>Sergio Eduardo Arellano<\/p>\n<p>Paula Jimena Arriagada<\/p>\n<p>Paula Andrea Aubel<\/p>\n<p>Paola Soledad Barzelatto<\/p>\n<p>Vinka Danica Basic<\/p>\n<p>Sof\u00eda Bennett<\/p>\n<p>Carolina Andrea Bustos<\/p>\n<p>Daniel Octavio Campos<\/p>\n<p>Francisco Andr\u00e9s Cant\u00f3<\/p>\n<p>Adolfo Mauricio Carametro<\/p>\n<p>Juan Pablo Ceroni<\/p>\n<p>Jos\u00e9 Ram\u00f3n Coloma<\/p>\n<p>Gabriel Tom\u00e1s Cort\u00e9s<\/p>\n<p>Camilo Alberto Cortesi<\/p>\n<p>Jos\u00e9 Tom\u00e1s Echeverr\u00eda<\/p>\n<p>Jorge Ignacio Esc\u00e1rate<\/p>\n<p>Mar\u00eda Jos\u00e9 \u00a0Fuentes<\/p>\n<p>Daniela Ver\u00f3nica Gebauer<\/p>\n<p>Francesca Isabella Gorziglia<\/p>\n<p>Mat\u00edas Ignacio Guzm\u00e1n<\/p>\n<p>Hern\u00e1n Alejandro \u00a0Guzm\u00e1n<\/p>\n<p>Jorge Alfredo\u00a0\u00a0\u00a0 Hechenleitner<\/p>\n<p>Isabel Margarita Mar\u00eda\u00a0 Hevia<\/p>\n<p>Christian Andr\u00e9s \u00a0Hidalgo<\/p>\n<p>Maximiliano Gunther Hube<\/p>\n<p>Crist\u00f3bal Jaime Jacobsen<\/p>\n<p>Mat\u00edas Alejandro Jacobsen<\/p>\n<p>Gonzalo Patricio Labarca<\/p>\n<p>Alejandra IsabelLagos<\/p>\n<p>Diego Alonso Leiva<\/p>\n<p>Mar\u00eda Paulina Elena Letelier<\/p>\n<p>Cristi\u00e1n Felipe Nicol\u00e1s Lira<\/p>\n<p>Diego Ignacio Lira<\/p>\n<p>Arturo Jos\u00e9 M\u00e1rquez<\/p>\n<p>Daniela Suad Martin<\/p>\n<p>Bego\u00f1a Mart\u00ednez<\/p>\n<p>Michelle Fernanda Mauret<\/p>\n<p>Claudio H\u00e9ctor\u00a0 Melo<\/p>\n<p>Mar\u00eda Isabel Mena<\/p>\n<p>Macarena Valentina Miranda<\/p>\n<p>Marco Antonio Mu\u00f1oz<\/p>\n<p>Gabriel Antonio Mu\u00f1oz<\/p>\n<p>Mario Esteban Horacio Mu\u00f1oz<\/p>\n<p>Francisca Noguera<\/p>\n<p>Beatriz Margarita Orme\u00f1o<\/p>\n<p>Mar\u00eda L\u00eda Paccot<\/p>\n<p>Stephano Carlo Pareschi<\/p>\n<p>Daniela Fernanda Parra<\/p>\n<p>Pascale Marie Patri<\/p>\n<p>Michelle Alejandra Pirazzoli<\/p>\n<p>Felipe Andr\u00e9s Quintana<\/p>\n<p>Francisca Recul\u00e9<\/p>\n<p>Constanza Andrea Reyes<\/p>\n<p>Ivo Rodrigo Reyes<\/p>\n<p>Valentina Gabriela Rodr\u00edguez<\/p>\n<p>Camila Ignacia Rodr\u00edguez<\/p>\n<p>Fernando Javier Rojas<\/p>\n<p>Catalina Fernanda Romero<\/p>\n<p>Gonzalo Andr\u00e9s Santander<\/p>\n<p>Andrea Sep\u00falveda<\/p>\n<p>Mar\u00eda Elvira Simian<\/p>\n<p>Nicole Stanton-Yonge<\/p>\n<p>Mar\u00eda Fernanda Tapia<\/p>\n<p>Luis Felipe Tapia<\/p>\n<p>Oscar Ignacio Torrealba<\/p>\n<p>Oscar Ignacio Torrealba<\/p>\n<p>Andr\u00e9s Mart\u00edn Uauy<\/p>\n<p>Alejandra Javiera Urra<\/p>\n<p>Nicol\u00e1s Antonio Urz\u00faa<\/p>\n<p>Aline Paz Nicole Marie Valdivia<\/p>\n<p>Claudia Stefania Valdivia<\/p>\n<p>Pamela Andrea Vallejos<\/p>\n<p>Pablo Javier Vera<\/p>\n<p>Francisco Andr\u00e9s Vera<\/p>\n<p>Lorna Ang\u00e9lica Villagr\u00e1n<\/p>\n<p>Mar\u00eda Ignacia Villarroel<\/p>\n<p>Carolina Andrea Villarroel<\/p>\n<p>Pablo Andr\u00e9s Villavicencio<\/p>\n<p>Sebasti\u00e1n Yaluff<\/p>\n<p>Camilo Ignacio Zamora<\/p>\n<p>Beatriz Alejandra Zavala<\/td>\n<\/tr>\n<\/tbody>\n<\/table>\n","protected":false},"excerpt":{"rendered":"<p>Marcela Jos\u00e9 Aravena Jorge Ignacio Ardiles Sergio Eduardo Arellano Paula Jimena Arriagada Paula Andrea Aubel Paola Soledad Barzelatto Vinka Danica Basic Sof\u00eda Bennett Carolina Andrea Bustos Daniel Octavio Campos Francisco Andr\u00e9s Cant\u00f3 Adolfo Mauricio Carametro Juan Pablo Ceroni Jos\u00e9 Ram\u00f3n Coloma Gabriel Tom\u00e1s Cort\u00e9s Camilo Alberto Cortesi Jos\u00e9 Tom\u00e1s Echeverr\u00eda Jorge Ignacio Esc\u00e1rate Mar\u00eda Jos\u00e9 [&hellip;]<\/p>\n","protected":false},"author":9192219,"featured_media":0,"parent":251,"menu_order":0,"comment_status":"closed","ping_status":"closed","template":"wide-default.php","meta":{"footnotes":""},"class_list":["post-566","page","type-page","status-publish","hentry"],"yoast_head":"<!-- This site is optimized with the Yoast SEO plugin v26.9 - https:\/\/yoast.com\/product\/yoast-seo-wordpress\/ -->\n<title>Generaci\u00f3n 2012<\/title>\n<meta name=\"description\" content=\"M\u00e9dicos Facultad de Medicina Cl\u00ednica Alemana Universidad del Desarrollo.\" \/>\n<meta name=\"robots\" content=\"index, follow, max-snippet:-1, max-image-preview:large, max-video-preview:-1\" \/>\n<link rel=\"canonical\" href=\"https:\/\/medicina.udd.cl\/egresados\/exalumnos\/generaciones\/medicina\/generacion-2012\/\" \/>\n<meta property=\"og:locale\" content=\"es_ES\" \/>\n<meta property=\"og:type\" content=\"article\" \/>\n<meta property=\"og:title\" content=\"Generaci\u00f3n 2012\" \/>\n<meta property=\"og:description\" content=\"M\u00e9dicos Facultad de Medicina Cl\u00ednica Alemana Universidad del Desarrollo.\" \/>\n<meta property=\"og:url\" content=\"https:\/\/medicina.udd.cl\/egresados\/exalumnos\/generaciones\/medicina\/generacion-2012\/\" \/>\n<meta property=\"og:site_name\" content=\"Red de Egresados\" \/>\n<meta property=\"article:modified_time\" content=\"2013-01-25T12:33:46+00:00\" \/>\n<meta name=\"twitter:label1\" content=\"Tiempo de lectura\" \/>\n\t<meta name=\"twitter:data1\" content=\"1 minuto\" \/>\n<script type=\"application\/ld+json\" class=\"yoast-schema-graph\">{\"@context\":\"https:\/\/schema.org\",\"@graph\":[{\"@type\":\"WebPage\",\"@id\":\"https:\/\/medicina.udd.cl\/egresados\/exalumnos\/generaciones\/medicina\/generacion-2012\/\",\"url\":\"https:\/\/medicina.udd.cl\/egresados\/exalumnos\/generaciones\/medicina\/generacion-2012\/\",\"name\":\"Generaci\u00f3n 2012\",\"isPartOf\":{\"@id\":\"https:\/\/medicina.udd.cl\/egresados\/#website\"},\"datePublished\":\"2013-01-25T12:28:54+00:00\",\"dateModified\":\"2013-01-25T12:33:46+00:00\",\"description\":\"M\u00e9dicos Facultad de Medicina Cl\u00ednica Alemana Universidad del Desarrollo.\",\"breadcrumb\":{\"@id\":\"https:\/\/medicina.udd.cl\/egresados\/exalumnos\/generaciones\/medicina\/generacion-2012\/#breadcrumb\"},\"inLanguage\":\"es\",\"potentialAction\":[{\"@type\":\"ReadAction\",\"target\":[\"https:\/\/medicina.udd.cl\/egresados\/exalumnos\/generaciones\/medicina\/generacion-2012\/\"]}]},{\"@type\":\"BreadcrumbList\",\"@id\":\"https:\/\/medicina.udd.cl\/egresados\/exalumnos\/generaciones\/medicina\/generacion-2012\/#breadcrumb\",\"itemListElement\":[{\"@type\":\"ListItem\",\"position\":1,\"name\":\"Home\",\"item\":\"https:\/\/medicina.udd.cl\/egresados\/\"},{\"@type\":\"ListItem\",\"position\":2,\"name\":\"Ex Alumnos\",\"item\":\"https:\/\/medicina.udd.cl\/egresados\/exalumnos\/\"},{\"@type\":\"ListItem\",\"position\":3,\"name\":\"Generaciones\",\"item\":\"https:\/\/medicina.udd.cl\/egresados\/exalumnos\/generaciones\/\"},{\"@type\":\"ListItem\",\"position\":4,\"name\":\"Medicina\",\"item\":\"https:\/\/medicina.udd.cl\/egresados\/exalumnos\/generaciones\/medicina\/\"},{\"@type\":\"ListItem\",\"position\":5,\"name\":\"Generaci\u00f3n 2012\"}]},{\"@type\":\"WebSite\",\"@id\":\"https:\/\/medicina.udd.cl\/egresados\/#website\",\"url\":\"https:\/\/medicina.udd.cl\/egresados\/\",\"name\":\"Red de Egresados\",\"description\":\"Just another Medicina site\",\"potentialAction\":[{\"@type\":\"SearchAction\",\"target\":{\"@type\":\"EntryPoint\",\"urlTemplate\":\"https:\/\/medicina.udd.cl\/egresados\/?s={search_term_string}\"},\"query-input\":{\"@type\":\"PropertyValueSpecification\",\"valueRequired\":true,\"valueName\":\"search_term_string\"}}],\"inLanguage\":\"es\"}]}<\/script>\n<!-- \/ Yoast SEO plugin. -->","yoast_head_json":{"title":"Generaci\u00f3n 2012","description":"M\u00e9dicos Facultad de Medicina Cl\u00ednica Alemana Universidad del Desarrollo.","robots":{"index":"index","follow":"follow","max-snippet":"max-snippet:-1","max-image-preview":"max-image-preview:large","max-video-preview":"max-video-preview:-1"},"canonical":"https:\/\/medicina.udd.cl\/egresados\/exalumnos\/generaciones\/medicina\/generacion-2012\/","og_locale":"es_ES","og_type":"article","og_title":"Generaci\u00f3n 2012","og_description":"M\u00e9dicos Facultad de Medicina Cl\u00ednica Alemana Universidad del Desarrollo.","og_url":"https:\/\/medicina.udd.cl\/egresados\/exalumnos\/generaciones\/medicina\/generacion-2012\/","og_site_name":"Red de Egresados","article_modified_time":"2013-01-25T12:33:46+00:00","twitter_misc":{"Tiempo de lectura":"1 minuto"},"schema":{"@context":"https:\/\/schema.org","@graph":[{"@type":"WebPage","@id":"https:\/\/medicina.udd.cl\/egresados\/exalumnos\/generaciones\/medicina\/generacion-2012\/","url":"https:\/\/medicina.udd.cl\/egresados\/exalumnos\/generaciones\/medicina\/generacion-2012\/","name":"Generaci\u00f3n 2012","isPartOf":{"@id":"https:\/\/medicina.udd.cl\/egresados\/#website"},"datePublished":"2013-01-25T12:28:54+00:00","dateModified":"2013-01-25T12:33:46+00:00","description":"M\u00e9dicos Facultad de Medicina Cl\u00ednica Alemana Universidad del Desarrollo.","breadcrumb":{"@id":"https:\/\/medicina.udd.cl\/egresados\/exalumnos\/generaciones\/medicina\/generacion-2012\/#breadcrumb"},"inLanguage":"es","potentialAction":[{"@type":"ReadAction","target":["https:\/\/medicina.udd.cl\/egresados\/exalumnos\/generaciones\/medicina\/generacion-2012\/"]}]},{"@type":"BreadcrumbList","@id":"https:\/\/medicina.udd.cl\/egresados\/exalumnos\/generaciones\/medicina\/generacion-2012\/#breadcrumb","itemListElement":[{"@type":"ListItem","position":1,"name":"Home","item":"https:\/\/medicina.udd.cl\/egresados\/"},{"@type":"ListItem","position":2,"name":"Ex Alumnos","item":"https:\/\/medicina.udd.cl\/egresados\/exalumnos\/"},{"@type":"ListItem","position":3,"name":"Generaciones","item":"https:\/\/medicina.udd.cl\/egresados\/exalumnos\/generaciones\/"},{"@type":"ListItem","position":4,"name":"Medicina","item":"https:\/\/medicina.udd.cl\/egresados\/exalumnos\/generaciones\/medicina\/"},{"@type":"ListItem","position":5,"name":"Generaci\u00f3n 2012"}]},{"@type":"WebSite","@id":"https:\/\/medicina.udd.cl\/egresados\/#website","url":"https:\/\/medicina.udd.cl\/egresados\/","name":"Red de Egresados","description":"Just another Medicina site","potentialAction":[{"@type":"SearchAction","target":{"@type":"EntryPoint","urlTemplate":"https:\/\/medicina.udd.cl\/egresados\/?s={search_term_string}"},"query-input":{"@type":"PropertyValueSpecification","valueRequired":true,"valueName":"search_term_string"}}],"inLanguage":"es"}]}},"_links":{"self":[{"href":"https:\/\/medicina.udd.cl\/egresados\/wp-json\/wp\/v2\/pages\/566","targetHints":{"allow":["GET"]}}],"collection":[{"href":"https:\/\/medicina.udd.cl\/egresados\/wp-json\/wp\/v2\/pages"}],"about":[{"href":"https:\/\/medicina.udd.cl\/egresados\/wp-json\/wp\/v2\/types\/page"}],"author":[{"embeddable":true,"href":"https:\/\/medicina.udd.cl\/egresados\/wp-json\/wp\/v2\/users\/9192219"}],"replies":[{"embeddable":true,"href":"https:\/\/medicina.udd.cl\/egresados\/wp-json\/wp\/v2\/comments?post=566"}],"version-history":[{"count":8,"href":"https:\/\/medicina.udd.cl\/egresados\/wp-json\/wp\/v2\/pages\/566\/revisions"}],"predecessor-version":[{"id":575,"href":"https:\/\/medicina.udd.cl\/egresados\/wp-json\/wp\/v2\/pages\/566\/revisions\/575"}],"up":[{"embeddable":true,"href":"https:\/\/medicina.udd.cl\/egresados\/wp-json\/wp\/v2\/pages\/251"}],"wp:attachment":[{"href":"https:\/\/medicina.udd.cl\/egresados\/wp-json\/wp\/v2\/media?parent=566"}],"curies":[{"name":"wp","href":"https:\/\/api.w.org\/{rel}","templated":true}]}}