{"id":576,"date":"2013-01-25T09:46:30","date_gmt":"2013-01-25T12:46:30","guid":{"rendered":"http:\/\/medicina.udd.cl\/egresados\/"},"modified":"2013-01-25T09:52:57","modified_gmt":"2013-01-25T12:52:57","slug":"generacion-2012","status":"publish","type":"page","link":"https:\/\/medicina.udd.cl\/egresados\/exalumnos\/generaciones\/odontologia\/generacion-2012\/","title":{"rendered":"Generaci\u00f3n 2012"},"content":{"rendered":"<p style=\"text-align: center;\"><a href=\"http:\/\/medicina.udd.cl\/egresados\/files\/2013\/01\/Generaci\u00f3n-2012.jpg\" class=\"thickbox\"><img loading=\"lazy\" decoding=\"async\" class=\"aligncenter size-full wp-image-577\" title=\"Generaci\u00f3n 2012\" src=\"http:\/\/medicina.udd.cl\/egresados\/files\/2013\/01\/Generaci\u00f3n-2012.jpg\" alt=\"\" width=\"640\" height=\"390\" srcset=\"https:\/\/medicina.udd.cl\/egresados\/files\/2013\/01\/Generaci\u00f3n-2012.jpg 800w, https:\/\/medicina.udd.cl\/egresados\/files\/2013\/01\/Generaci\u00f3n-2012-300x183.jpg 300w, https:\/\/medicina.udd.cl\/egresados\/files\/2013\/01\/Generaci\u00f3n-2012-768x468.jpg 768w\" sizes=\"auto, (max-width: 640px) 100vw, 640px\" \/><\/a><\/p>\n<p>LUIS ENRIQUE AGUAYO ROMERO<\/p>\n<p>DANIELA BACCHIEGA BUSTOS<\/p>\n<p>MAR\u00cdA PAULINA BENITO ROCHA<\/p>\n<p>ULISES ERNESTO CARBALLOSA FERN\u00c1NDEZ<\/p>\n<p>PAULINA ANDREA CARO MOYA<\/p>\n<p>MAR\u00cdA IGNACIA CHAC\u00d3N MU\u00d1OZ<\/p>\n<p>VALENTINA FRANCISCA CHRISTIE GARC\u00cdA<\/p>\n<p>PABLO IGNACIO COLLAZO LOYOLA<\/p>\n<p>CATALINA VICTORIA DE GRENADE QUEZADA<\/p>\n<p>CAMILA ANDREA DEL PUERTO VERGARA<\/p>\n<p>CARLOS EDUARDO DONOSO GONZ\u00c1LEZ<\/p>\n<p>DANIELA ANDREA ELTIT GONZ\u00c1LEZ<\/p>\n<p>CAMILA ANDREA FORMAS BASCU\u00d1\u00c1N<\/p>\n<p>OSCAR FRANCISCO FUENTES GUTI\u00c9RREZ<\/p>\n<p>JOS\u00c9 MIGUEL GARC\u00cdA RENCORET<\/p>\n<p>ISIDORA GONZ\u00c1LEZ VELASCO<\/p>\n<p>TANIA VERENA HECHENLEITNER RIKLI<\/p>\n<p>CARMEN VICTORIA HENR\u00cdQUEZ D\u00cdAZ-VALD\u00c9S<\/p>\n<p>MAR\u00cdA CONSUELO IDRO MONTES<\/p>\n<p>DIEGO ANDR\u00c9S LANDAETA ROMERO<\/p>\n<p>JENNY LEVY GALLARDO<\/p>\n<p>JUAN PABLO LIRA TORO<\/p>\n<p>CAMILA PAZ MOLINA GARC\u00cdA<\/p>\n<p>MAR\u00cdA IZADORA MOLINA ORELLANA<\/p>\n<p>ANDREA PAZ N\u00da\u00d1EZ GONZ\u00c1LEZ<\/p>\n<p>SOF\u00cdA GABRIELA PE\u00d1A PAPI<\/p>\n<p>GERM\u00c1N JOS\u00c9 P\u00c9REZ SILVA<\/p>\n<p>LORENA ALESSANDRA PRADO ZUCCONE<\/p>\n<p>CLAUDIA LORETO RODR\u00cdGUEZ ALARC\u00d3N<\/p>\n<p>CAMILA PAZ ROJAS NAVARRETE<\/p>\n<p>CRISTIAN MARCELO TAPIA C\u00c1RCAMO<\/p>\n<p>SEBASTI\u00c1N ANDR\u00c9S TAPIA COR\u00d3N<\/p>\n<p>CRISTIAN ANDR\u00c9S TEUBER LOBOS<\/p>\n<p>FELIPE UGARTE AMEN\u00c1BAR<\/p>\n<p>GERARDO TOM\u00c1S URRUTIA DE TER\u00c1N<\/p>\n<p>JUAN PABLO VALLE GARC\u00cdA<\/p>\n<p>DANIELA ANDREA VARGAS MORDOH<\/p>\n<p>GONZALO VIDELA BARRIENTOS<\/p>\n<p>NICOLE ANDREA WACHTENDORFF P\u00c9REZ<\/p>\n","protected":false},"excerpt":{"rendered":"<p>LUIS ENRIQUE AGUAYO ROMERO DANIELA BACCHIEGA BUSTOS MAR\u00cdA PAULINA BENITO ROCHA ULISES ERNESTO CARBALLOSA FERN\u00c1NDEZ PAULINA ANDREA CARO MOYA MAR\u00cdA IGNACIA CHAC\u00d3N MU\u00d1OZ VALENTINA FRANCISCA CHRISTIE GARC\u00cdA PABLO IGNACIO COLLAZO LOYOLA CATALINA VICTORIA DE GRENADE QUEZADA CAMILA ANDREA DEL PUERTO VERGARA CARLOS EDUARDO DONOSO GONZ\u00c1LEZ DANIELA ANDREA ELTIT GONZ\u00c1LEZ CAMILA ANDREA FORMAS BASCU\u00d1\u00c1N OSCAR FRANCISCO [&hellip;]<\/p>\n","protected":false},"author":9192219,"featured_media":0,"parent":277,"menu_order":0,"comment_status":"closed","ping_status":"closed","template":"wide-default.php","meta":{"footnotes":""},"class_list":["post-576","page","type-page","status-publish","hentry"],"yoast_head":"<!-- This site is optimized with the Yoast SEO plugin v26.9 - https:\/\/yoast.com\/product\/yoast-seo-wordpress\/ -->\n<title>Generaci\u00f3n 2012<\/title>\n<meta name=\"description\" content=\"Odont\u00f3logos Facultad de Medicina Cl\u00ednica Alemana Universidad del Desarrollo.\" \/>\n<meta name=\"robots\" content=\"index, follow, max-snippet:-1, max-image-preview:large, max-video-preview:-1\" \/>\n<link rel=\"canonical\" href=\"https:\/\/medicina.udd.cl\/egresados\/exalumnos\/generaciones\/odontologia\/generacion-2012\/\" \/>\n<meta property=\"og:locale\" content=\"es_ES\" \/>\n<meta property=\"og:type\" content=\"article\" \/>\n<meta property=\"og:title\" content=\"Generaci\u00f3n 2012\" \/>\n<meta property=\"og:description\" content=\"Odont\u00f3logos Facultad de Medicina Cl\u00ednica Alemana Universidad del Desarrollo.\" \/>\n<meta property=\"og:url\" content=\"https:\/\/medicina.udd.cl\/egresados\/exalumnos\/generaciones\/odontologia\/generacion-2012\/\" \/>\n<meta property=\"og:site_name\" content=\"Red de Egresados\" \/>\n<meta property=\"article:modified_time\" content=\"2013-01-25T12:52:57+00:00\" \/>\n<meta name=\"twitter:label1\" content=\"Tiempo de lectura\" \/>\n\t<meta name=\"twitter:data1\" content=\"1 minuto\" \/>\n<script type=\"application\/ld+json\" class=\"yoast-schema-graph\">{\"@context\":\"https:\/\/schema.org\",\"@graph\":[{\"@type\":\"WebPage\",\"@id\":\"https:\/\/medicina.udd.cl\/egresados\/exalumnos\/generaciones\/odontologia\/generacion-2012\/\",\"url\":\"https:\/\/medicina.udd.cl\/egresados\/exalumnos\/generaciones\/odontologia\/generacion-2012\/\",\"name\":\"Generaci\u00f3n 2012\",\"isPartOf\":{\"@id\":\"https:\/\/medicina.udd.cl\/egresados\/#website\"},\"datePublished\":\"2013-01-25T12:46:30+00:00\",\"dateModified\":\"2013-01-25T12:52:57+00:00\",\"description\":\"Odont\u00f3logos Facultad de Medicina Cl\u00ednica Alemana Universidad del Desarrollo.\",\"breadcrumb\":{\"@id\":\"https:\/\/medicina.udd.cl\/egresados\/exalumnos\/generaciones\/odontologia\/generacion-2012\/#breadcrumb\"},\"inLanguage\":\"es\",\"potentialAction\":[{\"@type\":\"ReadAction\",\"target\":[\"https:\/\/medicina.udd.cl\/egresados\/exalumnos\/generaciones\/odontologia\/generacion-2012\/\"]}]},{\"@type\":\"BreadcrumbList\",\"@id\":\"https:\/\/medicina.udd.cl\/egresados\/exalumnos\/generaciones\/odontologia\/generacion-2012\/#breadcrumb\",\"itemListElement\":[{\"@type\":\"ListItem\",\"position\":1,\"name\":\"Home\",\"item\":\"https:\/\/medicina.udd.cl\/egresados\/\"},{\"@type\":\"ListItem\",\"position\":2,\"name\":\"Ex Alumnos\",\"item\":\"https:\/\/medicina.udd.cl\/egresados\/exalumnos\/\"},{\"@type\":\"ListItem\",\"position\":3,\"name\":\"Generaciones\",\"item\":\"https:\/\/medicina.udd.cl\/egresados\/exalumnos\/generaciones\/\"},{\"@type\":\"ListItem\",\"position\":4,\"name\":\"Odontolog\u00eda\",\"item\":\"https:\/\/medicina.udd.cl\/egresados\/exalumnos\/generaciones\/odontologia\/\"},{\"@type\":\"ListItem\",\"position\":5,\"name\":\"Generaci\u00f3n 2012\"}]},{\"@type\":\"WebSite\",\"@id\":\"https:\/\/medicina.udd.cl\/egresados\/#website\",\"url\":\"https:\/\/medicina.udd.cl\/egresados\/\",\"name\":\"Red de Egresados\",\"description\":\"Just another Medicina site\",\"potentialAction\":[{\"@type\":\"SearchAction\",\"target\":{\"@type\":\"EntryPoint\",\"urlTemplate\":\"https:\/\/medicina.udd.cl\/egresados\/?s={search_term_string}\"},\"query-input\":{\"@type\":\"PropertyValueSpecification\",\"valueRequired\":true,\"valueName\":\"search_term_string\"}}],\"inLanguage\":\"es\"}]}<\/script>\n<!-- \/ Yoast SEO plugin. -->","yoast_head_json":{"title":"Generaci\u00f3n 2012","description":"Odont\u00f3logos Facultad de Medicina Cl\u00ednica Alemana Universidad del Desarrollo.","robots":{"index":"index","follow":"follow","max-snippet":"max-snippet:-1","max-image-preview":"max-image-preview:large","max-video-preview":"max-video-preview:-1"},"canonical":"https:\/\/medicina.udd.cl\/egresados\/exalumnos\/generaciones\/odontologia\/generacion-2012\/","og_locale":"es_ES","og_type":"article","og_title":"Generaci\u00f3n 2012","og_description":"Odont\u00f3logos Facultad de Medicina Cl\u00ednica Alemana Universidad del Desarrollo.","og_url":"https:\/\/medicina.udd.cl\/egresados\/exalumnos\/generaciones\/odontologia\/generacion-2012\/","og_site_name":"Red de Egresados","article_modified_time":"2013-01-25T12:52:57+00:00","twitter_misc":{"Tiempo de lectura":"1 minuto"},"schema":{"@context":"https:\/\/schema.org","@graph":[{"@type":"WebPage","@id":"https:\/\/medicina.udd.cl\/egresados\/exalumnos\/generaciones\/odontologia\/generacion-2012\/","url":"https:\/\/medicina.udd.cl\/egresados\/exalumnos\/generaciones\/odontologia\/generacion-2012\/","name":"Generaci\u00f3n 2012","isPartOf":{"@id":"https:\/\/medicina.udd.cl\/egresados\/#website"},"datePublished":"2013-01-25T12:46:30+00:00","dateModified":"2013-01-25T12:52:57+00:00","description":"Odont\u00f3logos Facultad de Medicina Cl\u00ednica Alemana Universidad del Desarrollo.","breadcrumb":{"@id":"https:\/\/medicina.udd.cl\/egresados\/exalumnos\/generaciones\/odontologia\/generacion-2012\/#breadcrumb"},"inLanguage":"es","potentialAction":[{"@type":"ReadAction","target":["https:\/\/medicina.udd.cl\/egresados\/exalumnos\/generaciones\/odontologia\/generacion-2012\/"]}]},{"@type":"BreadcrumbList","@id":"https:\/\/medicina.udd.cl\/egresados\/exalumnos\/generaciones\/odontologia\/generacion-2012\/#breadcrumb","itemListElement":[{"@type":"ListItem","position":1,"name":"Home","item":"https:\/\/medicina.udd.cl\/egresados\/"},{"@type":"ListItem","position":2,"name":"Ex Alumnos","item":"https:\/\/medicina.udd.cl\/egresados\/exalumnos\/"},{"@type":"ListItem","position":3,"name":"Generaciones","item":"https:\/\/medicina.udd.cl\/egresados\/exalumnos\/generaciones\/"},{"@type":"ListItem","position":4,"name":"Odontolog\u00eda","item":"https:\/\/medicina.udd.cl\/egresados\/exalumnos\/generaciones\/odontologia\/"},{"@type":"ListItem","position":5,"name":"Generaci\u00f3n 2012"}]},{"@type":"WebSite","@id":"https:\/\/medicina.udd.cl\/egresados\/#website","url":"https:\/\/medicina.udd.cl\/egresados\/","name":"Red de Egresados","description":"Just another Medicina site","potentialAction":[{"@type":"SearchAction","target":{"@type":"EntryPoint","urlTemplate":"https:\/\/medicina.udd.cl\/egresados\/?s={search_term_string}"},"query-input":{"@type":"PropertyValueSpecification","valueRequired":true,"valueName":"search_term_string"}}],"inLanguage":"es"}]}},"_links":{"self":[{"href":"https:\/\/medicina.udd.cl\/egresados\/wp-json\/wp\/v2\/pages\/576","targetHints":{"allow":["GET"]}}],"collection":[{"href":"https:\/\/medicina.udd.cl\/egresados\/wp-json\/wp\/v2\/pages"}],"about":[{"href":"https:\/\/medicina.udd.cl\/egresados\/wp-json\/wp\/v2\/types\/page"}],"author":[{"embeddable":true,"href":"https:\/\/medicina.udd.cl\/egresados\/wp-json\/wp\/v2\/users\/9192219"}],"replies":[{"embeddable":true,"href":"https:\/\/medicina.udd.cl\/egresados\/wp-json\/wp\/v2\/comments?post=576"}],"version-history":[{"count":5,"href":"https:\/\/medicina.udd.cl\/egresados\/wp-json\/wp\/v2\/pages\/576\/revisions"}],"predecessor-version":[{"id":582,"href":"https:\/\/medicina.udd.cl\/egresados\/wp-json\/wp\/v2\/pages\/576\/revisions\/582"}],"up":[{"embeddable":true,"href":"https:\/\/medicina.udd.cl\/egresados\/wp-json\/wp\/v2\/pages\/277"}],"wp:attachment":[{"href":"https:\/\/medicina.udd.cl\/egresados\/wp-json\/wp\/v2\/media?parent=576"}],"curies":[{"name":"wp","href":"https:\/\/api.w.org\/{rel}","templated":true}]}}