{"id":1477,"date":"2013-07-25T22:50:37","date_gmt":"2013-07-26T02:50:37","guid":{"rendered":"http:\/\/medicina.udd.cl\/enfermeria-santiago\/calendario\/titulacion-de-enfermeria\/"},"modified":"2013-07-25T22:50:37","modified_gmt":"2013-07-26T02:50:37","slug":"titulacion-de-enfermeria","status":"publish","type":"event","link":"https:\/\/medicina.udd.cl\/enfermeria-santiago\/eventos\/titulacion-de-enfermeria\/","title":{"rendered":"Titulaci\u00f3n de Enfermer\u00eda"},"content":{"rendered":"<p>Se titulan los alumnos de la sexta generaci&oacute;n de Enfermer&iacute;a.&nbsp;<\/p>\n","protected":false},"author":1,"featured_media":0,"template":"","locations":[4020],"events-tax":[4032],"class_list":["post-1477","event","type-event","status-publish","hentry","locations-santiago","events_tax-academico"],"yoast_head":"<!-- This site is optimized with the Yoast SEO plugin v26.9 - https:\/\/yoast.com\/product\/yoast-seo-wordpress\/ -->\n<title>Titulaci\u00f3n de Enfermer\u00eda - Enfermer\u00eda UDD<\/title>\n<meta name=\"robots\" content=\"index, follow, max-snippet:-1, max-image-preview:large, max-video-preview:-1\" \/>\n<link rel=\"canonical\" href=\"https:\/\/medicina.udd.cl\/enfermeria-santiago\/eventos\/titulacion-de-enfermeria\/\" \/>\n<meta property=\"og:locale\" content=\"es_ES\" \/>\n<meta property=\"og:type\" content=\"article\" \/>\n<meta property=\"og:title\" content=\"Titulaci\u00f3n de Enfermer\u00eda - Enfermer\u00eda UDD\" \/>\n<meta property=\"og:description\" content=\"Aula Magna\" \/>\n<meta property=\"og:url\" content=\"https:\/\/medicina.udd.cl\/enfermeria-santiago\/eventos\/titulacion-de-enfermeria\/\" \/>\n<meta property=\"og:site_name\" content=\"Enfermer\u00eda UDD\" \/>\n<script type=\"application\/ld+json\" class=\"yoast-schema-graph\">{\"@context\":\"https:\/\/schema.org\",\"@graph\":[{\"@type\":\"WebPage\",\"@id\":\"https:\/\/medicina.udd.cl\/enfermeria-santiago\/eventos\/titulacion-de-enfermeria\/\",\"url\":\"https:\/\/medicina.udd.cl\/enfermeria-santiago\/eventos\/titulacion-de-enfermeria\/\",\"name\":\"Titulaci\u00f3n de Enfermer\u00eda - Enfermer\u00eda UDD\",\"isPartOf\":{\"@id\":\"https:\/\/medicina.udd.cl\/enfermeria-santiago\/#website\"},\"datePublished\":\"2013-07-26T02:50:37+00:00\",\"breadcrumb\":{\"@id\":\"https:\/\/medicina.udd.cl\/enfermeria-santiago\/eventos\/titulacion-de-enfermeria\/#breadcrumb\"},\"inLanguage\":\"es\",\"potentialAction\":[{\"@type\":\"ReadAction\",\"target\":[\"https:\/\/medicina.udd.cl\/enfermeria-santiago\/eventos\/titulacion-de-enfermeria\/\"]}]},{\"@type\":\"BreadcrumbList\",\"@id\":\"https:\/\/medicina.udd.cl\/enfermeria-santiago\/eventos\/titulacion-de-enfermeria\/#breadcrumb\",\"itemListElement\":[{\"@type\":\"ListItem\",\"position\":1,\"name\":\"Home\",\"item\":\"https:\/\/medicina.udd.cl\/enfermeria-santiago\/\"},{\"@type\":\"ListItem\",\"position\":2,\"name\":\"Eventos\",\"item\":\"https:\/\/medicina.udd.cl\/enfermeria-santiago\/eventos\/\"},{\"@type\":\"ListItem\",\"position\":3,\"name\":\"Titulaci\u00f3n de Enfermer\u00eda\"}]},{\"@type\":\"WebSite\",\"@id\":\"https:\/\/medicina.udd.cl\/enfermeria-santiago\/#website\",\"url\":\"https:\/\/medicina.udd.cl\/enfermeria-santiago\/\",\"name\":\"Enfermer\u00eda UDD\",\"description\":\"Facultad de Medicina Cl\u00ednica Alemana Universidad del Desarrollo\",\"inLanguage\":\"es\"}]}<\/script>\n<!-- \/ Yoast SEO plugin. -->","yoast_head_json":{"title":"Titulaci\u00f3n de Enfermer\u00eda - Enfermer\u00eda UDD","robots":{"index":"index","follow":"follow","max-snippet":"max-snippet:-1","max-image-preview":"max-image-preview:large","max-video-preview":"max-video-preview:-1"},"canonical":"https:\/\/medicina.udd.cl\/enfermeria-santiago\/eventos\/titulacion-de-enfermeria\/","og_locale":"es_ES","og_type":"article","og_title":"Titulaci\u00f3n de Enfermer\u00eda - Enfermer\u00eda UDD","og_description":"Aula Magna","og_url":"https:\/\/medicina.udd.cl\/enfermeria-santiago\/eventos\/titulacion-de-enfermeria\/","og_site_name":"Enfermer\u00eda UDD","schema":{"@context":"https:\/\/schema.org","@graph":[{"@type":"WebPage","@id":"https:\/\/medicina.udd.cl\/enfermeria-santiago\/eventos\/titulacion-de-enfermeria\/","url":"https:\/\/medicina.udd.cl\/enfermeria-santiago\/eventos\/titulacion-de-enfermeria\/","name":"Titulaci\u00f3n de Enfermer\u00eda - Enfermer\u00eda UDD","isPartOf":{"@id":"https:\/\/medicina.udd.cl\/enfermeria-santiago\/#website"},"datePublished":"2013-07-26T02:50:37+00:00","breadcrumb":{"@id":"https:\/\/medicina.udd.cl\/enfermeria-santiago\/eventos\/titulacion-de-enfermeria\/#breadcrumb"},"inLanguage":"es","potentialAction":[{"@type":"ReadAction","target":["https:\/\/medicina.udd.cl\/enfermeria-santiago\/eventos\/titulacion-de-enfermeria\/"]}]},{"@type":"BreadcrumbList","@id":"https:\/\/medicina.udd.cl\/enfermeria-santiago\/eventos\/titulacion-de-enfermeria\/#breadcrumb","itemListElement":[{"@type":"ListItem","position":1,"name":"Home","item":"https:\/\/medicina.udd.cl\/enfermeria-santiago\/"},{"@type":"ListItem","position":2,"name":"Eventos","item":"https:\/\/medicina.udd.cl\/enfermeria-santiago\/eventos\/"},{"@type":"ListItem","position":3,"name":"Titulaci\u00f3n de Enfermer\u00eda"}]},{"@type":"WebSite","@id":"https:\/\/medicina.udd.cl\/enfermeria-santiago\/#website","url":"https:\/\/medicina.udd.cl\/enfermeria-santiago\/","name":"Enfermer\u00eda UDD","description":"Facultad de Medicina Cl\u00ednica Alemana Universidad del Desarrollo","inLanguage":"es"}]}},"dtstart":"2012-04-26T19:00:00-03:00","dtend":"2012-04-26T19:00:00-03:00","full_day":false,"attendance_mode":"","_links":{"self":[{"href":"https:\/\/medicina.udd.cl\/enfermeria-santiago\/wp-json\/wp\/v2\/events\/1477","targetHints":{"allow":["GET"]}}],"collection":[{"href":"https:\/\/medicina.udd.cl\/enfermeria-santiago\/wp-json\/wp\/v2\/events"}],"about":[{"href":"https:\/\/medicina.udd.cl\/enfermeria-santiago\/wp-json\/wp\/v2\/types\/event"}],"author":[{"embeddable":true,"href":"https:\/\/medicina.udd.cl\/enfermeria-santiago\/wp-json\/wp\/v2\/users\/1"}],"version-history":[{"count":0,"href":"https:\/\/medicina.udd.cl\/enfermeria-santiago\/wp-json\/wp\/v2\/events\/1477\/revisions"}],"wp:attachment":[{"href":"https:\/\/medicina.udd.cl\/enfermeria-santiago\/wp-json\/wp\/v2\/media?parent=1477"}],"wp:term":[{"taxonomy":"locations","embeddable":true,"href":"https:\/\/medicina.udd.cl\/enfermeria-santiago\/wp-json\/wp\/v2\/locations?post=1477"},{"taxonomy":"events_tax","embeddable":true,"href":"https:\/\/medicina.udd.cl\/enfermeria-santiago\/wp-json\/wp\/v2\/events-tax?post=1477"}],"curies":[{"name":"wp","href":"https:\/\/api.w.org\/{rel}","templated":true}]}}

Titulación de Enfermería

<!-- This site is optimized with the Yoast SEO plugin v26.9 - https://yoast.com/product/yoast-seo-wordpress/ -->
<title>Titulación de Enfermería - Enfermería UDD</title>
<meta name="robots" content="index, follow, max-snippet:-1, max-image-preview:large, max-video-preview:-1" />
<link rel="canonical" href="https://medicina.udd.cl/enfermeria-santiago/eventos/titulacion-de-enfermeria/" />
<meta property="og:locale" content="es_ES" />
<meta property="og:type" content="article" />
<meta property="og:title" content="Titulación de Enfermería - Enfermería UDD" />
<meta property="og:description" content="Aula Magna" />
<meta property="og:url" content="https://medicina.udd.cl/enfermeria-santiago/eventos/titulacion-de-enfermeria/" />
<meta property="og:site_name" content="Enfermería UDD" />
<script type="application/ld+json" class="yoast-schema-graph">{"@context":"https://schema.org","@graph":[{"@type":"WebPage","@id":"https://medicina.udd.cl/enfermeria-santiago/eventos/titulacion-de-enfermeria/","url":"https://medicina.udd.cl/enfermeria-santiago/eventos/titulacion-de-enfermeria/","name":"Titulación de Enfermería - Enfermería UDD","isPartOf":{"@id":"https://medicina.udd.cl/enfermeria-santiago/#website"},"datePublished":"2013-07-26T02:50:37+00:00","breadcrumb":{"@id":"https://medicina.udd.cl/enfermeria-santiago/eventos/titulacion-de-enfermeria/#breadcrumb"},"inLanguage":"es","potentialAction":[{"@type":"ReadAction","target":["https://medicina.udd.cl/enfermeria-santiago/eventos/titulacion-de-enfermeria/"]}]},{"@type":"BreadcrumbList","@id":"https://medicina.udd.cl/enfermeria-santiago/eventos/titulacion-de-enfermeria/#breadcrumb","itemListElement":[{"@type":"ListItem","position":1,"name":"Home","item":"https://medicina.udd.cl/enfermeria-santiago/"},{"@type":"ListItem","position":2,"name":"Eventos","item":"https://medicina.udd.cl/enfermeria-santiago/eventos/"},{"@type":"ListItem","position":3,"name":"Titulación de Enfermería"}]},{"@type":"WebSite","@id":"https://medicina.udd.cl/enfermeria-santiago/#website","url":"https://medicina.udd.cl/enfermeria-santiago/","name":"Enfermería UDD","description":"Facultad de Medicina Clínica Alemana Universidad del Desarrollo","inLanguage":"es"}]}</script>
<!-- / Yoast SEO plugin. -->

Titulación de Enfermería - Enfermería UDD

Enfermería UDD

Facultad de Medicina Clínica Alemana Universidad del Desarrollo
