{"id":1478,"date":"2013-07-25T22:50:37","date_gmt":"2013-07-26T02:50:37","guid":{"rendered":"http:\/\/medicina.udd.cl\/enfermeria-santiago\/calendario\/jornada-vocacional-en-clinica-udd\/"},"modified":"2013-07-25T22:50:37","modified_gmt":"2013-07-26T02:50:37","slug":"jornada-vocacional-en-clinica-udd","status":"publish","type":"event","link":"https:\/\/medicina.udd.cl\/enfermeria-santiago\/eventos\/jornada-vocacional-en-clinica-udd\/","title":{"rendered":"Jornada Vocacional en Cl\u00ednica UDD"},"content":{"rendered":"<p><span style=\"color: #201d1b; font-family: Verdana, Helv&eacute;tica, Arial, sans-serif; font-size: 11px; line-height: 15px; text-align: left;\">Si tu vocaci&oacute;n est&aacute; en el &aacute;rea de la salud, ven a vivir una experiencia diferente y entretenida en uno de los m&aacute;s modernos campus cl&iacute;nicos del pa&iacute;s.&nbsp;<\/span><\/p>\n","protected":false},"author":1,"featured_media":0,"template":"","locations":[4020],"events-tax":[4032],"class_list":["post-1478","event","type-event","status-publish","hentry","locations-santiago","events_tax-academico"],"yoast_head":"<!-- This site is optimized with the Yoast SEO plugin v26.9 - https:\/\/yoast.com\/product\/yoast-seo-wordpress\/ -->\n<title>Jornada Vocacional en Cl\u00ednica UDD - Enfermer\u00eda UDD<\/title>\n<meta name=\"robots\" content=\"index, follow, max-snippet:-1, max-image-preview:large, max-video-preview:-1\" \/>\n<link rel=\"canonical\" href=\"https:\/\/medicina.udd.cl\/enfermeria-santiago\/eventos\/jornada-vocacional-en-clinica-udd\/\" \/>\n<meta property=\"og:locale\" content=\"es_ES\" \/>\n<meta property=\"og:type\" content=\"article\" \/>\n<meta property=\"og:title\" content=\"Jornada Vocacional en Cl\u00ednica UDD - Enfermer\u00eda UDD\" \/>\n<meta property=\"og:description\" content=\"Cl\u00ednica UDD\" \/>\n<meta property=\"og:url\" content=\"https:\/\/medicina.udd.cl\/enfermeria-santiago\/eventos\/jornada-vocacional-en-clinica-udd\/\" \/>\n<meta property=\"og:site_name\" content=\"Enfermer\u00eda UDD\" \/>\n<script type=\"application\/ld+json\" class=\"yoast-schema-graph\">{\"@context\":\"https:\/\/schema.org\",\"@graph\":[{\"@type\":\"WebPage\",\"@id\":\"https:\/\/medicina.udd.cl\/enfermeria-santiago\/eventos\/jornada-vocacional-en-clinica-udd\/\",\"url\":\"https:\/\/medicina.udd.cl\/enfermeria-santiago\/eventos\/jornada-vocacional-en-clinica-udd\/\",\"name\":\"Jornada Vocacional en Cl\u00ednica UDD - Enfermer\u00eda UDD\",\"isPartOf\":{\"@id\":\"https:\/\/medicina.udd.cl\/enfermeria-santiago\/#website\"},\"datePublished\":\"2013-07-26T02:50:37+00:00\",\"breadcrumb\":{\"@id\":\"https:\/\/medicina.udd.cl\/enfermeria-santiago\/eventos\/jornada-vocacional-en-clinica-udd\/#breadcrumb\"},\"inLanguage\":\"es\",\"potentialAction\":[{\"@type\":\"ReadAction\",\"target\":[\"https:\/\/medicina.udd.cl\/enfermeria-santiago\/eventos\/jornada-vocacional-en-clinica-udd\/\"]}]},{\"@type\":\"BreadcrumbList\",\"@id\":\"https:\/\/medicina.udd.cl\/enfermeria-santiago\/eventos\/jornada-vocacional-en-clinica-udd\/#breadcrumb\",\"itemListElement\":[{\"@type\":\"ListItem\",\"position\":1,\"name\":\"Home\",\"item\":\"https:\/\/medicina.udd.cl\/enfermeria-santiago\/\"},{\"@type\":\"ListItem\",\"position\":2,\"name\":\"Eventos\",\"item\":\"https:\/\/medicina.udd.cl\/enfermeria-santiago\/eventos\/\"},{\"@type\":\"ListItem\",\"position\":3,\"name\":\"Jornada Vocacional en Cl\u00ednica UDD\"}]},{\"@type\":\"WebSite\",\"@id\":\"https:\/\/medicina.udd.cl\/enfermeria-santiago\/#website\",\"url\":\"https:\/\/medicina.udd.cl\/enfermeria-santiago\/\",\"name\":\"Enfermer\u00eda UDD\",\"description\":\"Facultad de Medicina Cl\u00ednica Alemana Universidad del Desarrollo\",\"inLanguage\":\"es\"}]}<\/script>\n<!-- \/ Yoast SEO plugin. -->","yoast_head_json":{"title":"Jornada Vocacional en Cl\u00ednica UDD - Enfermer\u00eda UDD","robots":{"index":"index","follow":"follow","max-snippet":"max-snippet:-1","max-image-preview":"max-image-preview:large","max-video-preview":"max-video-preview:-1"},"canonical":"https:\/\/medicina.udd.cl\/enfermeria-santiago\/eventos\/jornada-vocacional-en-clinica-udd\/","og_locale":"es_ES","og_type":"article","og_title":"Jornada Vocacional en Cl\u00ednica UDD - Enfermer\u00eda UDD","og_description":"Cl\u00ednica UDD","og_url":"https:\/\/medicina.udd.cl\/enfermeria-santiago\/eventos\/jornada-vocacional-en-clinica-udd\/","og_site_name":"Enfermer\u00eda UDD","schema":{"@context":"https:\/\/schema.org","@graph":[{"@type":"WebPage","@id":"https:\/\/medicina.udd.cl\/enfermeria-santiago\/eventos\/jornada-vocacional-en-clinica-udd\/","url":"https:\/\/medicina.udd.cl\/enfermeria-santiago\/eventos\/jornada-vocacional-en-clinica-udd\/","name":"Jornada Vocacional en Cl\u00ednica UDD - Enfermer\u00eda UDD","isPartOf":{"@id":"https:\/\/medicina.udd.cl\/enfermeria-santiago\/#website"},"datePublished":"2013-07-26T02:50:37+00:00","breadcrumb":{"@id":"https:\/\/medicina.udd.cl\/enfermeria-santiago\/eventos\/jornada-vocacional-en-clinica-udd\/#breadcrumb"},"inLanguage":"es","potentialAction":[{"@type":"ReadAction","target":["https:\/\/medicina.udd.cl\/enfermeria-santiago\/eventos\/jornada-vocacional-en-clinica-udd\/"]}]},{"@type":"BreadcrumbList","@id":"https:\/\/medicina.udd.cl\/enfermeria-santiago\/eventos\/jornada-vocacional-en-clinica-udd\/#breadcrumb","itemListElement":[{"@type":"ListItem","position":1,"name":"Home","item":"https:\/\/medicina.udd.cl\/enfermeria-santiago\/"},{"@type":"ListItem","position":2,"name":"Eventos","item":"https:\/\/medicina.udd.cl\/enfermeria-santiago\/eventos\/"},{"@type":"ListItem","position":3,"name":"Jornada Vocacional en Cl\u00ednica UDD"}]},{"@type":"WebSite","@id":"https:\/\/medicina.udd.cl\/enfermeria-santiago\/#website","url":"https:\/\/medicina.udd.cl\/enfermeria-santiago\/","name":"Enfermer\u00eda UDD","description":"Facultad de Medicina Cl\u00ednica Alemana Universidad del Desarrollo","inLanguage":"es"}]}},"dtstart":"2012-06-16T11:00:00-04:00","dtend":"2012-06-16T11:00:00-04:00","full_day":false,"attendance_mode":"","_links":{"self":[{"href":"https:\/\/medicina.udd.cl\/enfermeria-santiago\/wp-json\/wp\/v2\/events\/1478","targetHints":{"allow":["GET"]}}],"collection":[{"href":"https:\/\/medicina.udd.cl\/enfermeria-santiago\/wp-json\/wp\/v2\/events"}],"about":[{"href":"https:\/\/medicina.udd.cl\/enfermeria-santiago\/wp-json\/wp\/v2\/types\/event"}],"author":[{"embeddable":true,"href":"https:\/\/medicina.udd.cl\/enfermeria-santiago\/wp-json\/wp\/v2\/users\/1"}],"version-history":[{"count":0,"href":"https:\/\/medicina.udd.cl\/enfermeria-santiago\/wp-json\/wp\/v2\/events\/1478\/revisions"}],"wp:attachment":[{"href":"https:\/\/medicina.udd.cl\/enfermeria-santiago\/wp-json\/wp\/v2\/media?parent=1478"}],"wp:term":[{"taxonomy":"locations","embeddable":true,"href":"https:\/\/medicina.udd.cl\/enfermeria-santiago\/wp-json\/wp\/v2\/locations?post=1478"},{"taxonomy":"events_tax","embeddable":true,"href":"https:\/\/medicina.udd.cl\/enfermeria-santiago\/wp-json\/wp\/v2\/events-tax?post=1478"}],"curies":[{"name":"wp","href":"https:\/\/api.w.org\/{rel}","templated":true}]}}

Jornada Vocacional en Clínica UDD

<!-- This site is optimized with the Yoast SEO plugin v26.9 - https://yoast.com/product/yoast-seo-wordpress/ -->
<title>Jornada Vocacional en Clínica UDD - Enfermería UDD</title>
<meta name="robots" content="index, follow, max-snippet:-1, max-image-preview:large, max-video-preview:-1" />
<link rel="canonical" href="https://medicina.udd.cl/enfermeria-santiago/eventos/jornada-vocacional-en-clinica-udd/" />
<meta property="og:locale" content="es_ES" />
<meta property="og:type" content="article" />
<meta property="og:title" content="Jornada Vocacional en Clínica UDD - Enfermería UDD" />
<meta property="og:description" content="Clínica UDD" />
<meta property="og:url" content="https://medicina.udd.cl/enfermeria-santiago/eventos/jornada-vocacional-en-clinica-udd/" />
<meta property="og:site_name" content="Enfermería UDD" />
<script type="application/ld+json" class="yoast-schema-graph">{"@context":"https://schema.org","@graph":[{"@type":"WebPage","@id":"https://medicina.udd.cl/enfermeria-santiago/eventos/jornada-vocacional-en-clinica-udd/","url":"https://medicina.udd.cl/enfermeria-santiago/eventos/jornada-vocacional-en-clinica-udd/","name":"Jornada Vocacional en Clínica UDD - Enfermería UDD","isPartOf":{"@id":"https://medicina.udd.cl/enfermeria-santiago/#website"},"datePublished":"2013-07-26T02:50:37+00:00","breadcrumb":{"@id":"https://medicina.udd.cl/enfermeria-santiago/eventos/jornada-vocacional-en-clinica-udd/#breadcrumb"},"inLanguage":"es","potentialAction":[{"@type":"ReadAction","target":["https://medicina.udd.cl/enfermeria-santiago/eventos/jornada-vocacional-en-clinica-udd/"]}]},{"@type":"BreadcrumbList","@id":"https://medicina.udd.cl/enfermeria-santiago/eventos/jornada-vocacional-en-clinica-udd/#breadcrumb","itemListElement":[{"@type":"ListItem","position":1,"name":"Home","item":"https://medicina.udd.cl/enfermeria-santiago/"},{"@type":"ListItem","position":2,"name":"Eventos","item":"https://medicina.udd.cl/enfermeria-santiago/eventos/"},{"@type":"ListItem","position":3,"name":"Jornada Vocacional en Clínica UDD"}]},{"@type":"WebSite","@id":"https://medicina.udd.cl/enfermeria-santiago/#website","url":"https://medicina.udd.cl/enfermeria-santiago/","name":"Enfermería UDD","description":"Facultad de Medicina Clínica Alemana Universidad del Desarrollo","inLanguage":"es"}]}</script>
<!-- / Yoast SEO plugin. -->

Jornada Vocacional en Clínica UDD - Enfermería UDD

Clínica UDD

Enfermería UDD

Facultad de Medicina Clínica Alemana Universidad del Desarrollo
