{"id":2013,"date":"2013-11-14T10:05:31","date_gmt":"2013-11-14T13:05:31","guid":{"rendered":"http:\/\/medicina.udd.cl\/enfermeria-santiago\/?post_type=event&#038;p=2013"},"modified":"2022-07-07T18:30:38","modified_gmt":"2022-07-07T22:30:38","slug":"lanzamiento-buscando-sentido","status":"publish","type":"event","link":"https:\/\/medicina.udd.cl\/enfermeria-santiago\/eventos\/lanzamiento-buscando-sentido\/","title":{"rendered":"Lanzamiento Buscando Sentido"},"content":{"rendered":"<p>El Centro de Humanidades de la Facultad de Medicina CAS-UDD y ArtCCo UDD te invitan a la jornada final del proyecto Buscando Sentido.<\/p>\n<p>Ser\u00e1 un encuentro art\u00edstico y de reflexi\u00f3n donde participar\u00e1 el soci\u00f3logo docente Eduardo Valenzuela, el director de ArtCCo Arturo Ducl\u00f3s, la compa\u00f1\u00eda de teatro espont\u00e1neo \u00abEl Rumor\u00bb y el equipo realizador del proyecto.<\/p>\n<p>Durante la jornada se dar\u00e1 a conocer la obra de arte colaborativo que muestra qu\u00e9 llevar\u00edan nuestros alumnos en sus mochilas a un viaje sin retorno.<\/p>\n","protected":false},"author":40,"featured_media":2014,"template":"","locations":[4020],"events-tax":[],"class_list":["post-2013","event","type-event","status-publish","has-post-thumbnail","hentry","locations-santiago"],"yoast_head":"<!-- This site is optimized with the Yoast SEO plugin v26.9 - https:\/\/yoast.com\/product\/yoast-seo-wordpress\/ -->\n<title>Lanzamiento Buscando Sentido - Enfermer\u00eda UDD<\/title>\n<meta name=\"robots\" content=\"index, follow, max-snippet:-1, max-image-preview:large, max-video-preview:-1\" \/>\n<link rel=\"canonical\" href=\"https:\/\/medicina.udd.cl\/enfermeria-santiago\/eventos\/lanzamiento-buscando-sentido\/\" \/>\n<meta property=\"og:locale\" content=\"es_ES\" \/>\n<meta property=\"og:type\" content=\"article\" \/>\n<meta property=\"og:title\" content=\"Lanzamiento Buscando Sentido - Enfermer\u00eda UDD\" \/>\n<meta property=\"og:description\" content=\"El Centro de Humanidades de la Facultad de Medicina CAS-UDD y ArtCCo UDD te invitan a la jornada final del proyecto Buscando Sentido. Ser\u00e1 un encuentro art\u00edstico y de reflexi\u00f3n donde participar\u00e1 el soci\u00f3logo docente Eduardo Valenzuela, el director de ArtCCo Arturo Ducl\u00f3s, la compa\u00f1\u00eda de teatro espont\u00e1neo \u00abEl Rumor\u00bb y el equipo realizador del [&hellip;]\" \/>\n<meta property=\"og:url\" content=\"https:\/\/medicina.udd.cl\/enfermeria-santiago\/eventos\/lanzamiento-buscando-sentido\/\" \/>\n<meta property=\"og:site_name\" content=\"Enfermer\u00eda UDD\" \/>\n<meta property=\"article:modified_time\" content=\"2022-07-07T22:30:38+00:00\" \/>\n<meta property=\"og:image\" content=\"https:\/\/medicina.udd.cl\/enfermeria-santiago\/files\/2013\/11\/Logo-Buscando-Sentido.jpg\" \/>\n\t<meta property=\"og:image:width\" content=\"960\" \/>\n\t<meta property=\"og:image:height\" content=\"960\" \/>\n\t<meta property=\"og:image:type\" content=\"image\/jpeg\" \/>\n<script type=\"application\/ld+json\" class=\"yoast-schema-graph\">{\"@context\":\"https:\/\/schema.org\",\"@graph\":[{\"@type\":\"WebPage\",\"@id\":\"https:\/\/medicina.udd.cl\/enfermeria-santiago\/eventos\/lanzamiento-buscando-sentido\/\",\"url\":\"https:\/\/medicina.udd.cl\/enfermeria-santiago\/eventos\/lanzamiento-buscando-sentido\/\",\"name\":\"Lanzamiento Buscando Sentido - Enfermer\u00eda UDD\",\"isPartOf\":{\"@id\":\"https:\/\/medicina.udd.cl\/enfermeria-santiago\/#website\"},\"primaryImageOfPage\":{\"@id\":\"https:\/\/medicina.udd.cl\/enfermeria-santiago\/eventos\/lanzamiento-buscando-sentido\/#primaryimage\"},\"image\":{\"@id\":\"https:\/\/medicina.udd.cl\/enfermeria-santiago\/eventos\/lanzamiento-buscando-sentido\/#primaryimage\"},\"thumbnailUrl\":\"https:\/\/medicina.udd.cl\/enfermeria-santiago\/files\/2013\/11\/Logo-Buscando-Sentido.jpg\",\"datePublished\":\"2013-11-14T13:05:31+00:00\",\"dateModified\":\"2022-07-07T22:30:38+00:00\",\"breadcrumb\":{\"@id\":\"https:\/\/medicina.udd.cl\/enfermeria-santiago\/eventos\/lanzamiento-buscando-sentido\/#breadcrumb\"},\"inLanguage\":\"es\",\"potentialAction\":[{\"@type\":\"ReadAction\",\"target\":[\"https:\/\/medicina.udd.cl\/enfermeria-santiago\/eventos\/lanzamiento-buscando-sentido\/\"]}]},{\"@type\":\"ImageObject\",\"inLanguage\":\"es\",\"@id\":\"https:\/\/medicina.udd.cl\/enfermeria-santiago\/eventos\/lanzamiento-buscando-sentido\/#primaryimage\",\"url\":\"https:\/\/medicina.udd.cl\/enfermeria-santiago\/files\/2013\/11\/Logo-Buscando-Sentido.jpg\",\"contentUrl\":\"https:\/\/medicina.udd.cl\/enfermeria-santiago\/files\/2013\/11\/Logo-Buscando-Sentido.jpg\",\"width\":960,\"height\":960},{\"@type\":\"BreadcrumbList\",\"@id\":\"https:\/\/medicina.udd.cl\/enfermeria-santiago\/eventos\/lanzamiento-buscando-sentido\/#breadcrumb\",\"itemListElement\":[{\"@type\":\"ListItem\",\"position\":1,\"name\":\"Home\",\"item\":\"https:\/\/medicina.udd.cl\/enfermeria-santiago\/\"},{\"@type\":\"ListItem\",\"position\":2,\"name\":\"Eventos\",\"item\":\"https:\/\/medicina.udd.cl\/enfermeria-santiago\/eventos\/\"},{\"@type\":\"ListItem\",\"position\":3,\"name\":\"Lanzamiento Buscando Sentido\"}]},{\"@type\":\"WebSite\",\"@id\":\"https:\/\/medicina.udd.cl\/enfermeria-santiago\/#website\",\"url\":\"https:\/\/medicina.udd.cl\/enfermeria-santiago\/\",\"name\":\"Enfermer\u00eda UDD\",\"description\":\"Facultad de Medicina Cl\u00ednica Alemana Universidad del Desarrollo\",\"inLanguage\":\"es\"}]}<\/script>\n<!-- \/ Yoast SEO plugin. -->","yoast_head_json":{"title":"Lanzamiento Buscando Sentido - Enfermer\u00eda UDD","robots":{"index":"index","follow":"follow","max-snippet":"max-snippet:-1","max-image-preview":"max-image-preview:large","max-video-preview":"max-video-preview:-1"},"canonical":"https:\/\/medicina.udd.cl\/enfermeria-santiago\/eventos\/lanzamiento-buscando-sentido\/","og_locale":"es_ES","og_type":"article","og_title":"Lanzamiento Buscando Sentido - Enfermer\u00eda UDD","og_description":"El Centro de Humanidades de la Facultad de Medicina CAS-UDD y ArtCCo UDD te invitan a la jornada final del proyecto Buscando Sentido. Ser\u00e1 un encuentro art\u00edstico y de reflexi\u00f3n donde participar\u00e1 el soci\u00f3logo docente Eduardo Valenzuela, el director de ArtCCo Arturo Ducl\u00f3s, la compa\u00f1\u00eda de teatro espont\u00e1neo \u00abEl Rumor\u00bb y el equipo realizador del [&hellip;]","og_url":"https:\/\/medicina.udd.cl\/enfermeria-santiago\/eventos\/lanzamiento-buscando-sentido\/","og_site_name":"Enfermer\u00eda UDD","article_modified_time":"2022-07-07T22:30:38+00:00","og_image":[{"width":960,"height":960,"url":"https:\/\/medicina.udd.cl\/enfermeria-santiago\/files\/2013\/11\/Logo-Buscando-Sentido.jpg","type":"image\/jpeg"}],"schema":{"@context":"https:\/\/schema.org","@graph":[{"@type":"WebPage","@id":"https:\/\/medicina.udd.cl\/enfermeria-santiago\/eventos\/lanzamiento-buscando-sentido\/","url":"https:\/\/medicina.udd.cl\/enfermeria-santiago\/eventos\/lanzamiento-buscando-sentido\/","name":"Lanzamiento Buscando Sentido - Enfermer\u00eda UDD","isPartOf":{"@id":"https:\/\/medicina.udd.cl\/enfermeria-santiago\/#website"},"primaryImageOfPage":{"@id":"https:\/\/medicina.udd.cl\/enfermeria-santiago\/eventos\/lanzamiento-buscando-sentido\/#primaryimage"},"image":{"@id":"https:\/\/medicina.udd.cl\/enfermeria-santiago\/eventos\/lanzamiento-buscando-sentido\/#primaryimage"},"thumbnailUrl":"https:\/\/medicina.udd.cl\/enfermeria-santiago\/files\/2013\/11\/Logo-Buscando-Sentido.jpg","datePublished":"2013-11-14T13:05:31+00:00","dateModified":"2022-07-07T22:30:38+00:00","breadcrumb":{"@id":"https:\/\/medicina.udd.cl\/enfermeria-santiago\/eventos\/lanzamiento-buscando-sentido\/#breadcrumb"},"inLanguage":"es","potentialAction":[{"@type":"ReadAction","target":["https:\/\/medicina.udd.cl\/enfermeria-santiago\/eventos\/lanzamiento-buscando-sentido\/"]}]},{"@type":"ImageObject","inLanguage":"es","@id":"https:\/\/medicina.udd.cl\/enfermeria-santiago\/eventos\/lanzamiento-buscando-sentido\/#primaryimage","url":"https:\/\/medicina.udd.cl\/enfermeria-santiago\/files\/2013\/11\/Logo-Buscando-Sentido.jpg","contentUrl":"https:\/\/medicina.udd.cl\/enfermeria-santiago\/files\/2013\/11\/Logo-Buscando-Sentido.jpg","width":960,"height":960},{"@type":"BreadcrumbList","@id":"https:\/\/medicina.udd.cl\/enfermeria-santiago\/eventos\/lanzamiento-buscando-sentido\/#breadcrumb","itemListElement":[{"@type":"ListItem","position":1,"name":"Home","item":"https:\/\/medicina.udd.cl\/enfermeria-santiago\/"},{"@type":"ListItem","position":2,"name":"Eventos","item":"https:\/\/medicina.udd.cl\/enfermeria-santiago\/eventos\/"},{"@type":"ListItem","position":3,"name":"Lanzamiento Buscando Sentido"}]},{"@type":"WebSite","@id":"https:\/\/medicina.udd.cl\/enfermeria-santiago\/#website","url":"https:\/\/medicina.udd.cl\/enfermeria-santiago\/","name":"Enfermer\u00eda UDD","description":"Facultad de Medicina Cl\u00ednica Alemana Universidad del Desarrollo","inLanguage":"es"}]}},"dtstart":"2013-11-19T08:30:00-03:00","dtend":false,"full_day":false,"attendance_mode":"","_links":{"self":[{"href":"https:\/\/medicina.udd.cl\/enfermeria-santiago\/wp-json\/wp\/v2\/events\/2013","targetHints":{"allow":["GET"]}}],"collection":[{"href":"https:\/\/medicina.udd.cl\/enfermeria-santiago\/wp-json\/wp\/v2\/events"}],"about":[{"href":"https:\/\/medicina.udd.cl\/enfermeria-santiago\/wp-json\/wp\/v2\/types\/event"}],"author":[{"embeddable":true,"href":"https:\/\/medicina.udd.cl\/enfermeria-santiago\/wp-json\/wp\/v2\/users\/40"}],"version-history":[{"count":1,"href":"https:\/\/medicina.udd.cl\/enfermeria-santiago\/wp-json\/wp\/v2\/events\/2013\/revisions"}],"predecessor-version":[{"id":7742,"href":"https:\/\/medicina.udd.cl\/enfermeria-santiago\/wp-json\/wp\/v2\/events\/2013\/revisions\/7742"}],"wp:featuredmedia":[{"embeddable":true,"href":"https:\/\/medicina.udd.cl\/enfermeria-santiago\/wp-json\/wp\/v2\/media\/2014"}],"wp:attachment":[{"href":"https:\/\/medicina.udd.cl\/enfermeria-santiago\/wp-json\/wp\/v2\/media?parent=2013"}],"wp:term":[{"taxonomy":"locations","embeddable":true,"href":"https:\/\/medicina.udd.cl\/enfermeria-santiago\/wp-json\/wp\/v2\/locations?post=2013"},{"taxonomy":"events_tax","embeddable":true,"href":"https:\/\/medicina.udd.cl\/enfermeria-santiago\/wp-json\/wp\/v2\/events-tax?post=2013"}],"curies":[{"name":"wp","href":"https:\/\/api.w.org\/{rel}","templated":true}]}}

<p>El Centro de Humanidades de la Facultad de Medicina CAS-UDD y ArtCCo UDD te invitan a la jornada final del proyecto Buscando Sentido.</p>
<p>Será un encuentro artístico y de reflexión donde participará el sociólogo docente Eduardo Valenzuela, el director de ArtCCo Arturo Duclós, la compañía de teatro espontáneo «El Rumor» y el equipo realizador del proyecto.</p>
<p>Durante la jornada se dará a conocer la obra de arte colaborativo que muestra qué llevarían nuestros alumnos en sus mochilas a un viaje sin retorno.</p>

<!-- This site is optimized with the Yoast SEO plugin v26.9 - https://yoast.com/product/yoast-seo-wordpress/ -->
<title>Lanzamiento Buscando Sentido - Enfermería UDD</title>
<meta name="robots" content="index, follow, max-snippet:-1, max-image-preview:large, max-video-preview:-1" />
<link rel="canonical" href="https://medicina.udd.cl/enfermeria-santiago/eventos/lanzamiento-buscando-sentido/" />
<meta property="og:locale" content="es_ES" />
<meta property="og:type" content="article" />
<meta property="og:title" content="Lanzamiento Buscando Sentido - Enfermería UDD" />
<meta property="og:description" content="El Centro de Humanidades de la Facultad de Medicina CAS-UDD y ArtCCo UDD te invitan a la jornada final del proyecto Buscando Sentido. Será un encuentro artístico y de reflexión donde participará el sociólogo docente Eduardo Valenzuela, el director de ArtCCo Arturo Duclós, la compañía de teatro espontáneo «El Rumor» y el equipo realizador del [&hellip;]" />
<meta property="og:url" content="https://medicina.udd.cl/enfermeria-santiago/eventos/lanzamiento-buscando-sentido/" />
<meta property="og:site_name" content="Enfermería UDD" />
<meta property="article:modified_time" content="2022-07-07T22:30:38+00:00" />
<meta property="og:image" content="https://medicina.udd.cl/enfermeria-santiago/files/2013/11/Logo-Buscando-Sentido.jpg" />
	<meta property="og:image:width" content="960" />
	<meta property="og:image:height" content="960" />
	<meta property="og:image:type" content="image/jpeg" />
<script type="application/ld+json" class="yoast-schema-graph">{"@context":"https://schema.org","@graph":[{"@type":"WebPage","@id":"https://medicina.udd.cl/enfermeria-santiago/eventos/lanzamiento-buscando-sentido/","url":"https://medicina.udd.cl/enfermeria-santiago/eventos/lanzamiento-buscando-sentido/","name":"Lanzamiento Buscando Sentido - Enfermería UDD","isPartOf":{"@id":"https://medicina.udd.cl/enfermeria-santiago/#website"},"primaryImageOfPage":{"@id":"https://medicina.udd.cl/enfermeria-santiago/eventos/lanzamiento-buscando-sentido/#primaryimage"},"image":{"@id":"https://medicina.udd.cl/enfermeria-santiago/eventos/lanzamiento-buscando-sentido/#primaryimage"},"thumbnailUrl":"https://medicina.udd.cl/enfermeria-santiago/files/2013/11/Logo-Buscando-Sentido.jpg","datePublished":"2013-11-14T13:05:31+00:00","dateModified":"2022-07-07T22:30:38+00:00","breadcrumb":{"@id":"https://medicina.udd.cl/enfermeria-santiago/eventos/lanzamiento-buscando-sentido/#breadcrumb"},"inLanguage":"es","potentialAction":[{"@type":"ReadAction","target":["https://medicina.udd.cl/enfermeria-santiago/eventos/lanzamiento-buscando-sentido/"]}]},{"@type":"ImageObject","inLanguage":"es","@id":"https://medicina.udd.cl/enfermeria-santiago/eventos/lanzamiento-buscando-sentido/#primaryimage","url":"https://medicina.udd.cl/enfermeria-santiago/files/2013/11/Logo-Buscando-Sentido.jpg","contentUrl":"https://medicina.udd.cl/enfermeria-santiago/files/2013/11/Logo-Buscando-Sentido.jpg","width":960,"height":960},{"@type":"BreadcrumbList","@id":"https://medicina.udd.cl/enfermeria-santiago/eventos/lanzamiento-buscando-sentido/#breadcrumb","itemListElement":[{"@type":"ListItem","position":1,"name":"Home","item":"https://medicina.udd.cl/enfermeria-santiago/"},{"@type":"ListItem","position":2,"name":"Eventos","item":"https://medicina.udd.cl/enfermeria-santiago/eventos/"},{"@type":"ListItem","position":3,"name":"Lanzamiento Buscando Sentido"}]},{"@type":"WebSite","@id":"https://medicina.udd.cl/enfermeria-santiago/#website","url":"https://medicina.udd.cl/enfermeria-santiago/","name":"Enfermería UDD","description":"Facultad de Medicina Clínica Alemana Universidad del Desarrollo","inLanguage":"es"}]}</script>
<!-- / Yoast SEO plugin. -->

Lanzamiento Buscando Sentido - Enfermería UDD

El Centro de Humanidades de la Facultad de Medicina CAS-UDD y ArtCCo UDD te invitan a la jornada final del proyecto Buscando Sentido. Será un encuentro artístico y de reflexión donde participará el sociólogo docente Eduardo Valenzuela, el director de ArtCCo Arturo Duclós, la compañía de teatro espontáneo «El Rumor» y el equipo realizador del [&hellip;]

Enfermería UDD

Facultad de Medicina Clínica Alemana Universidad del Desarrollo
