{"id":2129,"date":"2014-02-19T09:14:38","date_gmt":"2014-02-19T12:14:38","guid":{"rendered":"http:\/\/medicina.udd.cl\/enfermeria-santiago\/?post_type=event&#038;p=2129"},"modified":"2022-07-07T18:30:38","modified_gmt":"2022-07-07T22:30:38","slug":"feria-cientifica-ciencia-tecnologia-e-innovacion-2014-2","status":"publish","type":"event","link":"https:\/\/medicina.udd.cl\/enfermeria-santiago\/eventos\/feria-cientifica-ciencia-tecnologia-e-innovacion-2014-2\/","title":{"rendered":"Feria Cient\u00edfica: Ciencia, Tecnolog\u00eda e Innovaci\u00f3n 2014"},"content":{"rendered":"<p>Organizada por la Academia Cient\u00edfica de los Estudiantes de Medicina (ACEM CAS \u2013 UDD) y patrocinada por el Vicedecanato de Investigaci\u00f3n, la Oficina de Investigaci\u00f3n y el PMI.<\/p>\n","protected":false},"author":40,"featured_media":0,"template":"","locations":[],"events-tax":[],"class_list":["post-2129","event","type-event","status-publish","hentry"],"yoast_head":"<!-- This site is optimized with the Yoast SEO plugin v26.9 - https:\/\/yoast.com\/product\/yoast-seo-wordpress\/ -->\n<title>Feria Cient\u00edfica: Ciencia, Tecnolog\u00eda e Innovaci\u00f3n 2014 - Enfermer\u00eda UDD<\/title>\n<meta name=\"robots\" content=\"index, follow, max-snippet:-1, max-image-preview:large, max-video-preview:-1\" \/>\n<link rel=\"canonical\" href=\"https:\/\/medicina.udd.cl\/enfermeria-santiago\/eventos\/feria-cientifica-ciencia-tecnologia-e-innovacion-2014-2\/\" \/>\n<meta property=\"og:locale\" content=\"es_ES\" \/>\n<meta property=\"og:type\" content=\"article\" \/>\n<meta property=\"og:title\" content=\"Feria Cient\u00edfica: Ciencia, Tecnolog\u00eda e Innovaci\u00f3n 2014 - Enfermer\u00eda UDD\" \/>\n<meta property=\"og:description\" content=\"Organizada por la Academia Cient\u00edfica de los Estudiantes de Medicina (ACEM CAS \u2013 UDD) y patrocinada por el Vicedecanato de Investigaci\u00f3n, la Oficina de Investigaci\u00f3n y el PMI.\" \/>\n<meta property=\"og:url\" content=\"https:\/\/medicina.udd.cl\/enfermeria-santiago\/eventos\/feria-cientifica-ciencia-tecnologia-e-innovacion-2014-2\/\" \/>\n<meta property=\"og:site_name\" content=\"Enfermer\u00eda UDD\" \/>\n<meta property=\"article:modified_time\" content=\"2022-07-07T22:30:38+00:00\" \/>\n<script type=\"application\/ld+json\" class=\"yoast-schema-graph\">{\"@context\":\"https:\/\/schema.org\",\"@graph\":[{\"@type\":\"WebPage\",\"@id\":\"https:\/\/medicina.udd.cl\/enfermeria-santiago\/eventos\/feria-cientifica-ciencia-tecnologia-e-innovacion-2014-2\/\",\"url\":\"https:\/\/medicina.udd.cl\/enfermeria-santiago\/eventos\/feria-cientifica-ciencia-tecnologia-e-innovacion-2014-2\/\",\"name\":\"Feria Cient\u00edfica: Ciencia, Tecnolog\u00eda e Innovaci\u00f3n 2014 - Enfermer\u00eda UDD\",\"isPartOf\":{\"@id\":\"https:\/\/medicina.udd.cl\/enfermeria-santiago\/#website\"},\"datePublished\":\"2014-02-19T12:14:38+00:00\",\"dateModified\":\"2022-07-07T22:30:38+00:00\",\"breadcrumb\":{\"@id\":\"https:\/\/medicina.udd.cl\/enfermeria-santiago\/eventos\/feria-cientifica-ciencia-tecnologia-e-innovacion-2014-2\/#breadcrumb\"},\"inLanguage\":\"es\",\"potentialAction\":[{\"@type\":\"ReadAction\",\"target\":[\"https:\/\/medicina.udd.cl\/enfermeria-santiago\/eventos\/feria-cientifica-ciencia-tecnologia-e-innovacion-2014-2\/\"]}]},{\"@type\":\"BreadcrumbList\",\"@id\":\"https:\/\/medicina.udd.cl\/enfermeria-santiago\/eventos\/feria-cientifica-ciencia-tecnologia-e-innovacion-2014-2\/#breadcrumb\",\"itemListElement\":[{\"@type\":\"ListItem\",\"position\":1,\"name\":\"Home\",\"item\":\"https:\/\/medicina.udd.cl\/enfermeria-santiago\/\"},{\"@type\":\"ListItem\",\"position\":2,\"name\":\"Eventos\",\"item\":\"https:\/\/medicina.udd.cl\/enfermeria-santiago\/eventos\/\"},{\"@type\":\"ListItem\",\"position\":3,\"name\":\"Feria Cient\u00edfica: Ciencia, Tecnolog\u00eda e Innovaci\u00f3n 2014\"}]},{\"@type\":\"WebSite\",\"@id\":\"https:\/\/medicina.udd.cl\/enfermeria-santiago\/#website\",\"url\":\"https:\/\/medicina.udd.cl\/enfermeria-santiago\/\",\"name\":\"Enfermer\u00eda UDD\",\"description\":\"Facultad de Medicina Cl\u00ednica Alemana Universidad del Desarrollo\",\"inLanguage\":\"es\"}]}<\/script>\n<!-- \/ Yoast SEO plugin. -->","yoast_head_json":{"title":"Feria Cient\u00edfica: Ciencia, Tecnolog\u00eda e Innovaci\u00f3n 2014 - Enfermer\u00eda UDD","robots":{"index":"index","follow":"follow","max-snippet":"max-snippet:-1","max-image-preview":"max-image-preview:large","max-video-preview":"max-video-preview:-1"},"canonical":"https:\/\/medicina.udd.cl\/enfermeria-santiago\/eventos\/feria-cientifica-ciencia-tecnologia-e-innovacion-2014-2\/","og_locale":"es_ES","og_type":"article","og_title":"Feria Cient\u00edfica: Ciencia, Tecnolog\u00eda e Innovaci\u00f3n 2014 - Enfermer\u00eda UDD","og_description":"Organizada por la Academia Cient\u00edfica de los Estudiantes de Medicina (ACEM CAS \u2013 UDD) y patrocinada por el Vicedecanato de Investigaci\u00f3n, la Oficina de Investigaci\u00f3n y el PMI.","og_url":"https:\/\/medicina.udd.cl\/enfermeria-santiago\/eventos\/feria-cientifica-ciencia-tecnologia-e-innovacion-2014-2\/","og_site_name":"Enfermer\u00eda UDD","article_modified_time":"2022-07-07T22:30:38+00:00","schema":{"@context":"https:\/\/schema.org","@graph":[{"@type":"WebPage","@id":"https:\/\/medicina.udd.cl\/enfermeria-santiago\/eventos\/feria-cientifica-ciencia-tecnologia-e-innovacion-2014-2\/","url":"https:\/\/medicina.udd.cl\/enfermeria-santiago\/eventos\/feria-cientifica-ciencia-tecnologia-e-innovacion-2014-2\/","name":"Feria Cient\u00edfica: Ciencia, Tecnolog\u00eda e Innovaci\u00f3n 2014 - Enfermer\u00eda UDD","isPartOf":{"@id":"https:\/\/medicina.udd.cl\/enfermeria-santiago\/#website"},"datePublished":"2014-02-19T12:14:38+00:00","dateModified":"2022-07-07T22:30:38+00:00","breadcrumb":{"@id":"https:\/\/medicina.udd.cl\/enfermeria-santiago\/eventos\/feria-cientifica-ciencia-tecnologia-e-innovacion-2014-2\/#breadcrumb"},"inLanguage":"es","potentialAction":[{"@type":"ReadAction","target":["https:\/\/medicina.udd.cl\/enfermeria-santiago\/eventos\/feria-cientifica-ciencia-tecnologia-e-innovacion-2014-2\/"]}]},{"@type":"BreadcrumbList","@id":"https:\/\/medicina.udd.cl\/enfermeria-santiago\/eventos\/feria-cientifica-ciencia-tecnologia-e-innovacion-2014-2\/#breadcrumb","itemListElement":[{"@type":"ListItem","position":1,"name":"Home","item":"https:\/\/medicina.udd.cl\/enfermeria-santiago\/"},{"@type":"ListItem","position":2,"name":"Eventos","item":"https:\/\/medicina.udd.cl\/enfermeria-santiago\/eventos\/"},{"@type":"ListItem","position":3,"name":"Feria Cient\u00edfica: Ciencia, Tecnolog\u00eda e Innovaci\u00f3n 2014"}]},{"@type":"WebSite","@id":"https:\/\/medicina.udd.cl\/enfermeria-santiago\/#website","url":"https:\/\/medicina.udd.cl\/enfermeria-santiago\/","name":"Enfermer\u00eda UDD","description":"Facultad de Medicina Cl\u00ednica Alemana Universidad del Desarrollo","inLanguage":"es"}]}},"dtstart":"2014-03-27T12:00:00-03:00","dtend":false,"full_day":false,"attendance_mode":"","_links":{"self":[{"href":"https:\/\/medicina.udd.cl\/enfermeria-santiago\/wp-json\/wp\/v2\/events\/2129","targetHints":{"allow":["GET"]}}],"collection":[{"href":"https:\/\/medicina.udd.cl\/enfermeria-santiago\/wp-json\/wp\/v2\/events"}],"about":[{"href":"https:\/\/medicina.udd.cl\/enfermeria-santiago\/wp-json\/wp\/v2\/types\/event"}],"author":[{"embeddable":true,"href":"https:\/\/medicina.udd.cl\/enfermeria-santiago\/wp-json\/wp\/v2\/users\/40"}],"version-history":[{"count":1,"href":"https:\/\/medicina.udd.cl\/enfermeria-santiago\/wp-json\/wp\/v2\/events\/2129\/revisions"}],"predecessor-version":[{"id":7738,"href":"https:\/\/medicina.udd.cl\/enfermeria-santiago\/wp-json\/wp\/v2\/events\/2129\/revisions\/7738"}],"wp:attachment":[{"href":"https:\/\/medicina.udd.cl\/enfermeria-santiago\/wp-json\/wp\/v2\/media?parent=2129"}],"wp:term":[{"taxonomy":"locations","embeddable":true,"href":"https:\/\/medicina.udd.cl\/enfermeria-santiago\/wp-json\/wp\/v2\/locations?post=2129"},{"taxonomy":"events_tax","embeddable":true,"href":"https:\/\/medicina.udd.cl\/enfermeria-santiago\/wp-json\/wp\/v2\/events-tax?post=2129"}],"curies":[{"name":"wp","href":"https:\/\/api.w.org\/{rel}","templated":true}]}}

Feria Científica: Ciencia, Tecnología e Innovación 2014

<p>Organizada por la Academia Científica de los Estudiantes de Medicina (ACEM CAS – UDD) y patrocinada por el Vicedecanato de Investigación, la Oficina de Investigación y el PMI.</p>

<!-- This site is optimized with the Yoast SEO plugin v26.9 - https://yoast.com/product/yoast-seo-wordpress/ -->
<title>Feria Científica: Ciencia, Tecnología e Innovación 2014 - Enfermería UDD</title>
<meta name="robots" content="index, follow, max-snippet:-1, max-image-preview:large, max-video-preview:-1" />
<link rel="canonical" href="https://medicina.udd.cl/enfermeria-santiago/eventos/feria-cientifica-ciencia-tecnologia-e-innovacion-2014-2/" />
<meta property="og:locale" content="es_ES" />
<meta property="og:type" content="article" />
<meta property="og:title" content="Feria Científica: Ciencia, Tecnología e Innovación 2014 - Enfermería UDD" />
<meta property="og:description" content="Organizada por la Academia Científica de los Estudiantes de Medicina (ACEM CAS – UDD) y patrocinada por el Vicedecanato de Investigación, la Oficina de Investigación y el PMI." />
<meta property="og:url" content="https://medicina.udd.cl/enfermeria-santiago/eventos/feria-cientifica-ciencia-tecnologia-e-innovacion-2014-2/" />
<meta property="og:site_name" content="Enfermería UDD" />
<meta property="article:modified_time" content="2022-07-07T22:30:38+00:00" />
<script type="application/ld+json" class="yoast-schema-graph">{"@context":"https://schema.org","@graph":[{"@type":"WebPage","@id":"https://medicina.udd.cl/enfermeria-santiago/eventos/feria-cientifica-ciencia-tecnologia-e-innovacion-2014-2/","url":"https://medicina.udd.cl/enfermeria-santiago/eventos/feria-cientifica-ciencia-tecnologia-e-innovacion-2014-2/","name":"Feria Científica: Ciencia, Tecnología e Innovación 2014 - Enfermería UDD","isPartOf":{"@id":"https://medicina.udd.cl/enfermeria-santiago/#website"},"datePublished":"2014-02-19T12:14:38+00:00","dateModified":"2022-07-07T22:30:38+00:00","breadcrumb":{"@id":"https://medicina.udd.cl/enfermeria-santiago/eventos/feria-cientifica-ciencia-tecnologia-e-innovacion-2014-2/#breadcrumb"},"inLanguage":"es","potentialAction":[{"@type":"ReadAction","target":["https://medicina.udd.cl/enfermeria-santiago/eventos/feria-cientifica-ciencia-tecnologia-e-innovacion-2014-2/"]}]},{"@type":"BreadcrumbList","@id":"https://medicina.udd.cl/enfermeria-santiago/eventos/feria-cientifica-ciencia-tecnologia-e-innovacion-2014-2/#breadcrumb","itemListElement":[{"@type":"ListItem","position":1,"name":"Home","item":"https://medicina.udd.cl/enfermeria-santiago/"},{"@type":"ListItem","position":2,"name":"Eventos","item":"https://medicina.udd.cl/enfermeria-santiago/eventos/"},{"@type":"ListItem","position":3,"name":"Feria Científica: Ciencia, Tecnología e Innovación 2014"}]},{"@type":"WebSite","@id":"https://medicina.udd.cl/enfermeria-santiago/#website","url":"https://medicina.udd.cl/enfermeria-santiago/","name":"Enfermería UDD","description":"Facultad de Medicina Clínica Alemana Universidad del Desarrollo","inLanguage":"es"}]}</script>
<!-- / Yoast SEO plugin. -->

Feria Científica: Ciencia, Tecnología e Innovación 2014 - Enfermería UDD

Organizada por la Academia Científica de los Estudiantes de Medicina (ACEM CAS – UDD) y patrocinada por el Vicedecanato de Investigación, la Oficina de Investigación y el PMI.

Enfermería UDD

Facultad de Medicina Clínica Alemana Universidad del Desarrollo
