{"id":2564,"date":"2014-11-06T16:11:16","date_gmt":"2014-11-06T19:11:16","guid":{"rendered":"http:\/\/medicina.udd.cl\/enfermeria-santiago\/?post_type=event&#038;p=2564"},"modified":"2014-11-06T16:11:16","modified_gmt":"2014-11-06T19:11:16","slug":"cierre-de-ano-academico","status":"publish","type":"event","link":"https:\/\/medicina.udd.cl\/enfermeria-santiago\/eventos\/cierre-de-ano-academico\/","title":{"rendered":"Cierre de A\u00f1o Acad\u00e9mico"},"content":{"rendered":"","protected":false},"author":40,"featured_media":0,"template":"","locations":[4020],"events-tax":[4032],"class_list":["post-2564","event","type-event","status-publish","hentry","locations-santiago","events_tax-academico"],"yoast_head":"<!-- This site is optimized with the Yoast SEO plugin v26.9 - https:\/\/yoast.com\/product\/yoast-seo-wordpress\/ -->\n<title>Cierre de A\u00f1o Acad\u00e9mico - Enfermer\u00eda UDD<\/title>\n<meta name=\"robots\" content=\"index, follow, max-snippet:-1, max-image-preview:large, max-video-preview:-1\" \/>\n<link rel=\"canonical\" href=\"https:\/\/medicina.udd.cl\/enfermeria-santiago\/eventos\/cierre-de-ano-academico\/\" \/>\n<meta property=\"og:locale\" content=\"es_ES\" \/>\n<meta property=\"og:type\" content=\"article\" \/>\n<meta property=\"og:title\" content=\"Cierre de A\u00f1o Acad\u00e9mico - Enfermer\u00eda UDD\" \/>\n<meta property=\"og:url\" content=\"https:\/\/medicina.udd.cl\/enfermeria-santiago\/eventos\/cierre-de-ano-academico\/\" \/>\n<meta property=\"og:site_name\" content=\"Enfermer\u00eda UDD\" \/>\n<script type=\"application\/ld+json\" class=\"yoast-schema-graph\">{\"@context\":\"https:\/\/schema.org\",\"@graph\":[{\"@type\":\"WebPage\",\"@id\":\"https:\/\/medicina.udd.cl\/enfermeria-santiago\/eventos\/cierre-de-ano-academico\/\",\"url\":\"https:\/\/medicina.udd.cl\/enfermeria-santiago\/eventos\/cierre-de-ano-academico\/\",\"name\":\"Cierre de A\u00f1o Acad\u00e9mico - Enfermer\u00eda UDD\",\"isPartOf\":{\"@id\":\"https:\/\/medicina.udd.cl\/enfermeria-santiago\/#website\"},\"datePublished\":\"2014-11-06T19:11:16+00:00\",\"breadcrumb\":{\"@id\":\"https:\/\/medicina.udd.cl\/enfermeria-santiago\/eventos\/cierre-de-ano-academico\/#breadcrumb\"},\"inLanguage\":\"es\",\"potentialAction\":[{\"@type\":\"ReadAction\",\"target\":[\"https:\/\/medicina.udd.cl\/enfermeria-santiago\/eventos\/cierre-de-ano-academico\/\"]}]},{\"@type\":\"BreadcrumbList\",\"@id\":\"https:\/\/medicina.udd.cl\/enfermeria-santiago\/eventos\/cierre-de-ano-academico\/#breadcrumb\",\"itemListElement\":[{\"@type\":\"ListItem\",\"position\":1,\"name\":\"Home\",\"item\":\"https:\/\/medicina.udd.cl\/enfermeria-santiago\/\"},{\"@type\":\"ListItem\",\"position\":2,\"name\":\"Eventos\",\"item\":\"https:\/\/medicina.udd.cl\/enfermeria-santiago\/eventos\/\"},{\"@type\":\"ListItem\",\"position\":3,\"name\":\"Cierre de A\u00f1o Acad\u00e9mico\"}]},{\"@type\":\"WebSite\",\"@id\":\"https:\/\/medicina.udd.cl\/enfermeria-santiago\/#website\",\"url\":\"https:\/\/medicina.udd.cl\/enfermeria-santiago\/\",\"name\":\"Enfermer\u00eda UDD\",\"description\":\"Facultad de Medicina Cl\u00ednica Alemana Universidad del Desarrollo\",\"inLanguage\":\"es\"}]}<\/script>\n<!-- \/ Yoast SEO plugin. -->","yoast_head_json":{"title":"Cierre de A\u00f1o Acad\u00e9mico - Enfermer\u00eda UDD","robots":{"index":"index","follow":"follow","max-snippet":"max-snippet:-1","max-image-preview":"max-image-preview:large","max-video-preview":"max-video-preview:-1"},"canonical":"https:\/\/medicina.udd.cl\/enfermeria-santiago\/eventos\/cierre-de-ano-academico\/","og_locale":"es_ES","og_type":"article","og_title":"Cierre de A\u00f1o Acad\u00e9mico - Enfermer\u00eda UDD","og_url":"https:\/\/medicina.udd.cl\/enfermeria-santiago\/eventos\/cierre-de-ano-academico\/","og_site_name":"Enfermer\u00eda UDD","schema":{"@context":"https:\/\/schema.org","@graph":[{"@type":"WebPage","@id":"https:\/\/medicina.udd.cl\/enfermeria-santiago\/eventos\/cierre-de-ano-academico\/","url":"https:\/\/medicina.udd.cl\/enfermeria-santiago\/eventos\/cierre-de-ano-academico\/","name":"Cierre de A\u00f1o Acad\u00e9mico - Enfermer\u00eda UDD","isPartOf":{"@id":"https:\/\/medicina.udd.cl\/enfermeria-santiago\/#website"},"datePublished":"2014-11-06T19:11:16+00:00","breadcrumb":{"@id":"https:\/\/medicina.udd.cl\/enfermeria-santiago\/eventos\/cierre-de-ano-academico\/#breadcrumb"},"inLanguage":"es","potentialAction":[{"@type":"ReadAction","target":["https:\/\/medicina.udd.cl\/enfermeria-santiago\/eventos\/cierre-de-ano-academico\/"]}]},{"@type":"BreadcrumbList","@id":"https:\/\/medicina.udd.cl\/enfermeria-santiago\/eventos\/cierre-de-ano-academico\/#breadcrumb","itemListElement":[{"@type":"ListItem","position":1,"name":"Home","item":"https:\/\/medicina.udd.cl\/enfermeria-santiago\/"},{"@type":"ListItem","position":2,"name":"Eventos","item":"https:\/\/medicina.udd.cl\/enfermeria-santiago\/eventos\/"},{"@type":"ListItem","position":3,"name":"Cierre de A\u00f1o Acad\u00e9mico"}]},{"@type":"WebSite","@id":"https:\/\/medicina.udd.cl\/enfermeria-santiago\/#website","url":"https:\/\/medicina.udd.cl\/enfermeria-santiago\/","name":"Enfermer\u00eda UDD","description":"Facultad de Medicina Cl\u00ednica Alemana Universidad del Desarrollo","inLanguage":"es"}]}},"dtstart":"2014-11-26T11:00:00-03:00","dtend":false,"full_day":false,"attendance_mode":"","_links":{"self":[{"href":"https:\/\/medicina.udd.cl\/enfermeria-santiago\/wp-json\/wp\/v2\/events\/2564","targetHints":{"allow":["GET"]}}],"collection":[{"href":"https:\/\/medicina.udd.cl\/enfermeria-santiago\/wp-json\/wp\/v2\/events"}],"about":[{"href":"https:\/\/medicina.udd.cl\/enfermeria-santiago\/wp-json\/wp\/v2\/types\/event"}],"author":[{"embeddable":true,"href":"https:\/\/medicina.udd.cl\/enfermeria-santiago\/wp-json\/wp\/v2\/users\/40"}],"version-history":[{"count":0,"href":"https:\/\/medicina.udd.cl\/enfermeria-santiago\/wp-json\/wp\/v2\/events\/2564\/revisions"}],"wp:attachment":[{"href":"https:\/\/medicina.udd.cl\/enfermeria-santiago\/wp-json\/wp\/v2\/media?parent=2564"}],"wp:term":[{"taxonomy":"locations","embeddable":true,"href":"https:\/\/medicina.udd.cl\/enfermeria-santiago\/wp-json\/wp\/v2\/locations?post=2564"},{"taxonomy":"events_tax","embeddable":true,"href":"https:\/\/medicina.udd.cl\/enfermeria-santiago\/wp-json\/wp\/v2\/events-tax?post=2564"}],"curies":[{"name":"wp","href":"https:\/\/api.w.org\/{rel}","templated":true}]}}

Cierre de Año Académico

<!-- This site is optimized with the Yoast SEO plugin v26.9 - https://yoast.com/product/yoast-seo-wordpress/ -->
<title>Cierre de Año Académico - Enfermería UDD</title>
<meta name="robots" content="index, follow, max-snippet:-1, max-image-preview:large, max-video-preview:-1" />
<link rel="canonical" href="https://medicina.udd.cl/enfermeria-santiago/eventos/cierre-de-ano-academico/" />
<meta property="og:locale" content="es_ES" />
<meta property="og:type" content="article" />
<meta property="og:title" content="Cierre de Año Académico - Enfermería UDD" />
<meta property="og:url" content="https://medicina.udd.cl/enfermeria-santiago/eventos/cierre-de-ano-academico/" />
<meta property="og:site_name" content="Enfermería UDD" />
<script type="application/ld+json" class="yoast-schema-graph">{"@context":"https://schema.org","@graph":[{"@type":"WebPage","@id":"https://medicina.udd.cl/enfermeria-santiago/eventos/cierre-de-ano-academico/","url":"https://medicina.udd.cl/enfermeria-santiago/eventos/cierre-de-ano-academico/","name":"Cierre de Año Académico - Enfermería UDD","isPartOf":{"@id":"https://medicina.udd.cl/enfermeria-santiago/#website"},"datePublished":"2014-11-06T19:11:16+00:00","breadcrumb":{"@id":"https://medicina.udd.cl/enfermeria-santiago/eventos/cierre-de-ano-academico/#breadcrumb"},"inLanguage":"es","potentialAction":[{"@type":"ReadAction","target":["https://medicina.udd.cl/enfermeria-santiago/eventos/cierre-de-ano-academico/"]}]},{"@type":"BreadcrumbList","@id":"https://medicina.udd.cl/enfermeria-santiago/eventos/cierre-de-ano-academico/#breadcrumb","itemListElement":[{"@type":"ListItem","position":1,"name":"Home","item":"https://medicina.udd.cl/enfermeria-santiago/"},{"@type":"ListItem","position":2,"name":"Eventos","item":"https://medicina.udd.cl/enfermeria-santiago/eventos/"},{"@type":"ListItem","position":3,"name":"Cierre de Año Académico"}]},{"@type":"WebSite","@id":"https://medicina.udd.cl/enfermeria-santiago/#website","url":"https://medicina.udd.cl/enfermeria-santiago/","name":"Enfermería UDD","description":"Facultad de Medicina Clínica Alemana Universidad del Desarrollo","inLanguage":"es"}]}</script>
<!-- / Yoast SEO plugin. -->

Cierre de Año Académico - Enfermería UDD

Enfermería UDD

Facultad de Medicina Clínica Alemana Universidad del Desarrollo
