{"id":3610,"date":"2016-04-04T13:04:23","date_gmt":"2016-04-04T16:04:23","guid":{"rendered":"http:\/\/medicina.udd.cl\/enfermeria-santiago\/files\/2016\/04\/B\u00e1ltica-Cabieses.jpg"},"modified":"2016-04-04T13:04:23","modified_gmt":"2016-04-04T16:04:23","slug":"baltica-cabieses-3","status":"inherit","type":"attachment","link":"https:\/\/medicina.udd.cl\/enfermeria-santiago\/noticias\/2016\/04\/04\/docente-udd-es-parte-de-la-red-internacional-de-investigacion-en-desigualdad-en-salud-en-la-ninez\/baltica-cabieses-3\/","title":{"rendered":"B\u00e1ltica Cabieses"},"author":42,"featured_media":0,"comment_status":"open","ping_status":"closed","template":"","meta":[],"class_list":["post-3610","attachment","type-attachment","status-inherit","hentry"],"yoast_head":"<!-- This site is optimized with the Yoast SEO plugin v26.9 - https:\/\/yoast.com\/product\/yoast-seo-wordpress\/ -->\n<title>B\u00e1ltica Cabieses - Enfermer\u00eda UDD<\/title>\n<meta name=\"robots\" content=\"index, follow, max-snippet:-1, max-image-preview:large, max-video-preview:-1\" \/>\n<link rel=\"canonical\" href=\"https:\/\/medicina.udd.cl\/enfermeria-santiago\/files\/2016\/04\/B\u00e1ltica-Cabieses.jpg\" \/>\n<meta property=\"og:locale\" content=\"es_ES\" \/>\n<meta property=\"og:type\" content=\"article\" \/>\n<meta property=\"og:title\" content=\"B\u00e1ltica Cabieses - Enfermer\u00eda UDD\" \/>\n<meta property=\"og:description\" content=\"*\" \/>\n<meta property=\"og:url\" content=\"https:\/\/medicina.udd.cl\/enfermeria-santiago\/files\/2016\/04\/B\u00e1ltica-Cabieses.jpg\" \/>\n<meta property=\"og:site_name\" content=\"Enfermer\u00eda UDD\" \/>\n<meta property=\"og:image\" content=\"https:\/\/medicina.udd.cl\/enfermeria-santiago\/files\/2016\/04\/B\u00e1ltica-Cabieses.jpg\" \/>\n\t<meta property=\"og:image:width\" content=\"720\" \/>\n\t<meta property=\"og:image:height\" content=\"662\" \/>\n\t<meta property=\"og:image:type\" content=\"image\/jpeg\" \/>\n<script type=\"application\/ld+json\" class=\"yoast-schema-graph\">{\"@context\":\"https:\/\/schema.org\",\"@graph\":[{\"@type\":\"WebPage\",\"@id\":\"https:\/\/medicina.udd.cl\/enfermeria-santiago\/files\/2016\/04\/B\u00e1ltica-Cabieses.jpg\",\"url\":\"https:\/\/medicina.udd.cl\/enfermeria-santiago\/files\/2016\/04\/B\u00e1ltica-Cabieses.jpg\",\"name\":\"B\u00e1ltica Cabieses - Enfermer\u00eda UDD\",\"isPartOf\":{\"@id\":\"https:\/\/medicina.udd.cl\/enfermeria-santiago\/#website\"},\"datePublished\":\"2016-04-04T16:04:23+00:00\",\"breadcrumb\":{\"@id\":\"https:\/\/medicina.udd.cl\/enfermeria-santiago\/files\/2016\/04\/B\u00e1ltica-Cabieses.jpg#breadcrumb\"},\"inLanguage\":\"es\",\"potentialAction\":[{\"@type\":\"ReadAction\",\"target\":[\"https:\/\/medicina.udd.cl\/enfermeria-santiago\/files\/2016\/04\/B\u00e1ltica-Cabieses.jpg\"]}]},{\"@type\":\"BreadcrumbList\",\"@id\":\"https:\/\/medicina.udd.cl\/enfermeria-santiago\/files\/2016\/04\/B\u00e1ltica-Cabieses.jpg#breadcrumb\",\"itemListElement\":[{\"@type\":\"ListItem\",\"position\":1,\"name\":\"Home\",\"item\":\"https:\/\/medicina.udd.cl\/enfermeria-santiago\/\"},{\"@type\":\"ListItem\",\"position\":2,\"name\":\"Docente UDD es parte de la Red Internacional de Investigaci\u00f3n en Desigualdad en Salud en la Ni\u00f1ez\",\"item\":\"https:\/\/medicina.udd.cl\/enfermeria-santiago\/noticias\/2016\/04\/04\/docente-udd-es-parte-de-la-red-internacional-de-investigacion-en-desigualdad-en-salud-en-la-ninez\/\"},{\"@type\":\"ListItem\",\"position\":3,\"name\":\"B\u00e1ltica Cabieses\"}]},{\"@type\":\"WebSite\",\"@id\":\"https:\/\/medicina.udd.cl\/enfermeria-santiago\/#website\",\"url\":\"https:\/\/medicina.udd.cl\/enfermeria-santiago\/\",\"name\":\"Enfermer\u00eda UDD\",\"description\":\"Facultad de Medicina Cl\u00ednica Alemana Universidad del Desarrollo\",\"inLanguage\":\"es\"}]}<\/script>\n<!-- \/ Yoast SEO plugin. -->","yoast_head_json":{"title":"B\u00e1ltica Cabieses - Enfermer\u00eda UDD","robots":{"index":"index","follow":"follow","max-snippet":"max-snippet:-1","max-image-preview":"max-image-preview:large","max-video-preview":"max-video-preview:-1"},"canonical":"https:\/\/medicina.udd.cl\/enfermeria-santiago\/files\/2016\/04\/B\u00e1ltica-Cabieses.jpg","og_locale":"es_ES","og_type":"article","og_title":"B\u00e1ltica Cabieses - Enfermer\u00eda UDD","og_description":"*","og_url":"https:\/\/medicina.udd.cl\/enfermeria-santiago\/files\/2016\/04\/B\u00e1ltica-Cabieses.jpg","og_site_name":"Enfermer\u00eda UDD","og_image":[{"width":720,"height":662,"url":"https:\/\/medicina.udd.cl\/enfermeria-santiago\/files\/2016\/04\/B\u00e1ltica-Cabieses.jpg","type":"image\/jpeg"}],"schema":{"@context":"https:\/\/schema.org","@graph":[{"@type":"WebPage","@id":"https:\/\/medicina.udd.cl\/enfermeria-santiago\/files\/2016\/04\/B\u00e1ltica-Cabieses.jpg","url":"https:\/\/medicina.udd.cl\/enfermeria-santiago\/files\/2016\/04\/B\u00e1ltica-Cabieses.jpg","name":"B\u00e1ltica Cabieses - Enfermer\u00eda UDD","isPartOf":{"@id":"https:\/\/medicina.udd.cl\/enfermeria-santiago\/#website"},"datePublished":"2016-04-04T16:04:23+00:00","breadcrumb":{"@id":"https:\/\/medicina.udd.cl\/enfermeria-santiago\/files\/2016\/04\/B\u00e1ltica-Cabieses.jpg#breadcrumb"},"inLanguage":"es","potentialAction":[{"@type":"ReadAction","target":["https:\/\/medicina.udd.cl\/enfermeria-santiago\/files\/2016\/04\/B\u00e1ltica-Cabieses.jpg"]}]},{"@type":"BreadcrumbList","@id":"https:\/\/medicina.udd.cl\/enfermeria-santiago\/files\/2016\/04\/B\u00e1ltica-Cabieses.jpg#breadcrumb","itemListElement":[{"@type":"ListItem","position":1,"name":"Home","item":"https:\/\/medicina.udd.cl\/enfermeria-santiago\/"},{"@type":"ListItem","position":2,"name":"Docente UDD es parte de la Red Internacional de Investigaci\u00f3n en Desigualdad en Salud en la Ni\u00f1ez","item":"https:\/\/medicina.udd.cl\/enfermeria-santiago\/noticias\/2016\/04\/04\/docente-udd-es-parte-de-la-red-internacional-de-investigacion-en-desigualdad-en-salud-en-la-ninez\/"},{"@type":"ListItem","position":3,"name":"B\u00e1ltica Cabieses"}]},{"@type":"WebSite","@id":"https:\/\/medicina.udd.cl\/enfermeria-santiago\/#website","url":"https:\/\/medicina.udd.cl\/enfermeria-santiago\/","name":"Enfermer\u00eda UDD","description":"Facultad de Medicina Cl\u00ednica Alemana Universidad del Desarrollo","inLanguage":"es"}]}},"description":{"rendered":"<p class=\"attachment\"><a href='https:\/\/medicina.udd.cl\/enfermeria-santiago\/files\/2016\/04\/B\u00e1ltica-Cabieses.jpg'><img loading=\"lazy\" decoding=\"async\" width=\"300\" height=\"276\" src=\"https:\/\/medicina.udd.cl\/enfermeria-santiago\/files\/2016\/04\/B\u00e1ltica-Cabieses-300x276.jpg\" class=\"attachment-medium size-medium\" alt=\"\" srcset=\"https:\/\/medicina.udd.cl\/enfermeria-santiago\/files\/2016\/04\/B\u00e1ltica-Cabieses-300x276.jpg 300w, https:\/\/medicina.udd.cl\/enfermeria-santiago\/files\/2016\/04\/B\u00e1ltica-Cabieses.jpg 720w\" sizes=\"auto, (max-width: 300px) 100vw, 300px\" \/><\/a><\/p>\n"},"caption":{"rendered":"<p>*<\/p>\n"},"alt_text":"","media_type":"image","mime_type":"image\/jpeg","media_details":{"width":720,"height":662,"file":"2016\/04\/B\u00e1ltica-Cabieses.jpg","sizes":{"thumbnail":{"file":"B\u00e1ltica-Cabieses-150x150.jpg","width":150,"height":150,"mime_type":"image\/jpeg","source_url":"https:\/\/medicina.udd.cl\/enfermeria-santiago\/files\/2016\/04\/B\u00e1ltica-Cabieses-150x150.jpg"},"medium":{"file":"B\u00e1ltica-Cabieses-300x276.jpg","width":300,"height":276,"mime_type":"image\/jpeg","source_url":"https:\/\/medicina.udd.cl\/enfermeria-santiago\/files\/2016\/04\/B\u00e1ltica-Cabieses-300x276.jpg"},"newsletter_featured":{"file":"B\u00e1ltica-Cabieses-316x224.jpg","width":316,"height":224,"mime_type":"image\/jpeg","source_url":"https:\/\/medicina.udd.cl\/enfermeria-santiago\/files\/2016\/04\/B\u00e1ltica-Cabieses-316x224.jpg"},"newsletter_first":{"file":"B\u00e1ltica-Cabieses-286x205.jpg","width":286,"height":205,"mime_type":"image\/jpeg","source_url":"https:\/\/medicina.udd.cl\/enfermeria-santiago\/files\/2016\/04\/B\u00e1ltica-Cabieses-286x205.jpg"},"newsletter_thumb":{"file":"B\u00e1ltica-Cabieses-288x150.jpg","width":288,"height":150,"mime_type":"image\/jpeg","source_url":"https:\/\/medicina.udd.cl\/enfermeria-santiago\/files\/2016\/04\/B\u00e1ltica-Cabieses-288x150.jpg"},"newsletter_column":{"file":"B\u00e1ltica-Cabieses-182x140.jpg","width":182,"height":140,"mime_type":"image\/jpeg","source_url":"https:\/\/medicina.udd.cl\/enfermeria-santiago\/files\/2016\/04\/B\u00e1ltica-Cabieses-182x140.jpg"},"newsletter_square":{"file":"B\u00e1ltica-Cabieses-62x62.jpg","width":62,"height":62,"mime_type":"image\/jpeg","source_url":"https:\/\/medicina.udd.cl\/enfermeria-santiago\/files\/2016\/04\/B\u00e1ltica-Cabieses-62x62.jpg"},"newsletter_square_large":{"file":"B\u00e1ltica-Cabieses-87x62.jpg","width":87,"height":62,"mime_type":"image\/jpeg","source_url":"https:\/\/medicina.udd.cl\/enfermeria-santiago\/files\/2016\/04\/B\u00e1ltica-Cabieses-87x62.jpg"},"featured-home":{"file":"B\u00e1ltica-Cabieses-720x450.jpg","width":720,"height":450,"mime_type":"image\/jpeg","source_url":"https:\/\/medicina.udd.cl\/enfermeria-santiago\/files\/2016\/04\/B\u00e1ltica-Cabieses-720x450.jpg"},"featured-career":{"file":"B\u00e1ltica-Cabieses-660x430.jpg","width":660,"height":430,"mime_type":"image\/jpeg","source_url":"https:\/\/medicina.udd.cl\/enfermeria-santiago\/files\/2016\/04\/B\u00e1ltica-Cabieses-660x430.jpg"},"squared":{"file":"B\u00e1ltica-Cabieses-300x300.jpg","width":300,"height":300,"mime_type":"image\/jpeg","source_url":"https:\/\/medicina.udd.cl\/enfermeria-santiago\/files\/2016\/04\/B\u00e1ltica-Cabieses-300x300.jpg"},"stretch":{"file":"B\u00e1ltica-Cabieses-720x450.jpg","width":720,"height":450,"mime_type":"image\/jpeg","source_url":"https:\/\/medicina.udd.cl\/enfermeria-santiago\/files\/2016\/04\/B\u00e1ltica-Cabieses-720x450.jpg"},"portrait-medium":{"file":"B\u00e1ltica-Cabieses-220x260.jpg","width":220,"height":260,"mime_type":"image\/jpeg","source_url":"https:\/\/medicina.udd.cl\/enfermeria-santiago\/files\/2016\/04\/B\u00e1ltica-Cabieses-220x260.jpg"},"landscape-small":{"file":"B\u00e1ltica-Cabieses-125x80.jpg","width":125,"height":80,"mime_type":"image\/jpeg","source_url":"https:\/\/medicina.udd.cl\/enfermeria-santiago\/files\/2016\/04\/B\u00e1ltica-Cabieses-125x80.jpg"},"landscape-medium":{"file":"B\u00e1ltica-Cabieses-340x220.jpg","width":340,"height":220,"mime_type":"image\/jpeg","source_url":"https:\/\/medicina.udd.cl\/enfermeria-santiago\/files\/2016\/04\/B\u00e1ltica-Cabieses-340x220.jpg"},"landscape-large":{"file":"B\u00e1ltica-Cabieses-365x255.jpg","width":365,"height":255,"mime_type":"image\/jpeg","source_url":"https:\/\/medicina.udd.cl\/enfermeria-santiago\/files\/2016\/04\/B\u00e1ltica-Cabieses-365x255.jpg"},"landscape-xlarge":{"file":"B\u00e1ltica-Cabieses-660x430.jpg","width":660,"height":430,"mime_type":"image\/jpeg","source_url":"https:\/\/medicina.udd.cl\/enfermeria-santiago\/files\/2016\/04\/B\u00e1ltica-Cabieses-660x430.jpg"},"panoramic":{"file":"B\u00e1ltica-Cabieses-720x345.jpg","width":720,"height":345,"mime_type":"image\/jpeg","source_url":"https:\/\/medicina.udd.cl\/enfermeria-santiago\/files\/2016\/04\/B\u00e1ltica-Cabieses-720x345.jpg"},"stretch-large":{"file":"B\u00e1ltica-Cabieses-720x450.jpg","width":720,"height":450,"mime_type":"image\/jpeg","source_url":"https:\/\/medicina.udd.cl\/enfermeria-santiago\/files\/2016\/04\/B\u00e1ltica-Cabieses-720x450.jpg"},"custom_content":{"file":"B\u00e1ltica-Cabieses-126x126.jpg","width":126,"height":126,"mime_type":"image\/jpeg","source_url":"https:\/\/medicina.udd.cl\/enfermeria-santiago\/files\/2016\/04\/B\u00e1ltica-Cabieses-126x126.jpg"},"full":{"file":"B\u00e1ltica-Cabieses.jpg","width":720,"height":662,"mime_type":"image\/jpeg","source_url":"https:\/\/medicina.udd.cl\/enfermeria-santiago\/files\/2016\/04\/B\u00e1ltica-Cabieses.jpg"}},"image_meta":{"aperture":"0","credit":"","camera":"","caption":"*","created_timestamp":"0","copyright":"","focal_length":"0","iso":"0","shutter_speed":"0","title":"","orientation":"0","keywords":[]}},"post":3608,"source_url":"https:\/\/medicina.udd.cl\/enfermeria-santiago\/files\/2016\/04\/B\u00e1ltica-Cabieses.jpg","_links":{"self":[{"href":"https:\/\/medicina.udd.cl\/enfermeria-santiago\/wp-json\/wp\/v2\/media\/3610","targetHints":{"allow":["GET"]}}],"collection":[{"href":"https:\/\/medicina.udd.cl\/enfermeria-santiago\/wp-json\/wp\/v2\/media"}],"about":[{"href":"https:\/\/medicina.udd.cl\/enfermeria-santiago\/wp-json\/wp\/v2\/types\/attachment"}],"author":[{"embeddable":true,"href":"https:\/\/medicina.udd.cl\/enfermeria-santiago\/wp-json\/wp\/v2\/users\/42"}],"replies":[{"embeddable":true,"href":"https:\/\/medicina.udd.cl\/enfermeria-santiago\/wp-json\/wp\/v2\/comments?post=3610"}],"wp:attached-to":[{"embeddable":true,"post_type":"post","id":3608,"href":"https:\/\/medicina.udd.cl\/enfermeria-santiago\/wp-json\/wp\/v2\/posts\/3608"}],"curies":[{"name":"wp","href":"https:\/\/api.w.org\/{rel}","templated":true}]}}

http://medicina.udd.cl/enfermeria-santiago/files/2016/04/Báltica-Cabieses.jpg

Báltica Cabieses

<!-- This site is optimized with the Yoast SEO plugin v26.9 - https://yoast.com/product/yoast-seo-wordpress/ -->
<title>Báltica Cabieses - Enfermería UDD</title>
<meta name="robots" content="index, follow, max-snippet:-1, max-image-preview:large, max-video-preview:-1" />
<link rel="canonical" href="https://medicina.udd.cl/enfermeria-santiago/files/2016/04/Báltica-Cabieses.jpg" />
<meta property="og:locale" content="es_ES" />
<meta property="og:type" content="article" />
<meta property="og:title" content="Báltica Cabieses - Enfermería UDD" />
<meta property="og:description" content="*" />
<meta property="og:url" content="https://medicina.udd.cl/enfermeria-santiago/files/2016/04/Báltica-Cabieses.jpg" />
<meta property="og:site_name" content="Enfermería UDD" />
<meta property="og:image" content="https://medicina.udd.cl/enfermeria-santiago/files/2016/04/Báltica-Cabieses.jpg" />
	<meta property="og:image:width" content="720" />
	<meta property="og:image:height" content="662" />
	<meta property="og:image:type" content="image/jpeg" />
<script type="application/ld+json" class="yoast-schema-graph">{"@context":"https://schema.org","@graph":[{"@type":"WebPage","@id":"https://medicina.udd.cl/enfermeria-santiago/files/2016/04/Báltica-Cabieses.jpg","url":"https://medicina.udd.cl/enfermeria-santiago/files/2016/04/Báltica-Cabieses.jpg","name":"Báltica Cabieses - Enfermería UDD","isPartOf":{"@id":"https://medicina.udd.cl/enfermeria-santiago/#website"},"datePublished":"2016-04-04T16:04:23+00:00","breadcrumb":{"@id":"https://medicina.udd.cl/enfermeria-santiago/files/2016/04/Báltica-Cabieses.jpg#breadcrumb"},"inLanguage":"es","potentialAction":[{"@type":"ReadAction","target":["https://medicina.udd.cl/enfermeria-santiago/files/2016/04/Báltica-Cabieses.jpg"]}]},{"@type":"BreadcrumbList","@id":"https://medicina.udd.cl/enfermeria-santiago/files/2016/04/Báltica-Cabieses.jpg#breadcrumb","itemListElement":[{"@type":"ListItem","position":1,"name":"Home","item":"https://medicina.udd.cl/enfermeria-santiago/"},{"@type":"ListItem","position":2,"name":"Docente UDD es parte de la Red Internacional de Investigación en Desigualdad en Salud en la Niñez","item":"https://medicina.udd.cl/enfermeria-santiago/noticias/2016/04/04/docente-udd-es-parte-de-la-red-internacional-de-investigacion-en-desigualdad-en-salud-en-la-ninez/"},{"@type":"ListItem","position":3,"name":"Báltica Cabieses"}]},{"@type":"WebSite","@id":"https://medicina.udd.cl/enfermeria-santiago/#website","url":"https://medicina.udd.cl/enfermeria-santiago/","name":"Enfermería UDD","description":"Facultad de Medicina Clínica Alemana Universidad del Desarrollo","inLanguage":"es"}]}</script>
<!-- / Yoast SEO plugin. -->

Báltica Cabieses - Enfermería UDD

https://medicina.udd.cl/enfermeria-santiago/files/2016/04/Báltica-Cabieses.jpg

Enfermería UDD

https://medicina.udd.cl/enfermeria-santiago/files/2016/04/Báltica-Cabieses.jpg#breadcrumb

Docente UDD es parte de la Red Internacional de Investigación en Desigualdad en Salud en la Niñez

Facultad de Medicina Clínica Alemana Universidad del Desarrollo

<p class="attachment"><a href='https://medicina.udd.cl/enfermeria-santiago/files/2016/04/Báltica-Cabieses.jpg'><img loading="lazy" decoding="async" width="300" height="276" src="https://medicina.udd.cl/enfermeria-santiago/files/2016/04/Báltica-Cabieses-300x276.jpg" class="attachment-medium size-medium" alt="" srcset="https://medicina.udd.cl/enfermeria-santiago/files/2016/04/Báltica-Cabieses-300x276.jpg 300w, https://medicina.udd.cl/enfermeria-santiago/files/2016/04/Báltica-Cabieses.jpg 720w" sizes="auto, (max-width: 300px) 100vw, 300px" /></a></p>

2016/04/Báltica-Cabieses.jpg

Báltica-Cabieses-150x150.jpg

https://medicina.udd.cl/enfermeria-santiago/files/2016/04/Báltica-Cabieses-150x150.jpg

Báltica-Cabieses-300x276.jpg

https://medicina.udd.cl/enfermeria-santiago/files/2016/04/Báltica-Cabieses-300x276.jpg

Báltica-Cabieses-316x224.jpg

https://medicina.udd.cl/enfermeria-santiago/files/2016/04/Báltica-Cabieses-316x224.jpg

Báltica-Cabieses-286x205.jpg

https://medicina.udd.cl/enfermeria-santiago/files/2016/04/Báltica-Cabieses-286x205.jpg

Báltica-Cabieses-288x150.jpg

https://medicina.udd.cl/enfermeria-santiago/files/2016/04/Báltica-Cabieses-288x150.jpg

Báltica-Cabieses-182x140.jpg

https://medicina.udd.cl/enfermeria-santiago/files/2016/04/Báltica-Cabieses-182x140.jpg

Báltica-Cabieses-62x62.jpg

https://medicina.udd.cl/enfermeria-santiago/files/2016/04/Báltica-Cabieses-62x62.jpg

Báltica-Cabieses-87x62.jpg

https://medicina.udd.cl/enfermeria-santiago/files/2016/04/Báltica-Cabieses-87x62.jpg

Báltica-Cabieses-720x450.jpg

https://medicina.udd.cl/enfermeria-santiago/files/2016/04/Báltica-Cabieses-720x450.jpg

Báltica-Cabieses-660x430.jpg

https://medicina.udd.cl/enfermeria-santiago/files/2016/04/Báltica-Cabieses-660x430.jpg

Báltica-Cabieses-300x300.jpg

https://medicina.udd.cl/enfermeria-santiago/files/2016/04/Báltica-Cabieses-300x300.jpg

Báltica-Cabieses-220x260.jpg

https://medicina.udd.cl/enfermeria-santiago/files/2016/04/Báltica-Cabieses-220x260.jpg

Báltica-Cabieses-125x80.jpg

https://medicina.udd.cl/enfermeria-santiago/files/2016/04/Báltica-Cabieses-125x80.jpg

Báltica-Cabieses-340x220.jpg

https://medicina.udd.cl/enfermeria-santiago/files/2016/04/Báltica-Cabieses-340x220.jpg

Báltica-Cabieses-365x255.jpg

https://medicina.udd.cl/enfermeria-santiago/files/2016/04/Báltica-Cabieses-365x255.jpg

Báltica-Cabieses-720x345.jpg

https://medicina.udd.cl/enfermeria-santiago/files/2016/04/Báltica-Cabieses-720x345.jpg

Báltica-Cabieses-126x126.jpg

https://medicina.udd.cl/enfermeria-santiago/files/2016/04/Báltica-Cabieses-126x126.jpg

Báltica-Cabieses.jpg
