{"id":6754,"date":"2020-11-18T09:12:23","date_gmt":"2020-11-18T12:12:23","guid":{"rendered":"http:\/\/medicina.udd.cl\/enfermeria-santiago\/files\/2020\/11\/B\u00e1ltica-board-\u00c1frica.png"},"modified":"2020-11-18T09:12:23","modified_gmt":"2020-11-18T12:12:23","slug":"baltica-board-africa","status":"inherit","type":"attachment","link":"https:\/\/medicina.udd.cl\/enfermeria-santiago\/noticias\/2020\/11\/18\/academica-de-enfermeria-udd-es-invitada-a-ser-parte-de-centro-de-investigacion-de-excelencia-sobre-migracion-en-africa\/baltica-board-africa\/","title":{"rendered":"B\u00e1ltica board \u00c1frica"},"author":42,"featured_media":0,"comment_status":"open","ping_status":"closed","template":"","meta":[],"class_list":["post-6754","attachment","type-attachment","status-inherit","hentry"],"yoast_head":"<!-- This site is optimized with the Yoast SEO plugin v26.9 - https:\/\/yoast.com\/product\/yoast-seo-wordpress\/ -->\n<title>B\u00e1ltica board \u00c1frica - Enfermer\u00eda UDD<\/title>\n<meta name=\"robots\" content=\"index, follow, max-snippet:-1, max-image-preview:large, max-video-preview:-1\" \/>\n<link rel=\"canonical\" href=\"https:\/\/medicina.udd.cl\/enfermeria-santiago\/files\/2020\/11\/B\u00e1ltica-board-\u00c1frica.png\" \/>\n<meta property=\"og:locale\" content=\"es_ES\" \/>\n<meta property=\"og:type\" content=\"article\" \/>\n<meta property=\"og:title\" content=\"B\u00e1ltica board \u00c1frica - Enfermer\u00eda UDD\" \/>\n<meta property=\"og:url\" content=\"https:\/\/medicina.udd.cl\/enfermeria-santiago\/files\/2020\/11\/B\u00e1ltica-board-\u00c1frica.png\" \/>\n<meta property=\"og:site_name\" content=\"Enfermer\u00eda UDD\" \/>\n<meta property=\"og:image\" content=\"https:\/\/medicina.udd.cl\/enfermeria-santiago\/files\/2020\/11\/B\u00e1ltica-board-\u00c1frica.png\" \/>\n\t<meta property=\"og:image:width\" content=\"588\" \/>\n\t<meta property=\"og:image:height\" content=\"303\" \/>\n\t<meta property=\"og:image:type\" content=\"image\/png\" \/>\n<script type=\"application\/ld+json\" class=\"yoast-schema-graph\">{\"@context\":\"https:\/\/schema.org\",\"@graph\":[{\"@type\":\"WebPage\",\"@id\":\"https:\/\/medicina.udd.cl\/enfermeria-santiago\/files\/2020\/11\/B\u00e1ltica-board-\u00c1frica.png\",\"url\":\"https:\/\/medicina.udd.cl\/enfermeria-santiago\/files\/2020\/11\/B\u00e1ltica-board-\u00c1frica.png\",\"name\":\"B\u00e1ltica board \u00c1frica - Enfermer\u00eda UDD\",\"isPartOf\":{\"@id\":\"https:\/\/medicina.udd.cl\/enfermeria-santiago\/#website\"},\"datePublished\":\"2020-11-18T12:12:23+00:00\",\"breadcrumb\":{\"@id\":\"https:\/\/medicina.udd.cl\/enfermeria-santiago\/files\/2020\/11\/B\u00e1ltica-board-\u00c1frica.png#breadcrumb\"},\"inLanguage\":\"es\",\"potentialAction\":[{\"@type\":\"ReadAction\",\"target\":[\"https:\/\/medicina.udd.cl\/enfermeria-santiago\/files\/2020\/11\/B\u00e1ltica-board-\u00c1frica.png\"]}]},{\"@type\":\"BreadcrumbList\",\"@id\":\"https:\/\/medicina.udd.cl\/enfermeria-santiago\/files\/2020\/11\/B\u00e1ltica-board-\u00c1frica.png#breadcrumb\",\"itemListElement\":[{\"@type\":\"ListItem\",\"position\":1,\"name\":\"Home\",\"item\":\"https:\/\/medicina.udd.cl\/enfermeria-santiago\/\"},{\"@type\":\"ListItem\",\"position\":2,\"name\":\"Acad\u00e9mica de Enfermer\u00eda es invitada a ser parte de centro de investigaci\u00f3n de excelencia sobre migraci\u00f3n en \u00c1frica\",\"item\":\"https:\/\/medicina.udd.cl\/enfermeria-santiago\/noticias\/2020\/11\/18\/academica-de-enfermeria-udd-es-invitada-a-ser-parte-de-centro-de-investigacion-de-excelencia-sobre-migracion-en-africa\/\"},{\"@type\":\"ListItem\",\"position\":3,\"name\":\"B\u00e1ltica board \u00c1frica\"}]},{\"@type\":\"WebSite\",\"@id\":\"https:\/\/medicina.udd.cl\/enfermeria-santiago\/#website\",\"url\":\"https:\/\/medicina.udd.cl\/enfermeria-santiago\/\",\"name\":\"Enfermer\u00eda UDD\",\"description\":\"Facultad de Medicina Cl\u00ednica Alemana Universidad del Desarrollo\",\"inLanguage\":\"es\"}]}<\/script>\n<!-- \/ Yoast SEO plugin. -->","yoast_head_json":{"title":"B\u00e1ltica board \u00c1frica - Enfermer\u00eda UDD","robots":{"index":"index","follow":"follow","max-snippet":"max-snippet:-1","max-image-preview":"max-image-preview:large","max-video-preview":"max-video-preview:-1"},"canonical":"https:\/\/medicina.udd.cl\/enfermeria-santiago\/files\/2020\/11\/B\u00e1ltica-board-\u00c1frica.png","og_locale":"es_ES","og_type":"article","og_title":"B\u00e1ltica board \u00c1frica - Enfermer\u00eda UDD","og_url":"https:\/\/medicina.udd.cl\/enfermeria-santiago\/files\/2020\/11\/B\u00e1ltica-board-\u00c1frica.png","og_site_name":"Enfermer\u00eda UDD","og_image":[{"width":588,"height":303,"url":"https:\/\/medicina.udd.cl\/enfermeria-santiago\/files\/2020\/11\/B\u00e1ltica-board-\u00c1frica.png","type":"image\/png"}],"schema":{"@context":"https:\/\/schema.org","@graph":[{"@type":"WebPage","@id":"https:\/\/medicina.udd.cl\/enfermeria-santiago\/files\/2020\/11\/B\u00e1ltica-board-\u00c1frica.png","url":"https:\/\/medicina.udd.cl\/enfermeria-santiago\/files\/2020\/11\/B\u00e1ltica-board-\u00c1frica.png","name":"B\u00e1ltica board \u00c1frica - Enfermer\u00eda UDD","isPartOf":{"@id":"https:\/\/medicina.udd.cl\/enfermeria-santiago\/#website"},"datePublished":"2020-11-18T12:12:23+00:00","breadcrumb":{"@id":"https:\/\/medicina.udd.cl\/enfermeria-santiago\/files\/2020\/11\/B\u00e1ltica-board-\u00c1frica.png#breadcrumb"},"inLanguage":"es","potentialAction":[{"@type":"ReadAction","target":["https:\/\/medicina.udd.cl\/enfermeria-santiago\/files\/2020\/11\/B\u00e1ltica-board-\u00c1frica.png"]}]},{"@type":"BreadcrumbList","@id":"https:\/\/medicina.udd.cl\/enfermeria-santiago\/files\/2020\/11\/B\u00e1ltica-board-\u00c1frica.png#breadcrumb","itemListElement":[{"@type":"ListItem","position":1,"name":"Home","item":"https:\/\/medicina.udd.cl\/enfermeria-santiago\/"},{"@type":"ListItem","position":2,"name":"Acad\u00e9mica de Enfermer\u00eda es invitada a ser parte de centro de investigaci\u00f3n de excelencia sobre migraci\u00f3n en \u00c1frica","item":"https:\/\/medicina.udd.cl\/enfermeria-santiago\/noticias\/2020\/11\/18\/academica-de-enfermeria-udd-es-invitada-a-ser-parte-de-centro-de-investigacion-de-excelencia-sobre-migracion-en-africa\/"},{"@type":"ListItem","position":3,"name":"B\u00e1ltica board \u00c1frica"}]},{"@type":"WebSite","@id":"https:\/\/medicina.udd.cl\/enfermeria-santiago\/#website","url":"https:\/\/medicina.udd.cl\/enfermeria-santiago\/","name":"Enfermer\u00eda UDD","description":"Facultad de Medicina Cl\u00ednica Alemana Universidad del Desarrollo","inLanguage":"es"}]}},"description":{"rendered":"<p class=\"attachment\"><a href='https:\/\/medicina.udd.cl\/enfermeria-santiago\/files\/2020\/11\/B\u00e1ltica-board-\u00c1frica.png'><img loading=\"lazy\" decoding=\"async\" width=\"300\" height=\"155\" src=\"https:\/\/medicina.udd.cl\/enfermeria-santiago\/files\/2020\/11\/B\u00e1ltica-board-\u00c1frica-300x155.png\" class=\"attachment-medium size-medium\" alt=\"\" srcset=\"https:\/\/medicina.udd.cl\/enfermeria-santiago\/files\/2020\/11\/B\u00e1ltica-board-\u00c1frica-300x155.png 300w, https:\/\/medicina.udd.cl\/enfermeria-santiago\/files\/2020\/11\/B\u00e1ltica-board-\u00c1frica-288x150.png 288w, https:\/\/medicina.udd.cl\/enfermeria-santiago\/files\/2020\/11\/B\u00e1ltica-board-\u00c1frica.png 588w\" sizes=\"auto, (max-width: 300px) 100vw, 300px\" \/><\/a><\/p>\n"},"caption":{"rendered":""},"alt_text":"","media_type":"image","mime_type":"image\/png","media_details":{"width":588,"height":303,"file":"2020\/11\/B\u00e1ltica-board-\u00c1frica.png","sizes":{"medium":{"file":"B\u00e1ltica-board-\u00c1frica-300x155.png","width":300,"height":155,"mime_type":"image\/png","source_url":"https:\/\/medicina.udd.cl\/enfermeria-santiago\/files\/2020\/11\/B\u00e1ltica-board-\u00c1frica-300x155.png"},"thumbnail":{"file":"B\u00e1ltica-board-\u00c1frica-150x150.png","width":150,"height":150,"mime_type":"image\/png","source_url":"https:\/\/medicina.udd.cl\/enfermeria-santiago\/files\/2020\/11\/B\u00e1ltica-board-\u00c1frica-150x150.png"},"newsletter_featured":{"file":"B\u00e1ltica-board-\u00c1frica-316x224.png","width":316,"height":224,"mime_type":"image\/png","source_url":"https:\/\/medicina.udd.cl\/enfermeria-santiago\/files\/2020\/11\/B\u00e1ltica-board-\u00c1frica-316x224.png"},"newsletter_first":{"file":"B\u00e1ltica-board-\u00c1frica-286x205.png","width":286,"height":205,"mime_type":"image\/png","source_url":"https:\/\/medicina.udd.cl\/enfermeria-santiago\/files\/2020\/11\/B\u00e1ltica-board-\u00c1frica-286x205.png"},"newsletter_thumb":{"file":"B\u00e1ltica-board-\u00c1frica-288x150.png","width":288,"height":150,"mime_type":"image\/png","source_url":"https:\/\/medicina.udd.cl\/enfermeria-santiago\/files\/2020\/11\/B\u00e1ltica-board-\u00c1frica-288x150.png"},"newsletter_column":{"file":"B\u00e1ltica-board-\u00c1frica-182x140.png","width":182,"height":140,"mime_type":"image\/png","source_url":"https:\/\/medicina.udd.cl\/enfermeria-santiago\/files\/2020\/11\/B\u00e1ltica-board-\u00c1frica-182x140.png"},"newsletter_square":{"file":"B\u00e1ltica-board-\u00c1frica-62x62.png","width":62,"height":62,"mime_type":"image\/png","source_url":"https:\/\/medicina.udd.cl\/enfermeria-santiago\/files\/2020\/11\/B\u00e1ltica-board-\u00c1frica-62x62.png"},"newsletter_square_large":{"file":"B\u00e1ltica-board-\u00c1frica-87x62.png","width":87,"height":62,"mime_type":"image\/png","source_url":"https:\/\/medicina.udd.cl\/enfermeria-santiago\/files\/2020\/11\/B\u00e1ltica-board-\u00c1frica-87x62.png"},"square_500":{"file":"B\u00e1ltica-board-\u00c1frica-500x303.png","width":500,"height":303,"mime_type":"image\/png","source_url":"https:\/\/medicina.udd.cl\/enfermeria-santiago\/files\/2020\/11\/B\u00e1ltica-board-\u00c1frica-500x303.png"},"square_200":{"file":"B\u00e1ltica-board-\u00c1frica-250x250.png","width":250,"height":250,"mime_type":"image\/png","source_url":"https:\/\/medicina.udd.cl\/enfermeria-santiago\/files\/2020\/11\/B\u00e1ltica-board-\u00c1frica-250x250.png"},"custom_content":{"file":"B\u00e1ltica-board-\u00c1frica-126x126.png","width":126,"height":126,"mime_type":"image\/png","source_url":"https:\/\/medicina.udd.cl\/enfermeria-santiago\/files\/2020\/11\/B\u00e1ltica-board-\u00c1frica-126x126.png"},"full":{"file":"B\u00e1ltica-board-\u00c1frica.png","width":588,"height":303,"mime_type":"image\/png","source_url":"https:\/\/medicina.udd.cl\/enfermeria-santiago\/files\/2020\/11\/B\u00e1ltica-board-\u00c1frica.png"}},"image_meta":{"aperture":"0","credit":"","camera":"","caption":"","created_timestamp":"0","copyright":"","focal_length":"0","iso":"0","shutter_speed":"0","title":"","orientation":"0","keywords":[]}},"post":6752,"source_url":"https:\/\/medicina.udd.cl\/enfermeria-santiago\/files\/2020\/11\/B\u00e1ltica-board-\u00c1frica.png","_links":{"self":[{"href":"https:\/\/medicina.udd.cl\/enfermeria-santiago\/wp-json\/wp\/v2\/media\/6754","targetHints":{"allow":["GET"]}}],"collection":[{"href":"https:\/\/medicina.udd.cl\/enfermeria-santiago\/wp-json\/wp\/v2\/media"}],"about":[{"href":"https:\/\/medicina.udd.cl\/enfermeria-santiago\/wp-json\/wp\/v2\/types\/attachment"}],"author":[{"embeddable":true,"href":"https:\/\/medicina.udd.cl\/enfermeria-santiago\/wp-json\/wp\/v2\/users\/42"}],"replies":[{"embeddable":true,"href":"https:\/\/medicina.udd.cl\/enfermeria-santiago\/wp-json\/wp\/v2\/comments?post=6754"}],"wp:attached-to":[{"embeddable":true,"post_type":"post","id":6752,"href":"https:\/\/medicina.udd.cl\/enfermeria-santiago\/wp-json\/wp\/v2\/posts\/6752"}],"curies":[{"name":"wp","href":"https:\/\/api.w.org\/{rel}","templated":true}]}}

http://medicina.udd.cl/enfermeria-santiago/files/2020/11/Báltica-board-África.png

Báltica board África

<!-- This site is optimized with the Yoast SEO plugin v26.9 - https://yoast.com/product/yoast-seo-wordpress/ -->
<title>Báltica board África - Enfermería UDD</title>
<meta name="robots" content="index, follow, max-snippet:-1, max-image-preview:large, max-video-preview:-1" />
<link rel="canonical" href="https://medicina.udd.cl/enfermeria-santiago/files/2020/11/Báltica-board-África.png" />
<meta property="og:locale" content="es_ES" />
<meta property="og:type" content="article" />
<meta property="og:title" content="Báltica board África - Enfermería UDD" />
<meta property="og:url" content="https://medicina.udd.cl/enfermeria-santiago/files/2020/11/Báltica-board-África.png" />
<meta property="og:site_name" content="Enfermería UDD" />
<meta property="og:image" content="https://medicina.udd.cl/enfermeria-santiago/files/2020/11/Báltica-board-África.png" />
	<meta property="og:image:width" content="588" />
	<meta property="og:image:height" content="303" />
	<meta property="og:image:type" content="image/png" />
<script type="application/ld+json" class="yoast-schema-graph">{"@context":"https://schema.org","@graph":[{"@type":"WebPage","@id":"https://medicina.udd.cl/enfermeria-santiago/files/2020/11/Báltica-board-África.png","url":"https://medicina.udd.cl/enfermeria-santiago/files/2020/11/Báltica-board-África.png","name":"Báltica board África - Enfermería UDD","isPartOf":{"@id":"https://medicina.udd.cl/enfermeria-santiago/#website"},"datePublished":"2020-11-18T12:12:23+00:00","breadcrumb":{"@id":"https://medicina.udd.cl/enfermeria-santiago/files/2020/11/Báltica-board-África.png#breadcrumb"},"inLanguage":"es","potentialAction":[{"@type":"ReadAction","target":["https://medicina.udd.cl/enfermeria-santiago/files/2020/11/Báltica-board-África.png"]}]},{"@type":"BreadcrumbList","@id":"https://medicina.udd.cl/enfermeria-santiago/files/2020/11/Báltica-board-África.png#breadcrumb","itemListElement":[{"@type":"ListItem","position":1,"name":"Home","item":"https://medicina.udd.cl/enfermeria-santiago/"},{"@type":"ListItem","position":2,"name":"Académica de Enfermería es invitada a ser parte de centro de investigación de excelencia sobre migración en África","item":"https://medicina.udd.cl/enfermeria-santiago/noticias/2020/11/18/academica-de-enfermeria-udd-es-invitada-a-ser-parte-de-centro-de-investigacion-de-excelencia-sobre-migracion-en-africa/"},{"@type":"ListItem","position":3,"name":"Báltica board África"}]},{"@type":"WebSite","@id":"https://medicina.udd.cl/enfermeria-santiago/#website","url":"https://medicina.udd.cl/enfermeria-santiago/","name":"Enfermería UDD","description":"Facultad de Medicina Clínica Alemana Universidad del Desarrollo","inLanguage":"es"}]}</script>
<!-- / Yoast SEO plugin. -->

Báltica board África - Enfermería UDD

https://medicina.udd.cl/enfermeria-santiago/files/2020/11/Báltica-board-África.png

Enfermería UDD

https://medicina.udd.cl/enfermeria-santiago/files/2020/11/Báltica-board-África.png#breadcrumb

Académica de Enfermería es invitada a ser parte de centro de investigación de excelencia sobre migración en África

Facultad de Medicina Clínica Alemana Universidad del Desarrollo

<p class="attachment"><a href='https://medicina.udd.cl/enfermeria-santiago/files/2020/11/Báltica-board-África.png'><img loading="lazy" decoding="async" width="300" height="155" src="https://medicina.udd.cl/enfermeria-santiago/files/2020/11/Báltica-board-África-300x155.png" class="attachment-medium size-medium" alt="" srcset="https://medicina.udd.cl/enfermeria-santiago/files/2020/11/Báltica-board-África-300x155.png 300w, https://medicina.udd.cl/enfermeria-santiago/files/2020/11/Báltica-board-África-288x150.png 288w, https://medicina.udd.cl/enfermeria-santiago/files/2020/11/Báltica-board-África.png 588w" sizes="auto, (max-width: 300px) 100vw, 300px" /></a></p>

2020/11/Báltica-board-África.png

Báltica-board-África-300x155.png

https://medicina.udd.cl/enfermeria-santiago/files/2020/11/Báltica-board-África-300x155.png

Báltica-board-África-150x150.png

https://medicina.udd.cl/enfermeria-santiago/files/2020/11/Báltica-board-África-150x150.png

Báltica-board-África-316x224.png

https://medicina.udd.cl/enfermeria-santiago/files/2020/11/Báltica-board-África-316x224.png

Báltica-board-África-286x205.png

https://medicina.udd.cl/enfermeria-santiago/files/2020/11/Báltica-board-África-286x205.png

Báltica-board-África-288x150.png

https://medicina.udd.cl/enfermeria-santiago/files/2020/11/Báltica-board-África-288x150.png

Báltica-board-África-182x140.png

https://medicina.udd.cl/enfermeria-santiago/files/2020/11/Báltica-board-África-182x140.png

Báltica-board-África-62x62.png

https://medicina.udd.cl/enfermeria-santiago/files/2020/11/Báltica-board-África-62x62.png

Báltica-board-África-87x62.png

https://medicina.udd.cl/enfermeria-santiago/files/2020/11/Báltica-board-África-87x62.png

Báltica-board-África-500x303.png

https://medicina.udd.cl/enfermeria-santiago/files/2020/11/Báltica-board-África-500x303.png

Báltica-board-África-250x250.png

https://medicina.udd.cl/enfermeria-santiago/files/2020/11/Báltica-board-África-250x250.png

Báltica-board-África-126x126.png

https://medicina.udd.cl/enfermeria-santiago/files/2020/11/Báltica-board-África-126x126.png

Báltica-board-África.png
