{"id":7169,"date":"2021-09-12T21:10:33","date_gmt":"2021-09-13T00:10:33","guid":{"rendered":"https:\/\/medicina.udd.cl\/enfermeria-santiago\/files\/2021\/09\/foto-8.jpg"},"modified":"2021-09-12T21:10:33","modified_gmt":"2021-09-13T00:10:33","slug":"foto-8-2","status":"inherit","type":"attachment","link":"https:\/\/medicina.udd.cl\/enfermeria-santiago\/noticias\/2021\/09\/09\/presentan-guia-para-el-cuidado-de-la-salud-de-ninos-y-ninas-migrantes-y-sus-familias-en-chile\/foto-8-2\/","title":{"rendered":"foto-8"},"author":42,"featured_media":0,"comment_status":"open","ping_status":"closed","template":"","meta":[],"class_list":["post-7169","attachment","type-attachment","status-inherit","hentry"],"yoast_head":"<!-- This site is optimized with the Yoast SEO plugin v26.9 - https:\/\/yoast.com\/product\/yoast-seo-wordpress\/ -->\n<title>foto-8 - Enfermer\u00eda UDD<\/title>\n<meta name=\"robots\" content=\"index, follow, max-snippet:-1, max-image-preview:large, max-video-preview:-1\" \/>\n<link rel=\"canonical\" href=\"https:\/\/medicina.udd.cl\/enfermeria-santiago\/files\/2021\/09\/foto-8.jpg\" \/>\n<meta property=\"og:locale\" content=\"es_ES\" \/>\n<meta property=\"og:type\" content=\"article\" \/>\n<meta property=\"og:title\" content=\"foto-8 - Enfermer\u00eda UDD\" \/>\n<meta property=\"og:url\" content=\"https:\/\/medicina.udd.cl\/enfermeria-santiago\/files\/2021\/09\/foto-8.jpg\" \/>\n<meta property=\"og:site_name\" content=\"Enfermer\u00eda UDD\" \/>\n<meta property=\"og:image\" content=\"https:\/\/medicina.udd.cl\/enfermeria-santiago\/files\/2021\/09\/foto-8.jpg\" \/>\n\t<meta property=\"og:image:width\" content=\"797\" \/>\n\t<meta property=\"og:image:height\" content=\"449\" \/>\n\t<meta property=\"og:image:type\" content=\"image\/jpeg\" \/>\n<script type=\"application\/ld+json\" class=\"yoast-schema-graph\">{\"@context\":\"https:\/\/schema.org\",\"@graph\":[{\"@type\":\"WebPage\",\"@id\":\"https:\/\/medicina.udd.cl\/enfermeria-santiago\/files\/2021\/09\/foto-8.jpg\",\"url\":\"https:\/\/medicina.udd.cl\/enfermeria-santiago\/files\/2021\/09\/foto-8.jpg\",\"name\":\"foto-8 - Enfermer\u00eda UDD\",\"isPartOf\":{\"@id\":\"https:\/\/medicina.udd.cl\/enfermeria-santiago\/#website\"},\"datePublished\":\"2021-09-13T00:10:33+00:00\",\"breadcrumb\":{\"@id\":\"https:\/\/medicina.udd.cl\/enfermeria-santiago\/files\/2021\/09\/foto-8.jpg#breadcrumb\"},\"inLanguage\":\"es\",\"potentialAction\":[{\"@type\":\"ReadAction\",\"target\":[\"https:\/\/medicina.udd.cl\/enfermeria-santiago\/files\/2021\/09\/foto-8.jpg\"]}]},{\"@type\":\"BreadcrumbList\",\"@id\":\"https:\/\/medicina.udd.cl\/enfermeria-santiago\/files\/2021\/09\/foto-8.jpg#breadcrumb\",\"itemListElement\":[{\"@type\":\"ListItem\",\"position\":1,\"name\":\"Home\",\"item\":\"https:\/\/medicina.udd.cl\/enfermeria-santiago\/\"},{\"@type\":\"ListItem\",\"position\":2,\"name\":\"Presentan gu\u00eda para el cuidado de la salud de ni\u00f1os y ni\u00f1as migrantes y sus familias en Chile\",\"item\":\"https:\/\/medicina.udd.cl\/enfermeria-santiago\/noticias\/2021\/09\/09\/presentan-guia-para-el-cuidado-de-la-salud-de-ninos-y-ninas-migrantes-y-sus-familias-en-chile\/\"},{\"@type\":\"ListItem\",\"position\":3,\"name\":\"foto-8\"}]},{\"@type\":\"WebSite\",\"@id\":\"https:\/\/medicina.udd.cl\/enfermeria-santiago\/#website\",\"url\":\"https:\/\/medicina.udd.cl\/enfermeria-santiago\/\",\"name\":\"Enfermer\u00eda UDD\",\"description\":\"Facultad de Medicina Cl\u00ednica Alemana Universidad del Desarrollo\",\"inLanguage\":\"es\"}]}<\/script>\n<!-- \/ Yoast SEO plugin. -->","yoast_head_json":{"title":"foto-8 - Enfermer\u00eda UDD","robots":{"index":"index","follow":"follow","max-snippet":"max-snippet:-1","max-image-preview":"max-image-preview:large","max-video-preview":"max-video-preview:-1"},"canonical":"https:\/\/medicina.udd.cl\/enfermeria-santiago\/files\/2021\/09\/foto-8.jpg","og_locale":"es_ES","og_type":"article","og_title":"foto-8 - Enfermer\u00eda UDD","og_url":"https:\/\/medicina.udd.cl\/enfermeria-santiago\/files\/2021\/09\/foto-8.jpg","og_site_name":"Enfermer\u00eda UDD","og_image":[{"width":797,"height":449,"url":"https:\/\/medicina.udd.cl\/enfermeria-santiago\/files\/2021\/09\/foto-8.jpg","type":"image\/jpeg"}],"schema":{"@context":"https:\/\/schema.org","@graph":[{"@type":"WebPage","@id":"https:\/\/medicina.udd.cl\/enfermeria-santiago\/files\/2021\/09\/foto-8.jpg","url":"https:\/\/medicina.udd.cl\/enfermeria-santiago\/files\/2021\/09\/foto-8.jpg","name":"foto-8 - Enfermer\u00eda UDD","isPartOf":{"@id":"https:\/\/medicina.udd.cl\/enfermeria-santiago\/#website"},"datePublished":"2021-09-13T00:10:33+00:00","breadcrumb":{"@id":"https:\/\/medicina.udd.cl\/enfermeria-santiago\/files\/2021\/09\/foto-8.jpg#breadcrumb"},"inLanguage":"es","potentialAction":[{"@type":"ReadAction","target":["https:\/\/medicina.udd.cl\/enfermeria-santiago\/files\/2021\/09\/foto-8.jpg"]}]},{"@type":"BreadcrumbList","@id":"https:\/\/medicina.udd.cl\/enfermeria-santiago\/files\/2021\/09\/foto-8.jpg#breadcrumb","itemListElement":[{"@type":"ListItem","position":1,"name":"Home","item":"https:\/\/medicina.udd.cl\/enfermeria-santiago\/"},{"@type":"ListItem","position":2,"name":"Presentan gu\u00eda para el cuidado de la salud de ni\u00f1os y ni\u00f1as migrantes y sus familias en Chile","item":"https:\/\/medicina.udd.cl\/enfermeria-santiago\/noticias\/2021\/09\/09\/presentan-guia-para-el-cuidado-de-la-salud-de-ninos-y-ninas-migrantes-y-sus-familias-en-chile\/"},{"@type":"ListItem","position":3,"name":"foto-8"}]},{"@type":"WebSite","@id":"https:\/\/medicina.udd.cl\/enfermeria-santiago\/#website","url":"https:\/\/medicina.udd.cl\/enfermeria-santiago\/","name":"Enfermer\u00eda UDD","description":"Facultad de Medicina Cl\u00ednica Alemana Universidad del Desarrollo","inLanguage":"es"}]}},"description":{"rendered":"<p class=\"attachment\"><a href='https:\/\/medicina.udd.cl\/enfermeria-santiago\/files\/2021\/09\/foto-8.jpg'><img loading=\"lazy\" decoding=\"async\" width=\"300\" height=\"169\" src=\"https:\/\/medicina.udd.cl\/enfermeria-santiago\/files\/2021\/09\/foto-8-300x169.jpg\" class=\"attachment-medium size-medium\" alt=\"\" srcset=\"https:\/\/medicina.udd.cl\/enfermeria-santiago\/files\/2021\/09\/foto-8-300x169.jpg 300w, https:\/\/medicina.udd.cl\/enfermeria-santiago\/files\/2021\/09\/foto-8-768x433.jpg 768w, https:\/\/medicina.udd.cl\/enfermeria-santiago\/files\/2021\/09\/foto-8-680x382.jpg 680w, https:\/\/medicina.udd.cl\/enfermeria-santiago\/files\/2021\/09\/foto-8.jpg 797w\" sizes=\"auto, (max-width: 300px) 100vw, 300px\" \/><\/a><\/p>\n"},"caption":{"rendered":""},"alt_text":"","media_type":"image","mime_type":"image\/jpeg","media_details":{"width":797,"height":449,"file":"2021\/09\/foto-8.jpg","sizes":{"medium":{"file":"foto-8-300x169.jpg","width":300,"height":169,"mime_type":"image\/jpeg","source_url":"https:\/\/medicina.udd.cl\/enfermeria-santiago\/files\/2021\/09\/foto-8-300x169.jpg"},"thumbnail":{"file":"foto-8-150x150.jpg","width":150,"height":150,"mime_type":"image\/jpeg","source_url":"https:\/\/medicina.udd.cl\/enfermeria-santiago\/files\/2021\/09\/foto-8-150x150.jpg"},"medium_large":{"file":"foto-8-768x433.jpg","width":768,"height":433,"mime_type":"image\/jpeg","source_url":"https:\/\/medicina.udd.cl\/enfermeria-santiago\/files\/2021\/09\/foto-8-768x433.jpg"},"newsletter_featured":{"file":"foto-8-316x224.jpg","width":316,"height":224,"mime_type":"image\/jpeg","source_url":"https:\/\/medicina.udd.cl\/enfermeria-santiago\/files\/2021\/09\/foto-8-316x224.jpg"},"newsletter_first":{"file":"foto-8-286x205.jpg","width":286,"height":205,"mime_type":"image\/jpeg","source_url":"https:\/\/medicina.udd.cl\/enfermeria-santiago\/files\/2021\/09\/foto-8-286x205.jpg"},"newsletter_thumb":{"file":"foto-8-288x150.jpg","width":288,"height":150,"mime_type":"image\/jpeg","source_url":"https:\/\/medicina.udd.cl\/enfermeria-santiago\/files\/2021\/09\/foto-8-288x150.jpg"},"newsletter_column":{"file":"foto-8-182x140.jpg","width":182,"height":140,"mime_type":"image\/jpeg","source_url":"https:\/\/medicina.udd.cl\/enfermeria-santiago\/files\/2021\/09\/foto-8-182x140.jpg"},"newsletter_square":{"file":"foto-8-62x62.jpg","width":62,"height":62,"mime_type":"image\/jpeg","source_url":"https:\/\/medicina.udd.cl\/enfermeria-santiago\/files\/2021\/09\/foto-8-62x62.jpg"},"newsletter_square_large":{"file":"foto-8-87x62.jpg","width":87,"height":62,"mime_type":"image\/jpeg","source_url":"https:\/\/medicina.udd.cl\/enfermeria-santiago\/files\/2021\/09\/foto-8-87x62.jpg"},"landscape_680":{"file":"foto-8-680x382.jpg","width":680,"height":382,"mime_type":"image\/jpeg","source_url":"https:\/\/medicina.udd.cl\/enfermeria-santiago\/files\/2021\/09\/foto-8-680x382.jpg"},"square_750":{"file":"foto-8-750x449.jpg","width":750,"height":449,"mime_type":"image\/jpeg","source_url":"https:\/\/medicina.udd.cl\/enfermeria-santiago\/files\/2021\/09\/foto-8-750x449.jpg"},"square_500":{"file":"foto-8-500x449.jpg","width":500,"height":449,"mime_type":"image\/jpeg","source_url":"https:\/\/medicina.udd.cl\/enfermeria-santiago\/files\/2021\/09\/foto-8-500x449.jpg"},"square_200":{"file":"foto-8-250x250.jpg","width":250,"height":250,"mime_type":"image\/jpeg","source_url":"https:\/\/medicina.udd.cl\/enfermeria-santiago\/files\/2021\/09\/foto-8-250x250.jpg"},"custom_content":{"file":"foto-8-126x126.jpg","width":126,"height":126,"mime_type":"image\/jpeg","source_url":"https:\/\/medicina.udd.cl\/enfermeria-santiago\/files\/2021\/09\/foto-8-126x126.jpg"},"full":{"file":"foto-8.jpg","width":797,"height":449,"mime_type":"image\/jpeg","source_url":"https:\/\/medicina.udd.cl\/enfermeria-santiago\/files\/2021\/09\/foto-8.jpg"}},"image_meta":{"aperture":"0","credit":"","camera":"","caption":"","created_timestamp":"1631184001","copyright":"","focal_length":"0","iso":"0","shutter_speed":"0","title":"","orientation":"1","keywords":[]}},"post":7165,"source_url":"https:\/\/medicina.udd.cl\/enfermeria-santiago\/files\/2021\/09\/foto-8.jpg","_links":{"self":[{"href":"https:\/\/medicina.udd.cl\/enfermeria-santiago\/wp-json\/wp\/v2\/media\/7169","targetHints":{"allow":["GET"]}}],"collection":[{"href":"https:\/\/medicina.udd.cl\/enfermeria-santiago\/wp-json\/wp\/v2\/media"}],"about":[{"href":"https:\/\/medicina.udd.cl\/enfermeria-santiago\/wp-json\/wp\/v2\/types\/attachment"}],"author":[{"embeddable":true,"href":"https:\/\/medicina.udd.cl\/enfermeria-santiago\/wp-json\/wp\/v2\/users\/42"}],"replies":[{"embeddable":true,"href":"https:\/\/medicina.udd.cl\/enfermeria-santiago\/wp-json\/wp\/v2\/comments?post=7169"}],"wp:attached-to":[{"embeddable":true,"post_type":"post","id":7165,"href":"https:\/\/medicina.udd.cl\/enfermeria-santiago\/wp-json\/wp\/v2\/posts\/7165"}],"curies":[{"name":"wp","href":"https:\/\/api.w.org\/{rel}","templated":true}]}}

<!-- This site is optimized with the Yoast SEO plugin v26.9 - https://yoast.com/product/yoast-seo-wordpress/ -->
<title>foto-8 - Enfermería UDD</title>
<meta name="robots" content="index, follow, max-snippet:-1, max-image-preview:large, max-video-preview:-1" />
<link rel="canonical" href="https://medicina.udd.cl/enfermeria-santiago/files/2021/09/foto-8.jpg" />
<meta property="og:locale" content="es_ES" />
<meta property="og:type" content="article" />
<meta property="og:title" content="foto-8 - Enfermería UDD" />
<meta property="og:url" content="https://medicina.udd.cl/enfermeria-santiago/files/2021/09/foto-8.jpg" />
<meta property="og:site_name" content="Enfermería UDD" />
<meta property="og:image" content="https://medicina.udd.cl/enfermeria-santiago/files/2021/09/foto-8.jpg" />
	<meta property="og:image:width" content="797" />
	<meta property="og:image:height" content="449" />
	<meta property="og:image:type" content="image/jpeg" />
<script type="application/ld+json" class="yoast-schema-graph">{"@context":"https://schema.org","@graph":[{"@type":"WebPage","@id":"https://medicina.udd.cl/enfermeria-santiago/files/2021/09/foto-8.jpg","url":"https://medicina.udd.cl/enfermeria-santiago/files/2021/09/foto-8.jpg","name":"foto-8 - Enfermería UDD","isPartOf":{"@id":"https://medicina.udd.cl/enfermeria-santiago/#website"},"datePublished":"2021-09-13T00:10:33+00:00","breadcrumb":{"@id":"https://medicina.udd.cl/enfermeria-santiago/files/2021/09/foto-8.jpg#breadcrumb"},"inLanguage":"es","potentialAction":[{"@type":"ReadAction","target":["https://medicina.udd.cl/enfermeria-santiago/files/2021/09/foto-8.jpg"]}]},{"@type":"BreadcrumbList","@id":"https://medicina.udd.cl/enfermeria-santiago/files/2021/09/foto-8.jpg#breadcrumb","itemListElement":[{"@type":"ListItem","position":1,"name":"Home","item":"https://medicina.udd.cl/enfermeria-santiago/"},{"@type":"ListItem","position":2,"name":"Presentan guía para el cuidado de la salud de niños y niñas migrantes y sus familias en Chile","item":"https://medicina.udd.cl/enfermeria-santiago/noticias/2021/09/09/presentan-guia-para-el-cuidado-de-la-salud-de-ninos-y-ninas-migrantes-y-sus-familias-en-chile/"},{"@type":"ListItem","position":3,"name":"foto-8"}]},{"@type":"WebSite","@id":"https://medicina.udd.cl/enfermeria-santiago/#website","url":"https://medicina.udd.cl/enfermeria-santiago/","name":"Enfermería UDD","description":"Facultad de Medicina Clínica Alemana Universidad del Desarrollo","inLanguage":"es"}]}</script>
<!-- / Yoast SEO plugin. -->

foto-8 - Enfermería UDD

Enfermería UDD

Presentan guía para el cuidado de la salud de niños y niñas migrantes y sus familias en Chile

Facultad de Medicina Clínica Alemana Universidad del Desarrollo
