{"id":9768,"date":"2025-07-29T15:25:40","date_gmt":"2025-07-29T19:25:40","guid":{"rendered":"https:\/\/medicina.udd.cl\/enfermeria-santiago\/files\/2025\/07\/enf-reunion-proyeccion-2025-3.jpeg"},"modified":"2025-07-29T15:25:40","modified_gmt":"2025-07-29T19:25:40","slug":"enf-reunion-proyeccion-2025-3","status":"inherit","type":"attachment","link":"https:\/\/medicina.udd.cl\/enfermeria-santiago\/noticias\/2025\/07\/29\/enfermeria-udd-proyecta-su-futuro-con-innovacion-y-liderazgo-como-sello\/enf-reunion-proyeccion-2025-3\/","title":{"rendered":"ENF &#8211; Reuni\u00f3n proyecci\u00f3n 2025 (3)"},"author":9192219,"featured_media":0,"comment_status":"","ping_status":"closed","template":"","meta":[],"class_list":["post-9768","attachment","type-attachment","status-inherit","hentry"],"yoast_head":"<!-- This site is optimized with the Yoast SEO plugin v26.9 - https:\/\/yoast.com\/product\/yoast-seo-wordpress\/ -->\n<title>ENF - Reuni\u00f3n proyecci\u00f3n 2025 (3) - Enfermer\u00eda UDD<\/title>\n<meta name=\"robots\" content=\"index, follow, max-snippet:-1, max-image-preview:large, max-video-preview:-1\" \/>\n<link rel=\"canonical\" href=\"https:\/\/medicina.udd.cl\/enfermeria-santiago\/files\/2025\/07\/enf-reunion-proyeccion-2025-3.jpeg\" \/>\n<meta property=\"og:locale\" content=\"es_ES\" \/>\n<meta property=\"og:type\" content=\"article\" \/>\n<meta property=\"og:title\" content=\"ENF - Reuni\u00f3n proyecci\u00f3n 2025 (3) - Enfermer\u00eda UDD\" \/>\n<meta property=\"og:url\" content=\"https:\/\/medicina.udd.cl\/enfermeria-santiago\/files\/2025\/07\/enf-reunion-proyeccion-2025-3.jpeg\" \/>\n<meta property=\"og:site_name\" content=\"Enfermer\u00eda UDD\" \/>\n<meta property=\"og:image\" content=\"https:\/\/medicina.udd.cl\/enfermeria-santiago\/files\/2025\/07\/enf-reunion-proyeccion-2025-3.jpeg\" \/>\n\t<meta property=\"og:image:width\" content=\"1\" \/>\n\t<meta property=\"og:image:height\" content=\"1\" \/>\n\t<meta property=\"og:image:type\" content=\"image\/jpeg\" \/>\n<script type=\"application\/ld+json\" class=\"yoast-schema-graph\">{\"@context\":\"https:\/\/schema.org\",\"@graph\":[{\"@type\":\"WebPage\",\"@id\":\"https:\/\/medicina.udd.cl\/enfermeria-santiago\/files\/2025\/07\/enf-reunion-proyeccion-2025-3.jpeg\",\"url\":\"https:\/\/medicina.udd.cl\/enfermeria-santiago\/files\/2025\/07\/enf-reunion-proyeccion-2025-3.jpeg\",\"name\":\"ENF - Reuni\u00f3n proyecci\u00f3n 2025 (3) - Enfermer\u00eda UDD\",\"isPartOf\":{\"@id\":\"https:\/\/medicina.udd.cl\/enfermeria-santiago\/#website\"},\"datePublished\":\"2025-07-29T19:25:40+00:00\",\"breadcrumb\":{\"@id\":\"https:\/\/medicina.udd.cl\/enfermeria-santiago\/files\/2025\/07\/enf-reunion-proyeccion-2025-3.jpeg#breadcrumb\"},\"inLanguage\":\"es\",\"potentialAction\":[{\"@type\":\"ReadAction\",\"target\":[\"https:\/\/medicina.udd.cl\/enfermeria-santiago\/files\/2025\/07\/enf-reunion-proyeccion-2025-3.jpeg\"]}]},{\"@type\":\"BreadcrumbList\",\"@id\":\"https:\/\/medicina.udd.cl\/enfermeria-santiago\/files\/2025\/07\/enf-reunion-proyeccion-2025-3.jpeg#breadcrumb\",\"itemListElement\":[{\"@type\":\"ListItem\",\"position\":1,\"name\":\"Home\",\"item\":\"https:\/\/medicina.udd.cl\/enfermeria-santiago\/\"},{\"@type\":\"ListItem\",\"position\":2,\"name\":\"Enfermer\u00eda UDD proyecta su futuro con innovaci\u00f3n y liderazgo como sello\",\"item\":\"https:\/\/medicina.udd.cl\/enfermeria-santiago\/noticias\/2025\/07\/29\/enfermeria-udd-proyecta-su-futuro-con-innovacion-y-liderazgo-como-sello\/\"},{\"@type\":\"ListItem\",\"position\":3,\"name\":\"ENF &#8211; Reuni\u00f3n proyecci\u00f3n 2025 (3)\"}]},{\"@type\":\"WebSite\",\"@id\":\"https:\/\/medicina.udd.cl\/enfermeria-santiago\/#website\",\"url\":\"https:\/\/medicina.udd.cl\/enfermeria-santiago\/\",\"name\":\"Enfermer\u00eda UDD\",\"description\":\"Facultad de Medicina Cl\u00ednica Alemana Universidad del Desarrollo\",\"inLanguage\":\"es\"}]}<\/script>\n<!-- \/ Yoast SEO plugin. -->","yoast_head_json":{"title":"ENF - Reuni\u00f3n proyecci\u00f3n 2025 (3) - Enfermer\u00eda UDD","robots":{"index":"index","follow":"follow","max-snippet":"max-snippet:-1","max-image-preview":"max-image-preview:large","max-video-preview":"max-video-preview:-1"},"canonical":"https:\/\/medicina.udd.cl\/enfermeria-santiago\/files\/2025\/07\/enf-reunion-proyeccion-2025-3.jpeg","og_locale":"es_ES","og_type":"article","og_title":"ENF - Reuni\u00f3n proyecci\u00f3n 2025 (3) - Enfermer\u00eda UDD","og_url":"https:\/\/medicina.udd.cl\/enfermeria-santiago\/files\/2025\/07\/enf-reunion-proyeccion-2025-3.jpeg","og_site_name":"Enfermer\u00eda UDD","og_image":[{"url":"https:\/\/medicina.udd.cl\/enfermeria-santiago\/files\/2025\/07\/enf-reunion-proyeccion-2025-3.jpeg","width":1,"height":1,"type":"image\/jpeg"}],"schema":{"@context":"https:\/\/schema.org","@graph":[{"@type":"WebPage","@id":"https:\/\/medicina.udd.cl\/enfermeria-santiago\/files\/2025\/07\/enf-reunion-proyeccion-2025-3.jpeg","url":"https:\/\/medicina.udd.cl\/enfermeria-santiago\/files\/2025\/07\/enf-reunion-proyeccion-2025-3.jpeg","name":"ENF - Reuni\u00f3n proyecci\u00f3n 2025 (3) - Enfermer\u00eda UDD","isPartOf":{"@id":"https:\/\/medicina.udd.cl\/enfermeria-santiago\/#website"},"datePublished":"2025-07-29T19:25:40+00:00","breadcrumb":{"@id":"https:\/\/medicina.udd.cl\/enfermeria-santiago\/files\/2025\/07\/enf-reunion-proyeccion-2025-3.jpeg#breadcrumb"},"inLanguage":"es","potentialAction":[{"@type":"ReadAction","target":["https:\/\/medicina.udd.cl\/enfermeria-santiago\/files\/2025\/07\/enf-reunion-proyeccion-2025-3.jpeg"]}]},{"@type":"BreadcrumbList","@id":"https:\/\/medicina.udd.cl\/enfermeria-santiago\/files\/2025\/07\/enf-reunion-proyeccion-2025-3.jpeg#breadcrumb","itemListElement":[{"@type":"ListItem","position":1,"name":"Home","item":"https:\/\/medicina.udd.cl\/enfermeria-santiago\/"},{"@type":"ListItem","position":2,"name":"Enfermer\u00eda UDD proyecta su futuro con innovaci\u00f3n y liderazgo como sello","item":"https:\/\/medicina.udd.cl\/enfermeria-santiago\/noticias\/2025\/07\/29\/enfermeria-udd-proyecta-su-futuro-con-innovacion-y-liderazgo-como-sello\/"},{"@type":"ListItem","position":3,"name":"ENF &#8211; Reuni\u00f3n proyecci\u00f3n 2025 (3)"}]},{"@type":"WebSite","@id":"https:\/\/medicina.udd.cl\/enfermeria-santiago\/#website","url":"https:\/\/medicina.udd.cl\/enfermeria-santiago\/","name":"Enfermer\u00eda UDD","description":"Facultad de Medicina Cl\u00ednica Alemana Universidad del Desarrollo","inLanguage":"es"}]}},"description":{"rendered":"<p class=\"attachment\"><a href='https:\/\/medicina.udd.cl\/enfermeria-santiago\/files\/2025\/07\/enf-reunion-proyeccion-2025-3.jpeg'><img loading=\"lazy\" decoding=\"async\" width=\"269\" height=\"300\" src=\"https:\/\/medicina.udd.cl\/enfermeria-santiago\/files\/2025\/07\/enf-reunion-proyeccion-2025-3-269x300.jpeg\" class=\"attachment-medium size-medium\" alt=\"\" srcset=\"https:\/\/medicina.udd.cl\/enfermeria-santiago\/files\/2025\/07\/enf-reunion-proyeccion-2025-3-269x300.jpeg 269w, https:\/\/medicina.udd.cl\/enfermeria-santiago\/files\/2025\/07\/enf-reunion-proyeccion-2025-3-768x856.jpeg 768w, https:\/\/medicina.udd.cl\/enfermeria-santiago\/files\/2025\/07\/enf-reunion-proyeccion-2025-3.jpeg 883w\" sizes=\"auto, (max-width: 269px) 100vw, 269px\" \/><\/a><\/p>\n"},"caption":{"rendered":""},"alt_text":"","media_type":"image","mime_type":"image\/jpeg","media_details":{"width":883,"height":984,"file":"2025\/07\/enf-reunion-proyeccion-2025-3.jpeg","filesize":176308,"sizes":{"medium":{"file":"enf-reunion-proyeccion-2025-3-269x300.jpeg","width":269,"height":300,"filesize":14748,"mime_type":"image\/jpeg","source_url":"https:\/\/medicina.udd.cl\/enfermeria-santiago\/files\/2025\/07\/enf-reunion-proyeccion-2025-3-269x300.jpeg"},"thumbnail":{"file":"enf-reunion-proyeccion-2025-3-150x150.jpeg","width":150,"height":150,"filesize":5609,"mime_type":"image\/jpeg","source_url":"https:\/\/medicina.udd.cl\/enfermeria-santiago\/files\/2025\/07\/enf-reunion-proyeccion-2025-3-150x150.jpeg"},"medium_large":{"file":"enf-reunion-proyeccion-2025-3-768x856.jpeg","width":768,"height":856,"filesize":71672,"mime_type":"image\/jpeg","source_url":"https:\/\/medicina.udd.cl\/enfermeria-santiago\/files\/2025\/07\/enf-reunion-proyeccion-2025-3-768x856.jpeg"},"newsletter_featured":{"file":"enf-reunion-proyeccion-2025-3-316x224.jpeg","width":316,"height":224,"filesize":12216,"mime_type":"image\/jpeg","source_url":"https:\/\/medicina.udd.cl\/enfermeria-santiago\/files\/2025\/07\/enf-reunion-proyeccion-2025-3-316x224.jpeg"},"newsletter_first":{"file":"enf-reunion-proyeccion-2025-3-286x205.jpeg","width":286,"height":205,"filesize":10572,"mime_type":"image\/jpeg","source_url":"https:\/\/medicina.udd.cl\/enfermeria-santiago\/files\/2025\/07\/enf-reunion-proyeccion-2025-3-286x205.jpeg"},"newsletter_thumb":{"file":"enf-reunion-proyeccion-2025-3-288x150.jpeg","width":288,"height":150,"filesize":8650,"mime_type":"image\/jpeg","source_url":"https:\/\/medicina.udd.cl\/enfermeria-santiago\/files\/2025\/07\/enf-reunion-proyeccion-2025-3-288x150.jpeg"},"newsletter_column":{"file":"enf-reunion-proyeccion-2025-3-182x140.jpeg","width":182,"height":140,"filesize":5776,"mime_type":"image\/jpeg","source_url":"https:\/\/medicina.udd.cl\/enfermeria-santiago\/files\/2025\/07\/enf-reunion-proyeccion-2025-3-182x140.jpeg"},"newsletter_square":{"file":"enf-reunion-proyeccion-2025-3-62x62.jpeg","width":62,"height":62,"filesize":1616,"mime_type":"image\/jpeg","source_url":"https:\/\/medicina.udd.cl\/enfermeria-santiago\/files\/2025\/07\/enf-reunion-proyeccion-2025-3-62x62.jpeg"},"newsletter_square_large":{"file":"enf-reunion-proyeccion-2025-3-87x62.jpeg","width":87,"height":62,"filesize":1939,"mime_type":"image\/jpeg","source_url":"https:\/\/medicina.udd.cl\/enfermeria-santiago\/files\/2025\/07\/enf-reunion-proyeccion-2025-3-87x62.jpeg"},"landscape_1366":{"file":"enf-reunion-proyeccion-2025-3-883x768.jpeg","width":883,"height":768,"filesize":74545,"mime_type":"image\/jpeg","source_url":"https:\/\/medicina.udd.cl\/enfermeria-santiago\/files\/2025\/07\/enf-reunion-proyeccion-2025-3-883x768.jpeg"},"landscape_952":{"file":"enf-reunion-proyeccion-2025-3-883x534.jpeg","width":883,"height":534,"filesize":57034,"mime_type":"image\/jpeg","source_url":"https:\/\/medicina.udd.cl\/enfermeria-santiago\/files\/2025\/07\/enf-reunion-proyeccion-2025-3-883x534.jpeg"},"landscape_680":{"file":"enf-reunion-proyeccion-2025-3-680x382.jpeg","width":680,"height":382,"filesize":33758,"mime_type":"image\/jpeg","source_url":"https:\/\/medicina.udd.cl\/enfermeria-santiago\/files\/2025\/07\/enf-reunion-proyeccion-2025-3-680x382.jpeg"},"square_750":{"file":"enf-reunion-proyeccion-2025-3-750x750.jpeg","width":750,"height":750,"filesize":63445,"mime_type":"image\/jpeg","source_url":"https:\/\/medicina.udd.cl\/enfermeria-santiago\/files\/2025\/07\/enf-reunion-proyeccion-2025-3-750x750.jpeg"},"square_500":{"file":"enf-reunion-proyeccion-2025-3-500x500.jpeg","width":500,"height":500,"filesize":34940,"mime_type":"image\/jpeg","source_url":"https:\/\/medicina.udd.cl\/enfermeria-santiago\/files\/2025\/07\/enf-reunion-proyeccion-2025-3-500x500.jpeg"},"square_200":{"file":"enf-reunion-proyeccion-2025-3-250x250.jpeg","width":250,"height":250,"filesize":12126,"mime_type":"image\/jpeg","source_url":"https:\/\/medicina.udd.cl\/enfermeria-santiago\/files\/2025\/07\/enf-reunion-proyeccion-2025-3-250x250.jpeg"},"post-thumbnail":{"file":"enf-reunion-proyeccion-2025-3-883x534.jpeg","width":883,"height":534,"filesize":57034,"mime_type":"image\/jpeg","source_url":"https:\/\/medicina.udd.cl\/enfermeria-santiago\/files\/2025\/07\/enf-reunion-proyeccion-2025-3-883x534.jpeg"},"custom_content":{"file":"enf-reunion-proyeccion-2025-3-126x126.jpeg","width":126,"height":126,"filesize":4323,"mime_type":"image\/jpeg","source_url":"https:\/\/medicina.udd.cl\/enfermeria-santiago\/files\/2025\/07\/enf-reunion-proyeccion-2025-3-126x126.jpeg"},"full":{"file":"enf-reunion-proyeccion-2025-3.jpeg","width":883,"height":984,"mime_type":"image\/jpeg","source_url":"https:\/\/medicina.udd.cl\/enfermeria-santiago\/files\/2025\/07\/enf-reunion-proyeccion-2025-3.jpeg"}},"image_meta":{"aperture":"0","credit":"","camera":"","caption":"","created_timestamp":"0","copyright":"","focal_length":"0","iso":"0","shutter_speed":"0","title":"","orientation":"1","keywords":[]}},"post":9762,"source_url":"https:\/\/medicina.udd.cl\/enfermeria-santiago\/files\/2025\/07\/enf-reunion-proyeccion-2025-3.jpeg","_links":{"self":[{"href":"https:\/\/medicina.udd.cl\/enfermeria-santiago\/wp-json\/wp\/v2\/media\/9768","targetHints":{"allow":["GET"]}}],"collection":[{"href":"https:\/\/medicina.udd.cl\/enfermeria-santiago\/wp-json\/wp\/v2\/media"}],"about":[{"href":"https:\/\/medicina.udd.cl\/enfermeria-santiago\/wp-json\/wp\/v2\/types\/attachment"}],"author":[{"embeddable":true,"href":"https:\/\/medicina.udd.cl\/enfermeria-santiago\/wp-json\/wp\/v2\/users\/9192219"}],"replies":[{"embeddable":true,"href":"https:\/\/medicina.udd.cl\/enfermeria-santiago\/wp-json\/wp\/v2\/comments?post=9768"}],"wp:attached-to":[{"embeddable":true,"post_type":"post","id":9762,"href":"https:\/\/medicina.udd.cl\/enfermeria-santiago\/wp-json\/wp\/v2\/posts\/9762"}],"curies":[{"name":"wp","href":"https:\/\/api.w.org\/{rel}","templated":true}]}}

ENF &#8211; Reunión proyección 2025 (3)

<!-- This site is optimized with the Yoast SEO plugin v26.9 - https://yoast.com/product/yoast-seo-wordpress/ -->
<title>ENF - Reunión proyección 2025 (3) - Enfermería UDD</title>
<meta name="robots" content="index, follow, max-snippet:-1, max-image-preview:large, max-video-preview:-1" />
<link rel="canonical" href="https://medicina.udd.cl/enfermeria-santiago/files/2025/07/enf-reunion-proyeccion-2025-3.jpeg" />
<meta property="og:locale" content="es_ES" />
<meta property="og:type" content="article" />
<meta property="og:title" content="ENF - Reunión proyección 2025 (3) - Enfermería UDD" />
<meta property="og:url" content="https://medicina.udd.cl/enfermeria-santiago/files/2025/07/enf-reunion-proyeccion-2025-3.jpeg" />
<meta property="og:site_name" content="Enfermería UDD" />
<meta property="og:image" content="https://medicina.udd.cl/enfermeria-santiago/files/2025/07/enf-reunion-proyeccion-2025-3.jpeg" />
	<meta property="og:image:width" content="1" />
	<meta property="og:image:height" content="1" />
	<meta property="og:image:type" content="image/jpeg" />
<script type="application/ld+json" class="yoast-schema-graph">{"@context":"https://schema.org","@graph":[{"@type":"WebPage","@id":"https://medicina.udd.cl/enfermeria-santiago/files/2025/07/enf-reunion-proyeccion-2025-3.jpeg","url":"https://medicina.udd.cl/enfermeria-santiago/files/2025/07/enf-reunion-proyeccion-2025-3.jpeg","name":"ENF - Reunión proyección 2025 (3) - Enfermería UDD","isPartOf":{"@id":"https://medicina.udd.cl/enfermeria-santiago/#website"},"datePublished":"2025-07-29T19:25:40+00:00","breadcrumb":{"@id":"https://medicina.udd.cl/enfermeria-santiago/files/2025/07/enf-reunion-proyeccion-2025-3.jpeg#breadcrumb"},"inLanguage":"es","potentialAction":[{"@type":"ReadAction","target":["https://medicina.udd.cl/enfermeria-santiago/files/2025/07/enf-reunion-proyeccion-2025-3.jpeg"]}]},{"@type":"BreadcrumbList","@id":"https://medicina.udd.cl/enfermeria-santiago/files/2025/07/enf-reunion-proyeccion-2025-3.jpeg#breadcrumb","itemListElement":[{"@type":"ListItem","position":1,"name":"Home","item":"https://medicina.udd.cl/enfermeria-santiago/"},{"@type":"ListItem","position":2,"name":"Enfermería UDD proyecta su futuro con innovación y liderazgo como sello","item":"https://medicina.udd.cl/enfermeria-santiago/noticias/2025/07/29/enfermeria-udd-proyecta-su-futuro-con-innovacion-y-liderazgo-como-sello/"},{"@type":"ListItem","position":3,"name":"ENF &#8211; Reunión proyección 2025 (3)"}]},{"@type":"WebSite","@id":"https://medicina.udd.cl/enfermeria-santiago/#website","url":"https://medicina.udd.cl/enfermeria-santiago/","name":"Enfermería UDD","description":"Facultad de Medicina Clínica Alemana Universidad del Desarrollo","inLanguage":"es"}]}</script>
<!-- / Yoast SEO plugin. -->

ENF - Reunión proyección 2025 (3) - Enfermería UDD

Enfermería UDD

Enfermería UDD proyecta su futuro con innovación y liderazgo como sello

Facultad de Medicina Clínica Alemana Universidad del Desarrollo
