{"id":10,"date":"2010-03-31T19:35:02","date_gmt":"2010-03-31T22:35:02","guid":{"rendered":"http:\/\/medicina.udd.cl\/enfermeria\/sobre-la-carrera\/malla-curricular\/"},"modified":"2025-07-09T12:32:25","modified_gmt":"2025-07-09T16:32:25","slug":"malla-curricular","status":"publish","type":"page","link":"https:\/\/medicina.udd.cl\/enfermeria-santiago\/admision\/malla-curricular\/","title":{"rendered":"Malla curricular"},"content":{"rendered":"\n<div class=\"wp-block-media-text alignfull is-stacked-on-mobile\" style=\"grid-template-columns:35% auto\"><figure class=\"wp-block-media-text__media\"><img loading=\"lazy\" decoding=\"async\" width=\"1024\" height=\"683\" src=\"https:\/\/medicina.udd.cl\/enfermeria-santiago\/files\/2025\/07\/enfermeria-1024x683.jpg\" alt=\"\" class=\"wp-image-9733 size-large\" srcset=\"https:\/\/medicina.udd.cl\/enfermeria-santiago\/files\/2025\/07\/enfermeria-1024x683.jpg 1024w, https:\/\/medicina.udd.cl\/enfermeria-santiago\/files\/2025\/07\/enfermeria-300x200.jpg 300w, https:\/\/medicina.udd.cl\/enfermeria-santiago\/files\/2025\/07\/enfermeria-768x512.jpg 768w, https:\/\/medicina.udd.cl\/enfermeria-santiago\/files\/2025\/07\/enfermeria-1536x1024.jpg 1536w, https:\/\/medicina.udd.cl\/enfermeria-santiago\/files\/2025\/07\/enfermeria-2048x1365.jpg 2048w\" sizes=\"auto, (max-width: 1024px) 100vw, 1024px\" \/><\/figure><div class=\"wp-block-media-text__content\">\n<p>Estudiar Enfermer\u00eda en la UDD es formarte desde el primer a\u00f1o en contacto directo con pacientes, con innovaci\u00f3n tecnol\u00f3gica, proyecci\u00f3n internacional y excelentes campos cl\u00ednicos.<\/p>\n<\/div><\/div>\n\n\n<p class=\"wp-block-udd-button text-center\"><a class=\"btn btn-primary btn-lg\" href=\"https:\/\/www.udd.cl\/mallas\/enfermeria_scl.pdf\" data-url=\"https:\/\/www.udd.cl\/mallas\/enfermeria_scl.pdf\" target=\"_blank\" rel=\"noreferrer noopener\"><svg class=\"svg-download-dims\"><use xlink:href='https:\/\/medicina.udd.cl\/enfermeria-santiago\/wp-content\/themes\/facultades-2018\/assets\/img\/svg\/dist\/main.svg?version=1695853099#download'><\/use><\/svg> Descarga la malla en .PDF <\/a><\/p>\n","protected":false},"excerpt":{"rendered":"<p>Revisa la Malla Curricular de la carrera de Enfermeri\u0301a y conoce las tema\u0301ticas, ramos y especialidades que considera.<\/p>\n","protected":false},"author":1,"featured_media":0,"parent":5834,"menu_order":20,"comment_status":"open","ping_status":"closed","template":"","meta":{"footnotes":""},"class_list":["post-10","page","type-page","status-publish","hentry"],"yoast_head":"<!-- This site is optimized with the Yoast SEO plugin v26.9 - https:\/\/yoast.com\/product\/yoast-seo-wordpress\/ -->\n<title>Malla Curricular | Enfermer\u00eda (Santiago)| Admisi\u00f3n 2025 UDD<\/title>\n<meta name=\"description\" content=\"Conoce la malla curricular de Enfermer\u00eda sede Santiago. Conoce todos los ramos y materias en nuestro portal online. Admisi\u00f3n 2025.\" \/>\n<meta name=\"robots\" content=\"index, follow, max-snippet:-1, max-image-preview:large, max-video-preview:-1\" \/>\n<link rel=\"canonical\" href=\"https:\/\/medicina.udd.cl\/enfermeria-santiago\/admision\/malla-curricular\/\" \/>\n<meta property=\"og:locale\" content=\"es_ES\" \/>\n<meta property=\"og:type\" content=\"article\" \/>\n<meta property=\"og:title\" content=\"Malla Curricular | Enfermer\u00eda (Santiago)| Admisi\u00f3n 2025 UDD\" \/>\n<meta property=\"og:description\" content=\"Conoce la malla curricular de Enfermer\u00eda sede Santiago. Conoce todos los ramos y materias en nuestro portal online. Admisi\u00f3n 2025.\" \/>\n<meta property=\"og:url\" content=\"https:\/\/medicina.udd.cl\/enfermeria-santiago\/admision\/malla-curricular\/\" \/>\n<meta property=\"og:site_name\" content=\"Enfermer\u00eda UDD\" \/>\n<meta property=\"article:modified_time\" content=\"2025-07-09T16:32:25+00:00\" \/>\n<meta property=\"og:image\" content=\"https:\/\/medicina.udd.cl\/enfermeria-santiago\/files\/2025\/07\/enfermeria-1024x683.jpg\" \/>\n<meta name=\"twitter:label1\" content=\"Tiempo de lectura\" \/>\n\t<meta name=\"twitter:data1\" content=\"1 minuto\" \/>\n<script type=\"application\/ld+json\" class=\"yoast-schema-graph\">{\"@context\":\"https:\/\/schema.org\",\"@graph\":[{\"@type\":\"WebPage\",\"@id\":\"https:\/\/medicina.udd.cl\/enfermeria-santiago\/admision\/malla-curricular\/\",\"url\":\"https:\/\/medicina.udd.cl\/enfermeria-santiago\/admision\/malla-curricular\/\",\"name\":\"Malla Curricular | Enfermer\u00eda (Santiago)| Admisi\u00f3n 2025 UDD\",\"isPartOf\":{\"@id\":\"https:\/\/medicina.udd.cl\/enfermeria-santiago\/#website\"},\"primaryImageOfPage\":{\"@id\":\"https:\/\/medicina.udd.cl\/enfermeria-santiago\/admision\/malla-curricular\/#primaryimage\"},\"image\":{\"@id\":\"https:\/\/medicina.udd.cl\/enfermeria-santiago\/admision\/malla-curricular\/#primaryimage\"},\"thumbnailUrl\":\"https:\/\/medicina.udd.cl\/enfermeria-santiago\/files\/2025\/07\/enfermeria-1024x683.jpg\",\"datePublished\":\"2010-03-31T22:35:02+00:00\",\"dateModified\":\"2025-07-09T16:32:25+00:00\",\"description\":\"Conoce la malla curricular de Enfermer\u00eda sede Santiago. Conoce todos los ramos y materias en nuestro portal online. Admisi\u00f3n 2025.\",\"breadcrumb\":{\"@id\":\"https:\/\/medicina.udd.cl\/enfermeria-santiago\/admision\/malla-curricular\/#breadcrumb\"},\"inLanguage\":\"es\",\"potentialAction\":[{\"@type\":\"ReadAction\",\"target\":[\"https:\/\/medicina.udd.cl\/enfermeria-santiago\/admision\/malla-curricular\/\"]}]},{\"@type\":\"ImageObject\",\"inLanguage\":\"es\",\"@id\":\"https:\/\/medicina.udd.cl\/enfermeria-santiago\/admision\/malla-curricular\/#primaryimage\",\"url\":\"https:\/\/medicina.udd.cl\/enfermeria-santiago\/files\/2025\/07\/enfermeria-scaled.jpg\",\"contentUrl\":\"https:\/\/medicina.udd.cl\/enfermeria-santiago\/files\/2025\/07\/enfermeria-scaled.jpg\",\"width\":2560,\"height\":1707},{\"@type\":\"BreadcrumbList\",\"@id\":\"https:\/\/medicina.udd.cl\/enfermeria-santiago\/admision\/malla-curricular\/#breadcrumb\",\"itemListElement\":[{\"@type\":\"ListItem\",\"position\":1,\"name\":\"Home\",\"item\":\"https:\/\/medicina.udd.cl\/enfermeria-santiago\/\"},{\"@type\":\"ListItem\",\"position\":2,\"name\":\"Admisi\u00f3n\",\"item\":\"https:\/\/medicina.udd.cl\/enfermeria-santiago\/admision\/\"},{\"@type\":\"ListItem\",\"position\":3,\"name\":\"Malla curricular\"}]},{\"@type\":\"WebSite\",\"@id\":\"https:\/\/medicina.udd.cl\/enfermeria-santiago\/#website\",\"url\":\"https:\/\/medicina.udd.cl\/enfermeria-santiago\/\",\"name\":\"Enfermer\u00eda UDD\",\"description\":\"Facultad de Medicina Cl\u00ednica Alemana Universidad del Desarrollo\",\"inLanguage\":\"es\"}]}<\/script>\n<!-- \/ Yoast SEO plugin. -->","yoast_head_json":{"title":"Malla Curricular | Enfermer\u00eda (Santiago)| Admisi\u00f3n 2025 UDD","description":"Conoce la malla curricular de Enfermer\u00eda sede Santiago. Conoce todos los ramos y materias en nuestro portal online. Admisi\u00f3n 2025.","robots":{"index":"index","follow":"follow","max-snippet":"max-snippet:-1","max-image-preview":"max-image-preview:large","max-video-preview":"max-video-preview:-1"},"canonical":"https:\/\/medicina.udd.cl\/enfermeria-santiago\/admision\/malla-curricular\/","og_locale":"es_ES","og_type":"article","og_title":"Malla Curricular | Enfermer\u00eda (Santiago)| Admisi\u00f3n 2025 UDD","og_description":"Conoce la malla curricular de Enfermer\u00eda sede Santiago. Conoce todos los ramos y materias en nuestro portal online. Admisi\u00f3n 2025.","og_url":"https:\/\/medicina.udd.cl\/enfermeria-santiago\/admision\/malla-curricular\/","og_site_name":"Enfermer\u00eda UDD","article_modified_time":"2025-07-09T16:32:25+00:00","og_image":[{"url":"https:\/\/medicina.udd.cl\/enfermeria-santiago\/files\/2025\/07\/enfermeria-1024x683.jpg","type":"","width":"","height":""}],"twitter_misc":{"Tiempo de lectura":"1 minuto"},"schema":{"@context":"https:\/\/schema.org","@graph":[{"@type":"WebPage","@id":"https:\/\/medicina.udd.cl\/enfermeria-santiago\/admision\/malla-curricular\/","url":"https:\/\/medicina.udd.cl\/enfermeria-santiago\/admision\/malla-curricular\/","name":"Malla Curricular | Enfermer\u00eda (Santiago)| Admisi\u00f3n 2025 UDD","isPartOf":{"@id":"https:\/\/medicina.udd.cl\/enfermeria-santiago\/#website"},"primaryImageOfPage":{"@id":"https:\/\/medicina.udd.cl\/enfermeria-santiago\/admision\/malla-curricular\/#primaryimage"},"image":{"@id":"https:\/\/medicina.udd.cl\/enfermeria-santiago\/admision\/malla-curricular\/#primaryimage"},"thumbnailUrl":"https:\/\/medicina.udd.cl\/enfermeria-santiago\/files\/2025\/07\/enfermeria-1024x683.jpg","datePublished":"2010-03-31T22:35:02+00:00","dateModified":"2025-07-09T16:32:25+00:00","description":"Conoce la malla curricular de Enfermer\u00eda sede Santiago. Conoce todos los ramos y materias en nuestro portal online. Admisi\u00f3n 2025.","breadcrumb":{"@id":"https:\/\/medicina.udd.cl\/enfermeria-santiago\/admision\/malla-curricular\/#breadcrumb"},"inLanguage":"es","potentialAction":[{"@type":"ReadAction","target":["https:\/\/medicina.udd.cl\/enfermeria-santiago\/admision\/malla-curricular\/"]}]},{"@type":"ImageObject","inLanguage":"es","@id":"https:\/\/medicina.udd.cl\/enfermeria-santiago\/admision\/malla-curricular\/#primaryimage","url":"https:\/\/medicina.udd.cl\/enfermeria-santiago\/files\/2025\/07\/enfermeria-scaled.jpg","contentUrl":"https:\/\/medicina.udd.cl\/enfermeria-santiago\/files\/2025\/07\/enfermeria-scaled.jpg","width":2560,"height":1707},{"@type":"BreadcrumbList","@id":"https:\/\/medicina.udd.cl\/enfermeria-santiago\/admision\/malla-curricular\/#breadcrumb","itemListElement":[{"@type":"ListItem","position":1,"name":"Home","item":"https:\/\/medicina.udd.cl\/enfermeria-santiago\/"},{"@type":"ListItem","position":2,"name":"Admisi\u00f3n","item":"https:\/\/medicina.udd.cl\/enfermeria-santiago\/admision\/"},{"@type":"ListItem","position":3,"name":"Malla curricular"}]},{"@type":"WebSite","@id":"https:\/\/medicina.udd.cl\/enfermeria-santiago\/#website","url":"https:\/\/medicina.udd.cl\/enfermeria-santiago\/","name":"Enfermer\u00eda UDD","description":"Facultad de Medicina Cl\u00ednica Alemana Universidad del Desarrollo","inLanguage":"es"}]}},"_links":{"self":[{"href":"https:\/\/medicina.udd.cl\/enfermeria-santiago\/wp-json\/wp\/v2\/pages\/10","targetHints":{"allow":["GET"]}}],"collection":[{"href":"https:\/\/medicina.udd.cl\/enfermeria-santiago\/wp-json\/wp\/v2\/pages"}],"about":[{"href":"https:\/\/medicina.udd.cl\/enfermeria-santiago\/wp-json\/wp\/v2\/types\/page"}],"author":[{"embeddable":true,"href":"https:\/\/medicina.udd.cl\/enfermeria-santiago\/wp-json\/wp\/v2\/users\/1"}],"replies":[{"embeddable":true,"href":"https:\/\/medicina.udd.cl\/enfermeria-santiago\/wp-json\/wp\/v2\/comments?post=10"}],"version-history":[{"count":32,"href":"https:\/\/medicina.udd.cl\/enfermeria-santiago\/wp-json\/wp\/v2\/pages\/10\/revisions"}],"predecessor-version":[{"id":9734,"href":"https:\/\/medicina.udd.cl\/enfermeria-santiago\/wp-json\/wp\/v2\/pages\/10\/revisions\/9734"}],"up":[{"embeddable":true,"href":"https:\/\/medicina.udd.cl\/enfermeria-santiago\/wp-json\/wp\/v2\/pages\/5834"}],"wp:attachment":[{"href":"https:\/\/medicina.udd.cl\/enfermeria-santiago\/wp-json\/wp\/v2\/media?parent=10"}],"curies":[{"name":"wp","href":"https:\/\/api.w.org\/{rel}","templated":true}]}}