{"id":3005,"date":"2015-09-02T15:17:11","date_gmt":"2015-09-02T18:17:11","guid":{"rendered":"http:\/\/medicina.udd.cl\/enfermeria-santiago\/?page_id=3005"},"modified":"2016-09-21T11:29:57","modified_gmt":"2016-09-21T14:29:57","slug":"perfil-de-egreso-de-enfermeria","status":"publish","type":"page","link":"https:\/\/medicina.udd.cl\/enfermeria-santiago\/perfil-de-egreso-de-enfermeria\/","title":{"rendered":"Perfil de Egreso de Enfermer\u00eda"},"content":{"rendered":"<p style=\"text-align: justify\"><a href=\"http:\/\/medicina.udd.cl\/enfermeria-santiago\/files\/2015\/09\/egresados-web-2.jpg\"><img loading=\"lazy\" decoding=\"async\" class=\" wp-image-3006 alignleft\" src=\"http:\/\/medicina.udd.cl\/enfermeria-santiago\/files\/2015\/09\/egresados-web-2-300x199.jpg\" alt=\"egresados web 2\" width=\"246\" height=\"163\" \/><\/a>Nuestro(a) egresado(a) debe ser capaz de proporcionar cuidado integral al individuo, familia y comunidad, aplicando el proceso de atenci\u00f3n de enfermer\u00eda, a nivel de promoci\u00f3n, prevenci\u00f3n, recuperaci\u00f3n y rehabilitaci\u00f3n.<\/p>\n<p style=\"text-align: justify\">Debe realizar intervenciones educativas de acuerdo a las necesidades del individuo, familia y comunidad, contribuyendo a generar cambios de conductas favorables en salud.<\/p>\n<p style=\"text-align: justify\">Adem\u00e1s, el profesional ser\u00e1 capaz de gestionar de manera eficiente y oportuna los recursos humanos y f\u00edsicos para mantener la calidad de los cuidados de enfermer\u00eda e investigar problemas del \u00e1mbito de la enfermer\u00eda que aporten al conocimiento en salud.<\/p>\n<p style=\"text-align: justify\">Se destacar\u00e1 por su alto sentido \u00e9tico y asumir\u00e1 un compromiso social con las problem\u00e1ticas de la salud de su Pa\u00eds, demostrando liderazgo en la gesti\u00f3n de los cuidados.<\/p>\n<ul>\n<li><strong>Competencias Gen\u00e9ricas <a href=\"http:\/\/medicina.udd.cl\/enfermeria-santiago\/competencias-genericas-de-los-egresados\">ver aqu\u00ed<\/a><\/strong><\/li>\n<li><strong>Competencias Espec\u00edficas <a href=\"http:\/\/medicina.udd.cl\/enfermeria-santiago\/competencias-especificas-del-egresado-de-enfermeria\">ver aqu\u00ed<\/a><\/strong><\/li>\n<\/ul>\n","protected":false},"excerpt":{"rendered":"<p>Nuestro(a) egresado(a) debe ser capaz de proporcionar cuidado integral al individuo, familia y comunidad, aplicando el proceso de atenci\u00f3n de enfermer\u00eda, a nivel de promoci\u00f3n, prevenci\u00f3n, recuperaci\u00f3n y rehabilitaci\u00f3n. Debe realizar intervenciones educativas de acuerdo a las necesidades del individuo, familia y comunidad, contribuyendo a generar cambios de conductas favorables en salud. Adem\u00e1s, el profesional [&hellip;]<\/p>\n","protected":false},"author":47,"featured_media":0,"parent":0,"menu_order":0,"comment_status":"open","ping_status":"open","template":"","meta":{"footnotes":""},"class_list":["post-3005","page","type-page","status-publish","hentry"],"yoast_head":"<!-- This site is optimized with the Yoast SEO plugin v26.9 - https:\/\/yoast.com\/product\/yoast-seo-wordpress\/ -->\n<title>Perfil de Egreso de Enfermer\u00eda - Enfermer\u00eda UDD<\/title>\n<meta name=\"robots\" content=\"index, follow, max-snippet:-1, max-image-preview:large, max-video-preview:-1\" \/>\n<link rel=\"canonical\" href=\"https:\/\/medicina.udd.cl\/enfermeria-santiago\/perfil-de-egreso-de-enfermeria\/\" \/>\n<meta property=\"og:locale\" content=\"es_ES\" \/>\n<meta property=\"og:type\" content=\"article\" \/>\n<meta property=\"og:title\" content=\"Perfil de Egreso de Enfermer\u00eda - Enfermer\u00eda UDD\" \/>\n<meta property=\"og:description\" content=\"Nuestro(a) egresado(a) debe ser capaz de proporcionar cuidado integral al individuo, familia y comunidad, aplicando el proceso de atenci\u00f3n de enfermer\u00eda, a nivel de promoci\u00f3n, prevenci\u00f3n, recuperaci\u00f3n y rehabilitaci\u00f3n. Debe realizar intervenciones educativas de acuerdo a las necesidades del individuo, familia y comunidad, contribuyendo a generar cambios de conductas favorables en salud. Adem\u00e1s, el profesional [&hellip;]\" \/>\n<meta property=\"og:url\" content=\"https:\/\/medicina.udd.cl\/enfermeria-santiago\/perfil-de-egreso-de-enfermeria\/\" \/>\n<meta property=\"og:site_name\" content=\"Enfermer\u00eda UDD\" \/>\n<meta property=\"article:modified_time\" content=\"2016-09-21T14:29:57+00:00\" \/>\n<meta property=\"og:image\" content=\"http:\/\/medicina.udd.cl\/enfermeria-santiago\/files\/2015\/09\/egresados-web-2-300x199.jpg\" \/>\n<meta name=\"twitter:label1\" content=\"Tiempo de lectura\" \/>\n\t<meta name=\"twitter:data1\" content=\"1 minuto\" \/>\n<script type=\"application\/ld+json\" class=\"yoast-schema-graph\">{\"@context\":\"https:\/\/schema.org\",\"@graph\":[{\"@type\":\"WebPage\",\"@id\":\"https:\/\/medicina.udd.cl\/enfermeria-santiago\/perfil-de-egreso-de-enfermeria\/\",\"url\":\"https:\/\/medicina.udd.cl\/enfermeria-santiago\/perfil-de-egreso-de-enfermeria\/\",\"name\":\"Perfil de Egreso de Enfermer\u00eda - Enfermer\u00eda UDD\",\"isPartOf\":{\"@id\":\"https:\/\/medicina.udd.cl\/enfermeria-santiago\/#website\"},\"primaryImageOfPage\":{\"@id\":\"https:\/\/medicina.udd.cl\/enfermeria-santiago\/perfil-de-egreso-de-enfermeria\/#primaryimage\"},\"image\":{\"@id\":\"https:\/\/medicina.udd.cl\/enfermeria-santiago\/perfil-de-egreso-de-enfermeria\/#primaryimage\"},\"thumbnailUrl\":\"http:\/\/medicina.udd.cl\/enfermeria-santiago\/files\/2015\/09\/egresados-web-2-300x199.jpg\",\"datePublished\":\"2015-09-02T18:17:11+00:00\",\"dateModified\":\"2016-09-21T14:29:57+00:00\",\"breadcrumb\":{\"@id\":\"https:\/\/medicina.udd.cl\/enfermeria-santiago\/perfil-de-egreso-de-enfermeria\/#breadcrumb\"},\"inLanguage\":\"es\",\"potentialAction\":[{\"@type\":\"ReadAction\",\"target\":[\"https:\/\/medicina.udd.cl\/enfermeria-santiago\/perfil-de-egreso-de-enfermeria\/\"]}]},{\"@type\":\"ImageObject\",\"inLanguage\":\"es\",\"@id\":\"https:\/\/medicina.udd.cl\/enfermeria-santiago\/perfil-de-egreso-de-enfermeria\/#primaryimage\",\"url\":\"http:\/\/medicina.udd.cl\/enfermeria-santiago\/files\/2015\/09\/egresados-web-2-300x199.jpg\",\"contentUrl\":\"http:\/\/medicina.udd.cl\/enfermeria-santiago\/files\/2015\/09\/egresados-web-2-300x199.jpg\"},{\"@type\":\"BreadcrumbList\",\"@id\":\"https:\/\/medicina.udd.cl\/enfermeria-santiago\/perfil-de-egreso-de-enfermeria\/#breadcrumb\",\"itemListElement\":[{\"@type\":\"ListItem\",\"position\":1,\"name\":\"Home\",\"item\":\"https:\/\/medicina.udd.cl\/enfermeria-santiago\/\"},{\"@type\":\"ListItem\",\"position\":2,\"name\":\"Perfil de Egreso de Enfermer\u00eda\"}]},{\"@type\":\"WebSite\",\"@id\":\"https:\/\/medicina.udd.cl\/enfermeria-santiago\/#website\",\"url\":\"https:\/\/medicina.udd.cl\/enfermeria-santiago\/\",\"name\":\"Enfermer\u00eda UDD\",\"description\":\"Facultad de Medicina Cl\u00ednica Alemana Universidad del Desarrollo\",\"inLanguage\":\"es\"}]}<\/script>\n<!-- \/ Yoast SEO plugin. -->","yoast_head_json":{"title":"Perfil de Egreso de Enfermer\u00eda - Enfermer\u00eda UDD","robots":{"index":"index","follow":"follow","max-snippet":"max-snippet:-1","max-image-preview":"max-image-preview:large","max-video-preview":"max-video-preview:-1"},"canonical":"https:\/\/medicina.udd.cl\/enfermeria-santiago\/perfil-de-egreso-de-enfermeria\/","og_locale":"es_ES","og_type":"article","og_title":"Perfil de Egreso de Enfermer\u00eda - Enfermer\u00eda UDD","og_description":"Nuestro(a) egresado(a) debe ser capaz de proporcionar cuidado integral al individuo, familia y comunidad, aplicando el proceso de atenci\u00f3n de enfermer\u00eda, a nivel de promoci\u00f3n, prevenci\u00f3n, recuperaci\u00f3n y rehabilitaci\u00f3n. Debe realizar intervenciones educativas de acuerdo a las necesidades del individuo, familia y comunidad, contribuyendo a generar cambios de conductas favorables en salud. Adem\u00e1s, el profesional [&hellip;]","og_url":"https:\/\/medicina.udd.cl\/enfermeria-santiago\/perfil-de-egreso-de-enfermeria\/","og_site_name":"Enfermer\u00eda UDD","article_modified_time":"2016-09-21T14:29:57+00:00","og_image":[{"url":"http:\/\/medicina.udd.cl\/enfermeria-santiago\/files\/2015\/09\/egresados-web-2-300x199.jpg","type":"","width":"","height":""}],"twitter_misc":{"Tiempo de lectura":"1 minuto"},"schema":{"@context":"https:\/\/schema.org","@graph":[{"@type":"WebPage","@id":"https:\/\/medicina.udd.cl\/enfermeria-santiago\/perfil-de-egreso-de-enfermeria\/","url":"https:\/\/medicina.udd.cl\/enfermeria-santiago\/perfil-de-egreso-de-enfermeria\/","name":"Perfil de Egreso de Enfermer\u00eda - Enfermer\u00eda UDD","isPartOf":{"@id":"https:\/\/medicina.udd.cl\/enfermeria-santiago\/#website"},"primaryImageOfPage":{"@id":"https:\/\/medicina.udd.cl\/enfermeria-santiago\/perfil-de-egreso-de-enfermeria\/#primaryimage"},"image":{"@id":"https:\/\/medicina.udd.cl\/enfermeria-santiago\/perfil-de-egreso-de-enfermeria\/#primaryimage"},"thumbnailUrl":"http:\/\/medicina.udd.cl\/enfermeria-santiago\/files\/2015\/09\/egresados-web-2-300x199.jpg","datePublished":"2015-09-02T18:17:11+00:00","dateModified":"2016-09-21T14:29:57+00:00","breadcrumb":{"@id":"https:\/\/medicina.udd.cl\/enfermeria-santiago\/perfil-de-egreso-de-enfermeria\/#breadcrumb"},"inLanguage":"es","potentialAction":[{"@type":"ReadAction","target":["https:\/\/medicina.udd.cl\/enfermeria-santiago\/perfil-de-egreso-de-enfermeria\/"]}]},{"@type":"ImageObject","inLanguage":"es","@id":"https:\/\/medicina.udd.cl\/enfermeria-santiago\/perfil-de-egreso-de-enfermeria\/#primaryimage","url":"http:\/\/medicina.udd.cl\/enfermeria-santiago\/files\/2015\/09\/egresados-web-2-300x199.jpg","contentUrl":"http:\/\/medicina.udd.cl\/enfermeria-santiago\/files\/2015\/09\/egresados-web-2-300x199.jpg"},{"@type":"BreadcrumbList","@id":"https:\/\/medicina.udd.cl\/enfermeria-santiago\/perfil-de-egreso-de-enfermeria\/#breadcrumb","itemListElement":[{"@type":"ListItem","position":1,"name":"Home","item":"https:\/\/medicina.udd.cl\/enfermeria-santiago\/"},{"@type":"ListItem","position":2,"name":"Perfil de Egreso de Enfermer\u00eda"}]},{"@type":"WebSite","@id":"https:\/\/medicina.udd.cl\/enfermeria-santiago\/#website","url":"https:\/\/medicina.udd.cl\/enfermeria-santiago\/","name":"Enfermer\u00eda UDD","description":"Facultad de Medicina Cl\u00ednica Alemana Universidad del Desarrollo","inLanguage":"es"}]}},"_links":{"self":[{"href":"https:\/\/medicina.udd.cl\/enfermeria-santiago\/wp-json\/wp\/v2\/pages\/3005","targetHints":{"allow":["GET"]}}],"collection":[{"href":"https:\/\/medicina.udd.cl\/enfermeria-santiago\/wp-json\/wp\/v2\/pages"}],"about":[{"href":"https:\/\/medicina.udd.cl\/enfermeria-santiago\/wp-json\/wp\/v2\/types\/page"}],"author":[{"embeddable":true,"href":"https:\/\/medicina.udd.cl\/enfermeria-santiago\/wp-json\/wp\/v2\/users\/47"}],"replies":[{"embeddable":true,"href":"https:\/\/medicina.udd.cl\/enfermeria-santiago\/wp-json\/wp\/v2\/comments?post=3005"}],"version-history":[{"count":4,"href":"https:\/\/medicina.udd.cl\/enfermeria-santiago\/wp-json\/wp\/v2\/pages\/3005\/revisions"}],"predecessor-version":[{"id":4253,"href":"https:\/\/medicina.udd.cl\/enfermeria-santiago\/wp-json\/wp\/v2\/pages\/3005\/revisions\/4253"}],"wp:attachment":[{"href":"https:\/\/medicina.udd.cl\/enfermeria-santiago\/wp-json\/wp\/v2\/media?parent=3005"}],"curies":[{"name":"wp","href":"https:\/\/api.w.org\/{rel}","templated":true}]}}