{"id":3015,"date":"2015-09-03T09:26:38","date_gmt":"2015-09-03T12:26:38","guid":{"rendered":"http:\/\/medicina.udd.cl\/enfermeria-santiago\/?page_id=3015"},"modified":"2024-03-18T22:51:59","modified_gmt":"2024-03-19T01:51:59","slug":"competencias-especificas-del-egresado-de-enfermeria","status":"publish","type":"page","link":"https:\/\/medicina.udd.cl\/enfermeria-santiago\/competencias-especificas-del-egresado-de-enfermeria\/","title":{"rendered":"Competencias espec\u00edficas del egresado de Enfermer\u00eda"},"content":{"rendered":"<p><a href=\"http:\/\/medicina.udd.cl\/enfermeria-santiago\/files\/2015\/09\/Enfermer\u00eda-Web-espec\u00edfica.jpg\"><img loading=\"lazy\" decoding=\"async\" class=\"aligncenter size-medium wp-image-3016\" src=\"http:\/\/medicina.udd.cl\/enfermeria-santiago\/files\/2015\/09\/Enfermer\u00eda-Web-espec\u00edfica-300x200.jpg\" alt=\"Enfermer\u00eda Web espec\u00edfica\" width=\"300\" height=\"200\" \/><\/a>\u2022<strong><span style=\"text-decoration: underline\"> \u00c1sistencial<\/span><\/strong><br \/>\nProporcionar cuidado integral y humanizado, basado en evidencia, al individuo, en todo su ciclo vital, a la familia y la comunidad, considerando las diferencias sociales y culturales, aplicando el proceso enfermero a nivel de promoci\u00f3n, prevenci\u00f3n, recuperaci\u00f3n y rehabilitaci\u00f3n, integr\u00e1ndose a equipos interdisciplinarios.<\/p>\n<p><strong><span style=\"text-decoration: underline\">\u2022 Educaci\u00f3n<\/span><\/strong><br \/>\nRealizar intervenciones educativas de acuerdo a las necesidades del individuo, familia y comunidad, contribuyendo a generar cambios de conductas favorables en salud.<\/p>\n<p><strong><span style=\"text-decoration: underline\">\u2022 Gesti\u00f3n<\/span><\/strong><br \/>\nGestionar de manera eficiente y oportuna los recursos humanos y f\u00edsicos para mantener la calidad de los cuidados de Enfermer\u00eda. Demostrar capacidad de iniciar nuevas actividades en beneficio de la salud de personas o comunidades.<\/p>\n<p><strong><span style=\"text-decoration: underline\">\u2022 Investigaci\u00f3n<\/span><\/strong><br \/>\nInvestigar problemas inherentes a la Enfermer\u00eda, utilizando el m\u00e9todo cient\u00edfico como herramienta fundamental, aportando al conocimiento en salud.<\/p>\n","protected":false},"excerpt":{"rendered":"<p>\u2022 \u00c1sistencial Proporcionar cuidado integral y humanizado, basado en evidencia, al individuo, en todo su ciclo vital, a la familia y la comunidad, considerando las diferencias sociales y culturales, aplicando el proceso enfermero a nivel de promoci\u00f3n, prevenci\u00f3n, recuperaci\u00f3n y rehabilitaci\u00f3n, integr\u00e1ndose a equipos interdisciplinarios. \u2022 Educaci\u00f3n Realizar intervenciones educativas de acuerdo a las necesidades [&hellip;]<\/p>\n","protected":false},"author":47,"featured_media":0,"parent":0,"menu_order":0,"comment_status":"open","ping_status":"open","template":"","meta":{"footnotes":""},"class_list":["post-3015","page","type-page","status-publish","hentry"],"yoast_head":"<!-- This site is optimized with the Yoast SEO plugin v26.9 - https:\/\/yoast.com\/product\/yoast-seo-wordpress\/ -->\n<title>Competencias espec\u00edficas del egresado de Enfermer\u00eda - Enfermer\u00eda UDD<\/title>\n<meta name=\"robots\" content=\"index, follow, max-snippet:-1, max-image-preview:large, max-video-preview:-1\" \/>\n<link rel=\"canonical\" href=\"https:\/\/medicina.udd.cl\/enfermeria-santiago\/competencias-especificas-del-egresado-de-enfermeria\/\" \/>\n<meta property=\"og:locale\" content=\"es_ES\" \/>\n<meta property=\"og:type\" content=\"article\" \/>\n<meta property=\"og:title\" content=\"Competencias espec\u00edficas del egresado de Enfermer\u00eda - Enfermer\u00eda UDD\" \/>\n<meta property=\"og:description\" content=\"\u2022 \u00c1sistencial Proporcionar cuidado integral y humanizado, basado en evidencia, al individuo, en todo su ciclo vital, a la familia y la comunidad, considerando las diferencias sociales y culturales, aplicando el proceso enfermero a nivel de promoci\u00f3n, prevenci\u00f3n, recuperaci\u00f3n y rehabilitaci\u00f3n, integr\u00e1ndose a equipos interdisciplinarios. \u2022 Educaci\u00f3n Realizar intervenciones educativas de acuerdo a las necesidades [&hellip;]\" \/>\n<meta property=\"og:url\" content=\"https:\/\/medicina.udd.cl\/enfermeria-santiago\/competencias-especificas-del-egresado-de-enfermeria\/\" \/>\n<meta property=\"og:site_name\" content=\"Enfermer\u00eda UDD\" \/>\n<meta property=\"article:modified_time\" content=\"2024-03-19T01:51:59+00:00\" \/>\n<meta name=\"twitter:label1\" content=\"Tiempo de lectura\" \/>\n\t<meta name=\"twitter:data1\" content=\"1 minuto\" \/>\n<script type=\"application\/ld+json\" class=\"yoast-schema-graph\">{\"@context\":\"https:\/\/schema.org\",\"@graph\":[{\"@type\":\"WebPage\",\"@id\":\"https:\/\/medicina.udd.cl\/enfermeria-santiago\/competencias-especificas-del-egresado-de-enfermeria\/\",\"url\":\"https:\/\/medicina.udd.cl\/enfermeria-santiago\/competencias-especificas-del-egresado-de-enfermeria\/\",\"name\":\"Competencias espec\u00edficas del egresado de Enfermer\u00eda - Enfermer\u00eda UDD\",\"isPartOf\":{\"@id\":\"https:\/\/medicina.udd.cl\/enfermeria-santiago\/#website\"},\"datePublished\":\"2015-09-03T12:26:38+00:00\",\"dateModified\":\"2024-03-19T01:51:59+00:00\",\"breadcrumb\":{\"@id\":\"https:\/\/medicina.udd.cl\/enfermeria-santiago\/competencias-especificas-del-egresado-de-enfermeria\/#breadcrumb\"},\"inLanguage\":\"es\",\"potentialAction\":[{\"@type\":\"ReadAction\",\"target\":[\"https:\/\/medicina.udd.cl\/enfermeria-santiago\/competencias-especificas-del-egresado-de-enfermeria\/\"]}]},{\"@type\":\"BreadcrumbList\",\"@id\":\"https:\/\/medicina.udd.cl\/enfermeria-santiago\/competencias-especificas-del-egresado-de-enfermeria\/#breadcrumb\",\"itemListElement\":[{\"@type\":\"ListItem\",\"position\":1,\"name\":\"Home\",\"item\":\"https:\/\/medicina.udd.cl\/enfermeria-santiago\/\"},{\"@type\":\"ListItem\",\"position\":2,\"name\":\"Competencias espec\u00edficas del egresado de Enfermer\u00eda\"}]},{\"@type\":\"WebSite\",\"@id\":\"https:\/\/medicina.udd.cl\/enfermeria-santiago\/#website\",\"url\":\"https:\/\/medicina.udd.cl\/enfermeria-santiago\/\",\"name\":\"Enfermer\u00eda UDD\",\"description\":\"Facultad de Medicina Cl\u00ednica Alemana Universidad del Desarrollo\",\"inLanguage\":\"es\"}]}<\/script>\n<!-- \/ Yoast SEO plugin. -->","yoast_head_json":{"title":"Competencias espec\u00edficas del egresado de Enfermer\u00eda - Enfermer\u00eda UDD","robots":{"index":"index","follow":"follow","max-snippet":"max-snippet:-1","max-image-preview":"max-image-preview:large","max-video-preview":"max-video-preview:-1"},"canonical":"https:\/\/medicina.udd.cl\/enfermeria-santiago\/competencias-especificas-del-egresado-de-enfermeria\/","og_locale":"es_ES","og_type":"article","og_title":"Competencias espec\u00edficas del egresado de Enfermer\u00eda - Enfermer\u00eda UDD","og_description":"\u2022 \u00c1sistencial Proporcionar cuidado integral y humanizado, basado en evidencia, al individuo, en todo su ciclo vital, a la familia y la comunidad, considerando las diferencias sociales y culturales, aplicando el proceso enfermero a nivel de promoci\u00f3n, prevenci\u00f3n, recuperaci\u00f3n y rehabilitaci\u00f3n, integr\u00e1ndose a equipos interdisciplinarios. \u2022 Educaci\u00f3n Realizar intervenciones educativas de acuerdo a las necesidades [&hellip;]","og_url":"https:\/\/medicina.udd.cl\/enfermeria-santiago\/competencias-especificas-del-egresado-de-enfermeria\/","og_site_name":"Enfermer\u00eda UDD","article_modified_time":"2024-03-19T01:51:59+00:00","twitter_misc":{"Tiempo de lectura":"1 minuto"},"schema":{"@context":"https:\/\/schema.org","@graph":[{"@type":"WebPage","@id":"https:\/\/medicina.udd.cl\/enfermeria-santiago\/competencias-especificas-del-egresado-de-enfermeria\/","url":"https:\/\/medicina.udd.cl\/enfermeria-santiago\/competencias-especificas-del-egresado-de-enfermeria\/","name":"Competencias espec\u00edficas del egresado de Enfermer\u00eda - Enfermer\u00eda UDD","isPartOf":{"@id":"https:\/\/medicina.udd.cl\/enfermeria-santiago\/#website"},"datePublished":"2015-09-03T12:26:38+00:00","dateModified":"2024-03-19T01:51:59+00:00","breadcrumb":{"@id":"https:\/\/medicina.udd.cl\/enfermeria-santiago\/competencias-especificas-del-egresado-de-enfermeria\/#breadcrumb"},"inLanguage":"es","potentialAction":[{"@type":"ReadAction","target":["https:\/\/medicina.udd.cl\/enfermeria-santiago\/competencias-especificas-del-egresado-de-enfermeria\/"]}]},{"@type":"BreadcrumbList","@id":"https:\/\/medicina.udd.cl\/enfermeria-santiago\/competencias-especificas-del-egresado-de-enfermeria\/#breadcrumb","itemListElement":[{"@type":"ListItem","position":1,"name":"Home","item":"https:\/\/medicina.udd.cl\/enfermeria-santiago\/"},{"@type":"ListItem","position":2,"name":"Competencias espec\u00edficas del egresado de Enfermer\u00eda"}]},{"@type":"WebSite","@id":"https:\/\/medicina.udd.cl\/enfermeria-santiago\/#website","url":"https:\/\/medicina.udd.cl\/enfermeria-santiago\/","name":"Enfermer\u00eda UDD","description":"Facultad de Medicina Cl\u00ednica Alemana Universidad del Desarrollo","inLanguage":"es"}]}},"_links":{"self":[{"href":"https:\/\/medicina.udd.cl\/enfermeria-santiago\/wp-json\/wp\/v2\/pages\/3015","targetHints":{"allow":["GET"]}}],"collection":[{"href":"https:\/\/medicina.udd.cl\/enfermeria-santiago\/wp-json\/wp\/v2\/pages"}],"about":[{"href":"https:\/\/medicina.udd.cl\/enfermeria-santiago\/wp-json\/wp\/v2\/types\/page"}],"author":[{"embeddable":true,"href":"https:\/\/medicina.udd.cl\/enfermeria-santiago\/wp-json\/wp\/v2\/users\/47"}],"replies":[{"embeddable":true,"href":"https:\/\/medicina.udd.cl\/enfermeria-santiago\/wp-json\/wp\/v2\/comments?post=3015"}],"version-history":[{"count":3,"href":"https:\/\/medicina.udd.cl\/enfermeria-santiago\/wp-json\/wp\/v2\/pages\/3015\/revisions"}],"predecessor-version":[{"id":8826,"href":"https:\/\/medicina.udd.cl\/enfermeria-santiago\/wp-json\/wp\/v2\/pages\/3015\/revisions\/8826"}],"wp:attachment":[{"href":"https:\/\/medicina.udd.cl\/enfermeria-santiago\/wp-json\/wp\/v2\/media?parent=3015"}],"curies":[{"name":"wp","href":"https:\/\/api.w.org\/{rel}","templated":true}]}}