{"id":4859,"date":"2017-06-13T11:44:26","date_gmt":"2017-06-13T15:44:26","guid":{"rendered":"http:\/\/medicina.udd.cl\/enfermeria-santiago\/?page_id=4859"},"modified":"2017-06-13T15:48:48","modified_gmt":"2017-06-13T19:48:48","slug":"i-seminario-internacional","status":"publish","type":"page","link":"https:\/\/medicina.udd.cl\/enfermeria-santiago\/enfermeria-de-practica-avanzada\/i-seminario-internacional\/","title":{"rendered":"I Seminario Internacional"},"content":{"rendered":"<h4 style=\"text-align: center\"><span style=\"color: #008080\">\u00abCuidado avanzado en Enfermer\u00eda: Un desaf\u00edo hacia la excelencia del cuidar\u00bb<\/span><\/h4>\n<p style=\"text-align: center\"><strong>\u00a0Noviembre, 2015<\/strong><\/p>\n<div id=\"gallery-1\" class=\"carousel slide carousel-gallery\" data-ride=\"false\" data-interval=\"false\"><div class=\"carousel-inner\" role=\"listbox\"><figure class=\"carousel-item active\"><img loading=\"lazy\" decoding=\"async\" width=\"675\" height=\"450\" src=\"https:\/\/medicina.udd.cl\/enfermeria-santiago\/files\/2015\/11\/Magister-de-Enfermer\u00eda-18.jpg\" class=\"attachment-landscape_952 size-landscape_952\" alt=\"\" srcset=\"https:\/\/medicina.udd.cl\/enfermeria-santiago\/files\/2015\/11\/Magister-de-Enfermer\u00eda-18.jpg 675w, https:\/\/medicina.udd.cl\/enfermeria-santiago\/files\/2015\/11\/Magister-de-Enfermer\u00eda-18-300x200.jpg 300w\" sizes=\"auto, (max-width: 675px) 100vw, 675px\" \/><\/figure><figure class=\"carousel-item\"><img loading=\"lazy\" decoding=\"async\" width=\"675\" height=\"450\" src=\"https:\/\/medicina.udd.cl\/enfermeria-santiago\/files\/2015\/11\/Magister-de-Enfermer\u00eda-1.jpg\" class=\"attachment-landscape_952 size-landscape_952\" alt=\"\" srcset=\"https:\/\/medicina.udd.cl\/enfermeria-santiago\/files\/2015\/11\/Magister-de-Enfermer\u00eda-1.jpg 675w, https:\/\/medicina.udd.cl\/enfermeria-santiago\/files\/2015\/11\/Magister-de-Enfermer\u00eda-1-300x200.jpg 300w\" sizes=\"auto, (max-width: 675px) 100vw, 675px\" \/><\/figure><figure class=\"carousel-item\"><img loading=\"lazy\" decoding=\"async\" width=\"675\" height=\"450\" src=\"https:\/\/medicina.udd.cl\/enfermeria-santiago\/files\/2015\/11\/Magister-de-Enfermer\u00eda-2.jpg\" class=\"attachment-landscape_952 size-landscape_952\" alt=\"\" srcset=\"https:\/\/medicina.udd.cl\/enfermeria-santiago\/files\/2015\/11\/Magister-de-Enfermer\u00eda-2.jpg 675w, https:\/\/medicina.udd.cl\/enfermeria-santiago\/files\/2015\/11\/Magister-de-Enfermer\u00eda-2-300x200.jpg 300w\" sizes=\"auto, (max-width: 675px) 100vw, 675px\" \/><\/figure><figure class=\"carousel-item\"><img loading=\"lazy\" decoding=\"async\" width=\"675\" height=\"450\" src=\"https:\/\/medicina.udd.cl\/enfermeria-santiago\/files\/2015\/11\/Magister-de-Enfermer\u00eda-3.jpg\" class=\"attachment-landscape_952 size-landscape_952\" alt=\"\" srcset=\"https:\/\/medicina.udd.cl\/enfermeria-santiago\/files\/2015\/11\/Magister-de-Enfermer\u00eda-3.jpg 675w, https:\/\/medicina.udd.cl\/enfermeria-santiago\/files\/2015\/11\/Magister-de-Enfermer\u00eda-3-300x200.jpg 300w\" sizes=\"auto, (max-width: 675px) 100vw, 675px\" \/><\/figure><figure class=\"carousel-item\"><img loading=\"lazy\" decoding=\"async\" width=\"675\" height=\"450\" src=\"https:\/\/medicina.udd.cl\/enfermeria-santiago\/files\/2015\/11\/Magister-de-Enfermer\u00eda-4.jpg\" class=\"attachment-landscape_952 size-landscape_952\" alt=\"\" srcset=\"https:\/\/medicina.udd.cl\/enfermeria-santiago\/files\/2015\/11\/Magister-de-Enfermer\u00eda-4.jpg 675w, https:\/\/medicina.udd.cl\/enfermeria-santiago\/files\/2015\/11\/Magister-de-Enfermer\u00eda-4-300x200.jpg 300w\" sizes=\"auto, (max-width: 675px) 100vw, 675px\" \/><\/figure><figure class=\"carousel-item\"><img loading=\"lazy\" decoding=\"async\" width=\"675\" height=\"450\" src=\"https:\/\/medicina.udd.cl\/enfermeria-santiago\/files\/2015\/11\/Magister-de-Enfermer\u00eda-5.jpg\" class=\"attachment-landscape_952 size-landscape_952\" alt=\"\" srcset=\"https:\/\/medicina.udd.cl\/enfermeria-santiago\/files\/2015\/11\/Magister-de-Enfermer\u00eda-5.jpg 675w, https:\/\/medicina.udd.cl\/enfermeria-santiago\/files\/2015\/11\/Magister-de-Enfermer\u00eda-5-300x200.jpg 300w\" sizes=\"auto, (max-width: 675px) 100vw, 675px\" \/><\/figure><figure class=\"carousel-item\"><img loading=\"lazy\" decoding=\"async\" width=\"675\" height=\"450\" src=\"https:\/\/medicina.udd.cl\/enfermeria-santiago\/files\/2015\/11\/Magister-de-Enfermer\u00eda-6.jpg\" class=\"attachment-landscape_952 size-landscape_952\" alt=\"\" srcset=\"https:\/\/medicina.udd.cl\/enfermeria-santiago\/files\/2015\/11\/Magister-de-Enfermer\u00eda-6.jpg 675w, https:\/\/medicina.udd.cl\/enfermeria-santiago\/files\/2015\/11\/Magister-de-Enfermer\u00eda-6-300x200.jpg 300w\" sizes=\"auto, (max-width: 675px) 100vw, 675px\" \/><\/figure><figure class=\"carousel-item\"><img loading=\"lazy\" decoding=\"async\" width=\"675\" height=\"450\" src=\"https:\/\/medicina.udd.cl\/enfermeria-santiago\/files\/2015\/11\/Magister-de-Enfermer\u00eda-7.jpg\" class=\"attachment-landscape_952 size-landscape_952\" alt=\"\" srcset=\"https:\/\/medicina.udd.cl\/enfermeria-santiago\/files\/2015\/11\/Magister-de-Enfermer\u00eda-7.jpg 675w, https:\/\/medicina.udd.cl\/enfermeria-santiago\/files\/2015\/11\/Magister-de-Enfermer\u00eda-7-300x200.jpg 300w\" sizes=\"auto, (max-width: 675px) 100vw, 675px\" \/><\/figure><figure class=\"carousel-item\"><img loading=\"lazy\" decoding=\"async\" width=\"675\" height=\"450\" src=\"https:\/\/medicina.udd.cl\/enfermeria-santiago\/files\/2015\/11\/Magister-de-Enfermer\u00eda-8.jpg\" class=\"attachment-landscape_952 size-landscape_952\" alt=\"\" srcset=\"https:\/\/medicina.udd.cl\/enfermeria-santiago\/files\/2015\/11\/Magister-de-Enfermer\u00eda-8.jpg 675w, https:\/\/medicina.udd.cl\/enfermeria-santiago\/files\/2015\/11\/Magister-de-Enfermer\u00eda-8-300x200.jpg 300w\" sizes=\"auto, (max-width: 675px) 100vw, 675px\" \/><\/figure><figure class=\"carousel-item\"><img loading=\"lazy\" decoding=\"async\" width=\"675\" height=\"450\" src=\"https:\/\/medicina.udd.cl\/enfermeria-santiago\/files\/2015\/11\/Magister-de-Enfermer\u00eda-9.jpg\" class=\"attachment-landscape_952 size-landscape_952\" alt=\"\" srcset=\"https:\/\/medicina.udd.cl\/enfermeria-santiago\/files\/2015\/11\/Magister-de-Enfermer\u00eda-9.jpg 675w, https:\/\/medicina.udd.cl\/enfermeria-santiago\/files\/2015\/11\/Magister-de-Enfermer\u00eda-9-300x200.jpg 300w\" sizes=\"auto, (max-width: 675px) 100vw, 675px\" \/><\/figure><figure class=\"carousel-item\"><img loading=\"lazy\" decoding=\"async\" width=\"675\" height=\"450\" src=\"https:\/\/medicina.udd.cl\/enfermeria-santiago\/files\/2015\/11\/Magister-de-Enfermer\u00eda-10.jpg\" class=\"attachment-landscape_952 size-landscape_952\" alt=\"\" srcset=\"https:\/\/medicina.udd.cl\/enfermeria-santiago\/files\/2015\/11\/Magister-de-Enfermer\u00eda-10.jpg 675w, https:\/\/medicina.udd.cl\/enfermeria-santiago\/files\/2015\/11\/Magister-de-Enfermer\u00eda-10-300x200.jpg 300w\" sizes=\"auto, (max-width: 675px) 100vw, 675px\" \/><\/figure><figure class=\"carousel-item\"><img loading=\"lazy\" decoding=\"async\" width=\"675\" height=\"450\" src=\"https:\/\/medicina.udd.cl\/enfermeria-santiago\/files\/2015\/11\/Magister-de-Enfermer\u00eda-11.jpg\" class=\"attachment-landscape_952 size-landscape_952\" alt=\"\" srcset=\"https:\/\/medicina.udd.cl\/enfermeria-santiago\/files\/2015\/11\/Magister-de-Enfermer\u00eda-11.jpg 675w, https:\/\/medicina.udd.cl\/enfermeria-santiago\/files\/2015\/11\/Magister-de-Enfermer\u00eda-11-300x200.jpg 300w\" sizes=\"auto, (max-width: 675px) 100vw, 675px\" \/><\/figure><figure class=\"carousel-item\"><img loading=\"lazy\" decoding=\"async\" width=\"675\" height=\"450\" src=\"https:\/\/medicina.udd.cl\/enfermeria-santiago\/files\/2015\/11\/Magister-de-Enfermer\u00eda-12.jpg\" class=\"attachment-landscape_952 size-landscape_952\" alt=\"\" srcset=\"https:\/\/medicina.udd.cl\/enfermeria-santiago\/files\/2015\/11\/Magister-de-Enfermer\u00eda-12.jpg 675w, https:\/\/medicina.udd.cl\/enfermeria-santiago\/files\/2015\/11\/Magister-de-Enfermer\u00eda-12-300x200.jpg 300w\" sizes=\"auto, (max-width: 675px) 100vw, 675px\" \/><\/figure><\/div><footer class=\"carousel-footer\"><div class=\"carousel-counter\"><span class=\"carousel-counter-current\"><\/span> \/ <span class=\"carousel-counter-total\"><\/span><\/div><a class=\"carousel-control-prev\" href=\"#gallery-1\" role=\"button\" data-slide=\"prev\"><svg aria-hidden=\"true\" class=\"svg-chevron-left-dims\"><use xlink:href='https:\/\/medicina.udd.cl\/enfermeria-santiago\/wp-content\/themes\/facultades-2018\/assets\/img\/svg\/dist\/main.svg?version=1695853099#chevron-left'><\/use><\/svg><span class=\"sr-only\">Anterior<\/span><\/a><a class=\"carousel-control-next\" href=\"#gallery-1\" role=\"button\" data-slide=\"next\"><svg aria-hidden=\"true\" class=\"svg-chevron-right-dims\"><use xlink:href='https:\/\/medicina.udd.cl\/enfermeria-santiago\/wp-content\/themes\/facultades-2018\/assets\/img\/svg\/dist\/main.svg?version=1695853099#chevron-right'><\/use><\/svg><span class=\"sr-only\">Siguiente<\/span><\/a><\/footer><\/div>\n<h4><span style=\"color: #008080\">Programa<\/span><\/h4>\n<ul>\n<li style=\"text-align: justify\"><em>Palabras de bienvenida<\/em><br \/>\n<strong>Doctora Liliana Jadue<\/strong>, vicedecana de las Carreras de la Salud<\/li>\n<\/ul>\n<ul>\n<li style=\"text-align: justify\"><em>Presentaci\u00f3n<\/em>: Visi\u00f3n institucional de los programas de mag\u00edster profesionales<br \/>\n<strong>Olga Pizarro<\/strong>, directora de Postgrado de la Universidad del Desarrollo<\/li>\n<\/ul>\n<ul>\n<li style=\"text-align: justify\"><em>Conferencia<\/em>:\u00a0Cuidados avanzados versus pr\u00e1ctica avanzada<br \/>\n<strong>Claudia P\u00e9rez<\/strong>, direrctora de Enfermer\u00eda UDD<\/li>\n<\/ul>\n<ul>\n<li style=\"text-align: justify\"><em>Conferencia<\/em>:\u00a0Tendencia mundial y regional en pro del mejoramiento de la atenci\u00f3n de sal<br \/>\n<strong>Lynda Wilson,<\/strong> acad\u00e9mica de la Escuela de Enfermer\u00eda de la Universidad de Alabama, Birmingham<\/li>\n<\/ul>\n<ul>\n<li style=\"text-align: justify\"><em>Conferencia<\/em>:\u00a0Informe del Instituto de Medicina y rol de la Enfermera de Cuidados Avanzados<br \/>\n<strong>Claudia Swanton<\/strong>, directora del programa <em>Nurse Practitioner <\/em>de\u00a0Mayo School of Health Sciences, Rochester<\/li>\n<\/ul>\n<ul>\n<li style=\"text-align: justify\"><em>Conferencia:<\/em>\u00a0La formaci\u00f3n de postgrado en enfermer\u00eda: importancia de los mag\u00edster profesionales<br \/>\n<strong>Lynda Wilson,<\/strong> acad\u00e9mica de la Escuela de Enfermer\u00eda de la Universidad de Alabama, Birmingham<\/li>\n<\/ul>\n<ul>\n<li style=\"text-align: justify\"><em>Mesa redonda<\/em>:\u00a0Experiencias sobre el cuidado avanzado entre centros formadores y organizaciones de salud\/ educaci\u00f3n<br \/>\n<strong>Paz Soto<\/strong>, profesora titular de la Pontificia Universidad Cat\u00f3lica de Chile, presidenta de ACHIEEN<br \/>\n<strong>Mar\u00eda Consuelo Cer\u00f3n<\/strong>, directora de la Escuela de Enfermer\u00eda de la Universidad de los Andes<br \/>\n<strong>Maritza Navea<\/strong>, directora de Enfermer\u00eda en la Cl\u00ednica Alemana de Santiago<br \/>\n<strong>Claudio C\u00e1ceres<\/strong>, vicepresidente de Desarrollo Profesional del Colegio de Enfermeras<br \/>\n<strong>Antonio Infante<\/strong>, director del Servicio Salud Metropolitano Sur Oriente<\/li>\n<\/ul>\n","protected":false},"excerpt":{"rendered":"<p>\u00abCuidado avanzado en Enfermer\u00eda: Un desaf\u00edo hacia la excelencia del cuidar\u00bb \u00a0Noviembre, 2015 Programa Palabras de bienvenida Doctora Liliana Jadue, vicedecana de las Carreras de la Salud Presentaci\u00f3n: Visi\u00f3n institucional de los programas de mag\u00edster profesionales Olga Pizarro, directora de Postgrado de la Universidad del Desarrollo Conferencia:\u00a0Cuidados avanzados versus pr\u00e1ctica avanzada Claudia P\u00e9rez, direrctora de [&hellip;]<\/p>\n","protected":false},"author":9192192,"featured_media":0,"parent":4863,"menu_order":1,"comment_status":"closed","ping_status":"closed","template":"","meta":{"footnotes":""},"class_list":["post-4859","page","type-page","status-publish","hentry"],"yoast_head":"<!-- This site is optimized with the Yoast SEO plugin v26.9 - https:\/\/yoast.com\/product\/yoast-seo-wordpress\/ -->\n<title>I Seminario Internacional - Enfermer\u00eda UDD<\/title>\n<meta name=\"robots\" content=\"index, follow, max-snippet:-1, max-image-preview:large, max-video-preview:-1\" \/>\n<link rel=\"canonical\" href=\"https:\/\/medicina.udd.cl\/enfermeria-santiago\/enfermeria-de-practica-avanzada\/i-seminario-internacional\/\" \/>\n<meta property=\"og:locale\" content=\"es_ES\" \/>\n<meta property=\"og:type\" content=\"article\" \/>\n<meta property=\"og:title\" content=\"I Seminario Internacional - Enfermer\u00eda UDD\" \/>\n<meta property=\"og:description\" content=\"\u00abCuidado avanzado en Enfermer\u00eda: Un desaf\u00edo hacia la excelencia del cuidar\u00bb \u00a0Noviembre, 2015 Programa Palabras de bienvenida Doctora Liliana Jadue, vicedecana de las Carreras de la Salud Presentaci\u00f3n: Visi\u00f3n institucional de los programas de mag\u00edster profesionales Olga Pizarro, directora de Postgrado de la Universidad del Desarrollo Conferencia:\u00a0Cuidados avanzados versus pr\u00e1ctica avanzada Claudia P\u00e9rez, direrctora de [&hellip;]\" \/>\n<meta property=\"og:url\" content=\"https:\/\/medicina.udd.cl\/enfermeria-santiago\/enfermeria-de-practica-avanzada\/i-seminario-internacional\/\" \/>\n<meta property=\"og:site_name\" content=\"Enfermer\u00eda UDD\" \/>\n<meta property=\"article:modified_time\" content=\"2017-06-13T19:48:48+00:00\" \/>\n<meta property=\"og:image\" content=\"https:\/\/medicina.udd.cl\/enfermeria-santiago\/files\/2015\/11\/Magister-de-Enfermer\u00eda-18.jpg\" \/>\n<meta name=\"twitter:label1\" content=\"Tiempo de lectura\" \/>\n\t<meta name=\"twitter:data1\" content=\"1 minuto\" \/>\n<script type=\"application\/ld+json\" class=\"yoast-schema-graph\">{\"@context\":\"https:\/\/schema.org\",\"@graph\":[{\"@type\":\"WebPage\",\"@id\":\"https:\/\/medicina.udd.cl\/enfermeria-santiago\/enfermeria-de-practica-avanzada\/i-seminario-internacional\/\",\"url\":\"https:\/\/medicina.udd.cl\/enfermeria-santiago\/enfermeria-de-practica-avanzada\/i-seminario-internacional\/\",\"name\":\"I Seminario Internacional - Enfermer\u00eda UDD\",\"isPartOf\":{\"@id\":\"https:\/\/medicina.udd.cl\/enfermeria-santiago\/#website\"},\"datePublished\":\"2017-06-13T15:44:26+00:00\",\"dateModified\":\"2017-06-13T19:48:48+00:00\",\"breadcrumb\":{\"@id\":\"https:\/\/medicina.udd.cl\/enfermeria-santiago\/enfermeria-de-practica-avanzada\/i-seminario-internacional\/#breadcrumb\"},\"inLanguage\":\"es\",\"potentialAction\":[{\"@type\":\"ReadAction\",\"target\":[\"https:\/\/medicina.udd.cl\/enfermeria-santiago\/enfermeria-de-practica-avanzada\/i-seminario-internacional\/\"]}]},{\"@type\":\"BreadcrumbList\",\"@id\":\"https:\/\/medicina.udd.cl\/enfermeria-santiago\/enfermeria-de-practica-avanzada\/i-seminario-internacional\/#breadcrumb\",\"itemListElement\":[{\"@type\":\"ListItem\",\"position\":1,\"name\":\"Home\",\"item\":\"https:\/\/medicina.udd.cl\/enfermeria-santiago\/\"},{\"@type\":\"ListItem\",\"position\":2,\"name\":\"Enfermer\u00eda de Pr\u00e1ctica Avanzada\",\"item\":\"https:\/\/medicina.udd.cl\/enfermeria-santiago\/enfermeria-de-practica-avanzada\/\"},{\"@type\":\"ListItem\",\"position\":3,\"name\":\"I Seminario Internacional\"}]},{\"@type\":\"WebSite\",\"@id\":\"https:\/\/medicina.udd.cl\/enfermeria-santiago\/#website\",\"url\":\"https:\/\/medicina.udd.cl\/enfermeria-santiago\/\",\"name\":\"Enfermer\u00eda UDD\",\"description\":\"Facultad de Medicina Cl\u00ednica Alemana Universidad del Desarrollo\",\"inLanguage\":\"es\"}]}<\/script>\n<!-- \/ Yoast SEO plugin. -->","yoast_head_json":{"title":"I Seminario Internacional - Enfermer\u00eda UDD","robots":{"index":"index","follow":"follow","max-snippet":"max-snippet:-1","max-image-preview":"max-image-preview:large","max-video-preview":"max-video-preview:-1"},"canonical":"https:\/\/medicina.udd.cl\/enfermeria-santiago\/enfermeria-de-practica-avanzada\/i-seminario-internacional\/","og_locale":"es_ES","og_type":"article","og_title":"I Seminario Internacional - Enfermer\u00eda UDD","og_description":"\u00abCuidado avanzado en Enfermer\u00eda: Un desaf\u00edo hacia la excelencia del cuidar\u00bb \u00a0Noviembre, 2015 Programa Palabras de bienvenida Doctora Liliana Jadue, vicedecana de las Carreras de la Salud Presentaci\u00f3n: Visi\u00f3n institucional de los programas de mag\u00edster profesionales Olga Pizarro, directora de Postgrado de la Universidad del Desarrollo Conferencia:\u00a0Cuidados avanzados versus pr\u00e1ctica avanzada Claudia P\u00e9rez, direrctora de [&hellip;]","og_url":"https:\/\/medicina.udd.cl\/enfermeria-santiago\/enfermeria-de-practica-avanzada\/i-seminario-internacional\/","og_site_name":"Enfermer\u00eda UDD","article_modified_time":"2017-06-13T19:48:48+00:00","og_image":[{"url":"https:\/\/medicina.udd.cl\/enfermeria-santiago\/files\/2015\/11\/Magister-de-Enfermer\u00eda-18.jpg","type":"","width":"","height":""}],"twitter_misc":{"Tiempo de lectura":"1 minuto"},"schema":{"@context":"https:\/\/schema.org","@graph":[{"@type":"WebPage","@id":"https:\/\/medicina.udd.cl\/enfermeria-santiago\/enfermeria-de-practica-avanzada\/i-seminario-internacional\/","url":"https:\/\/medicina.udd.cl\/enfermeria-santiago\/enfermeria-de-practica-avanzada\/i-seminario-internacional\/","name":"I Seminario Internacional - Enfermer\u00eda UDD","isPartOf":{"@id":"https:\/\/medicina.udd.cl\/enfermeria-santiago\/#website"},"datePublished":"2017-06-13T15:44:26+00:00","dateModified":"2017-06-13T19:48:48+00:00","breadcrumb":{"@id":"https:\/\/medicina.udd.cl\/enfermeria-santiago\/enfermeria-de-practica-avanzada\/i-seminario-internacional\/#breadcrumb"},"inLanguage":"es","potentialAction":[{"@type":"ReadAction","target":["https:\/\/medicina.udd.cl\/enfermeria-santiago\/enfermeria-de-practica-avanzada\/i-seminario-internacional\/"]}]},{"@type":"BreadcrumbList","@id":"https:\/\/medicina.udd.cl\/enfermeria-santiago\/enfermeria-de-practica-avanzada\/i-seminario-internacional\/#breadcrumb","itemListElement":[{"@type":"ListItem","position":1,"name":"Home","item":"https:\/\/medicina.udd.cl\/enfermeria-santiago\/"},{"@type":"ListItem","position":2,"name":"Enfermer\u00eda de Pr\u00e1ctica Avanzada","item":"https:\/\/medicina.udd.cl\/enfermeria-santiago\/enfermeria-de-practica-avanzada\/"},{"@type":"ListItem","position":3,"name":"I Seminario Internacional"}]},{"@type":"WebSite","@id":"https:\/\/medicina.udd.cl\/enfermeria-santiago\/#website","url":"https:\/\/medicina.udd.cl\/enfermeria-santiago\/","name":"Enfermer\u00eda UDD","description":"Facultad de Medicina Cl\u00ednica Alemana Universidad del Desarrollo","inLanguage":"es"}]}},"_links":{"self":[{"href":"https:\/\/medicina.udd.cl\/enfermeria-santiago\/wp-json\/wp\/v2\/pages\/4859","targetHints":{"allow":["GET"]}}],"collection":[{"href":"https:\/\/medicina.udd.cl\/enfermeria-santiago\/wp-json\/wp\/v2\/pages"}],"about":[{"href":"https:\/\/medicina.udd.cl\/enfermeria-santiago\/wp-json\/wp\/v2\/types\/page"}],"author":[{"embeddable":true,"href":"https:\/\/medicina.udd.cl\/enfermeria-santiago\/wp-json\/wp\/v2\/users\/9192192"}],"replies":[{"embeddable":true,"href":"https:\/\/medicina.udd.cl\/enfermeria-santiago\/wp-json\/wp\/v2\/comments?post=4859"}],"version-history":[{"count":6,"href":"https:\/\/medicina.udd.cl\/enfermeria-santiago\/wp-json\/wp\/v2\/pages\/4859\/revisions"}],"predecessor-version":[{"id":4878,"href":"https:\/\/medicina.udd.cl\/enfermeria-santiago\/wp-json\/wp\/v2\/pages\/4859\/revisions\/4878"}],"up":[{"embeddable":true,"href":"https:\/\/medicina.udd.cl\/enfermeria-santiago\/wp-json\/wp\/v2\/pages\/4863"}],"wp:attachment":[{"href":"https:\/\/medicina.udd.cl\/enfermeria-santiago\/wp-json\/wp\/v2\/media?parent=4859"}],"curies":[{"name":"wp","href":"https:\/\/api.w.org\/{rel}","templated":true}]}}