{"id":5822,"date":"2019-08-08T17:37:13","date_gmt":"2019-08-08T21:37:13","guid":{"rendered":"http:\/\/medicina.udd.cl\/enfermeria-santiago\/?page_id=5822"},"modified":"2024-03-18T23:12:21","modified_gmt":"2024-03-19T02:12:21","slug":"perfil-de-egreso","status":"publish","type":"page","link":"https:\/\/medicina.udd.cl\/enfermeria-santiago\/perfil-de-egreso\/","title":{"rendered":"Perfil de Egreso"},"content":{"rendered":"\n<figure class=\"wp-block-image aligncenter is-resized\"><img loading=\"lazy\" decoding=\"async\" width=\"1024\" height=\"643\" src=\"https:\/\/medicina.udd.cl\/enfermeria-santiago\/files\/2019\/08\/Enfermer\u00eda-1-1024x643.jpg\" alt=\"\" class=\"wp-image-5819\" style=\"width:512px;height:322px\" srcset=\"https:\/\/medicina.udd.cl\/enfermeria-santiago\/files\/2019\/08\/Enfermer\u00eda-1-1024x643.jpg 1024w, https:\/\/medicina.udd.cl\/enfermeria-santiago\/files\/2019\/08\/Enfermer\u00eda-1-300x188.jpg 300w, https:\/\/medicina.udd.cl\/enfermeria-santiago\/files\/2019\/08\/Enfermer\u00eda-1-768x483.jpg 768w\" sizes=\"auto, (max-width: 1024px) 100vw, 1024px\" \/><\/figure>\n\n\n\n<p>Las(os) tituladas(os) son capaces de proporcionar cuidado integral y humanizado al individuo, familia y comunidad basado en la evidencia, aplicando el proceso de enfermer\u00eda a lo largo del ciclo vital, valorando las diferencias sociales y culturales y centrado en la responsabilidad p\u00fablica.<\/p>\n\n\n\n<p>Gestiona y educa de manera innovadora y est\u00e1 habilitada(o) para investigar a nivel inicial, con el fin de contribuir a mejorar la calidad de vida de la poblaci\u00f3n. Las(os) tituladas(os) destacan por su profesionalismo, actuar \u00e9tico y capacidad de trabajo en equipo interdisciplinario. Poseen habilidades comunicacionales y de pensamiento cr\u00edtico, que las(os) prepara para los desaf\u00edos laborales y cambios en salud presentes en el mundo actual.<\/p>\n\n\n\n<figure class=\"wp-block-image aligncenter size-large is-resized\"><a href=\"https:\/\/medicina.udd.cl\/enfermeria-santiago\/files\/2024\/03\/grafica-perfil-egreso-enfermeria-1536x1536-1.png\"><img loading=\"lazy\" decoding=\"async\" width=\"1024\" height=\"1024\" src=\"https:\/\/medicina.udd.cl\/enfermeria-santiago\/files\/2024\/03\/grafica-perfil-egreso-enfermeria-1536x1536-1-1024x1024.png\" alt=\"\" class=\"wp-image-8793\" style=\"width:552px;height:auto\" srcset=\"https:\/\/medicina.udd.cl\/enfermeria-santiago\/files\/2024\/03\/grafica-perfil-egreso-enfermeria-1536x1536-1-1024x1024.png 1024w, https:\/\/medicina.udd.cl\/enfermeria-santiago\/files\/2024\/03\/grafica-perfil-egreso-enfermeria-1536x1536-1-300x300.png 300w, https:\/\/medicina.udd.cl\/enfermeria-santiago\/files\/2024\/03\/grafica-perfil-egreso-enfermeria-1536x1536-1-150x150.png 150w, https:\/\/medicina.udd.cl\/enfermeria-santiago\/files\/2024\/03\/grafica-perfil-egreso-enfermeria-1536x1536-1-768x768.png 768w, https:\/\/medicina.udd.cl\/enfermeria-santiago\/files\/2024\/03\/grafica-perfil-egreso-enfermeria-1536x1536-1-62x62.png 62w, https:\/\/medicina.udd.cl\/enfermeria-santiago\/files\/2024\/03\/grafica-perfil-egreso-enfermeria-1536x1536-1-750x750.png 750w, https:\/\/medicina.udd.cl\/enfermeria-santiago\/files\/2024\/03\/grafica-perfil-egreso-enfermeria-1536x1536-1-500x500.png 500w, https:\/\/medicina.udd.cl\/enfermeria-santiago\/files\/2024\/03\/grafica-perfil-egreso-enfermeria-1536x1536-1-250x250.png 250w, https:\/\/medicina.udd.cl\/enfermeria-santiago\/files\/2024\/03\/grafica-perfil-egreso-enfermeria-1536x1536-1-126x126.png 126w, https:\/\/medicina.udd.cl\/enfermeria-santiago\/files\/2024\/03\/grafica-perfil-egreso-enfermeria-1536x1536-1.png 1536w\" sizes=\"auto, (max-width: 1024px) 100vw, 1024px\" \/><\/a><\/figure>\n\n\n\n<ul class=\"wp-block-list\">\n<li><strong>Competencias<a href=\"https:\/\/medicina.udd.cl\/enfermeria-santiago\/5823-2\/\"> Gen\u00e9ricas<\/a><\/strong><\/li>\n\n\n\n<li><strong>Competencias <a href=\"https:\/\/medicina.udd.cl\/enfermeria-santiago\/5824-2\/\">Espec\u00edficas&nbsp;<\/a><\/strong><\/li>\n<\/ul>\n\n\n\n<p><\/p>\n","protected":false},"excerpt":{"rendered":"<p>Las(os) tituladas(os) son capaces de proporcionar cuidado integral y humanizado al individuo, familia y comunidad basado en la evidencia, aplicando el proceso de enfermer\u00eda a lo largo del ciclo vital, valorando las diferencias sociales y culturales y centrado en la responsabilidad p\u00fablica. Gestiona y educa de manera innovadora y est\u00e1 habilitada(o) para investigar a nivel [&hellip;]<\/p>\n","protected":false},"author":9192218,"featured_media":0,"parent":0,"menu_order":0,"comment_status":"closed","ping_status":"closed","template":"","meta":{"footnotes":""},"class_list":["post-5822","page","type-page","status-publish","hentry"],"yoast_head":"<!-- This site is optimized with the Yoast SEO plugin v26.9 - https:\/\/yoast.com\/product\/yoast-seo-wordpress\/ -->\n<title>Perfil de Egreso - Enfermer\u00eda UDD<\/title>\n<meta name=\"robots\" content=\"index, follow, max-snippet:-1, max-image-preview:large, max-video-preview:-1\" \/>\n<link rel=\"canonical\" href=\"https:\/\/medicina.udd.cl\/enfermeria-santiago\/perfil-de-egreso\/\" \/>\n<meta property=\"og:locale\" content=\"es_ES\" \/>\n<meta property=\"og:type\" content=\"article\" \/>\n<meta property=\"og:title\" content=\"Perfil de Egreso - Enfermer\u00eda UDD\" \/>\n<meta property=\"og:description\" content=\"Las(os) tituladas(os) son capaces de proporcionar cuidado integral y humanizado al individuo, familia y comunidad basado en la evidencia, aplicando el proceso de enfermer\u00eda a lo largo del ciclo vital, valorando las diferencias sociales y culturales y centrado en la responsabilidad p\u00fablica. Gestiona y educa de manera innovadora y est\u00e1 habilitada(o) para investigar a nivel [&hellip;]\" \/>\n<meta property=\"og:url\" content=\"https:\/\/medicina.udd.cl\/enfermeria-santiago\/perfil-de-egreso\/\" \/>\n<meta property=\"og:site_name\" content=\"Enfermer\u00eda UDD\" \/>\n<meta property=\"article:modified_time\" content=\"2024-03-19T02:12:21+00:00\" \/>\n<meta property=\"og:image\" content=\"https:\/\/medicina.udd.cl\/enfermeria-santiago\/files\/2024\/03\/grafica-perfil-egreso-enfermeria-1536x1536-1-1024x1024.png\" \/>\n<meta name=\"twitter:label1\" content=\"Tiempo de lectura\" \/>\n\t<meta name=\"twitter:data1\" content=\"1 minuto\" \/>\n<script type=\"application\/ld+json\" class=\"yoast-schema-graph\">{\"@context\":\"https:\/\/schema.org\",\"@graph\":[{\"@type\":\"WebPage\",\"@id\":\"https:\/\/medicina.udd.cl\/enfermeria-santiago\/perfil-de-egreso\/\",\"url\":\"https:\/\/medicina.udd.cl\/enfermeria-santiago\/perfil-de-egreso\/\",\"name\":\"Perfil de Egreso - Enfermer\u00eda UDD\",\"isPartOf\":{\"@id\":\"https:\/\/medicina.udd.cl\/enfermeria-santiago\/#website\"},\"primaryImageOfPage\":{\"@id\":\"https:\/\/medicina.udd.cl\/enfermeria-santiago\/perfil-de-egreso\/#primaryimage\"},\"image\":{\"@id\":\"https:\/\/medicina.udd.cl\/enfermeria-santiago\/perfil-de-egreso\/#primaryimage\"},\"thumbnailUrl\":\"https:\/\/medicina.udd.cl\/enfermeria-santiago\/files\/2024\/03\/grafica-perfil-egreso-enfermeria-1536x1536-1-1024x1024.png\",\"datePublished\":\"2019-08-08T21:37:13+00:00\",\"dateModified\":\"2024-03-19T02:12:21+00:00\",\"breadcrumb\":{\"@id\":\"https:\/\/medicina.udd.cl\/enfermeria-santiago\/perfil-de-egreso\/#breadcrumb\"},\"inLanguage\":\"es\",\"potentialAction\":[{\"@type\":\"ReadAction\",\"target\":[\"https:\/\/medicina.udd.cl\/enfermeria-santiago\/perfil-de-egreso\/\"]}]},{\"@type\":\"ImageObject\",\"inLanguage\":\"es\",\"@id\":\"https:\/\/medicina.udd.cl\/enfermeria-santiago\/perfil-de-egreso\/#primaryimage\",\"url\":\"https:\/\/medicina.udd.cl\/enfermeria-santiago\/files\/2024\/03\/grafica-perfil-egreso-enfermeria-1536x1536-1.png\",\"contentUrl\":\"https:\/\/medicina.udd.cl\/enfermeria-santiago\/files\/2024\/03\/grafica-perfil-egreso-enfermeria-1536x1536-1.png\",\"width\":1536,\"height\":1536},{\"@type\":\"BreadcrumbList\",\"@id\":\"https:\/\/medicina.udd.cl\/enfermeria-santiago\/perfil-de-egreso\/#breadcrumb\",\"itemListElement\":[{\"@type\":\"ListItem\",\"position\":1,\"name\":\"Home\",\"item\":\"https:\/\/medicina.udd.cl\/enfermeria-santiago\/\"},{\"@type\":\"ListItem\",\"position\":2,\"name\":\"Perfil de Egreso\"}]},{\"@type\":\"WebSite\",\"@id\":\"https:\/\/medicina.udd.cl\/enfermeria-santiago\/#website\",\"url\":\"https:\/\/medicina.udd.cl\/enfermeria-santiago\/\",\"name\":\"Enfermer\u00eda UDD\",\"description\":\"Facultad de Medicina Cl\u00ednica Alemana Universidad del Desarrollo\",\"inLanguage\":\"es\"}]}<\/script>\n<!-- \/ Yoast SEO plugin. -->","yoast_head_json":{"title":"Perfil de Egreso - Enfermer\u00eda UDD","robots":{"index":"index","follow":"follow","max-snippet":"max-snippet:-1","max-image-preview":"max-image-preview:large","max-video-preview":"max-video-preview:-1"},"canonical":"https:\/\/medicina.udd.cl\/enfermeria-santiago\/perfil-de-egreso\/","og_locale":"es_ES","og_type":"article","og_title":"Perfil de Egreso - Enfermer\u00eda UDD","og_description":"Las(os) tituladas(os) son capaces de proporcionar cuidado integral y humanizado al individuo, familia y comunidad basado en la evidencia, aplicando el proceso de enfermer\u00eda a lo largo del ciclo vital, valorando las diferencias sociales y culturales y centrado en la responsabilidad p\u00fablica. Gestiona y educa de manera innovadora y est\u00e1 habilitada(o) para investigar a nivel [&hellip;]","og_url":"https:\/\/medicina.udd.cl\/enfermeria-santiago\/perfil-de-egreso\/","og_site_name":"Enfermer\u00eda UDD","article_modified_time":"2024-03-19T02:12:21+00:00","og_image":[{"url":"https:\/\/medicina.udd.cl\/enfermeria-santiago\/files\/2024\/03\/grafica-perfil-egreso-enfermeria-1536x1536-1-1024x1024.png","type":"","width":"","height":""}],"twitter_misc":{"Tiempo de lectura":"1 minuto"},"schema":{"@context":"https:\/\/schema.org","@graph":[{"@type":"WebPage","@id":"https:\/\/medicina.udd.cl\/enfermeria-santiago\/perfil-de-egreso\/","url":"https:\/\/medicina.udd.cl\/enfermeria-santiago\/perfil-de-egreso\/","name":"Perfil de Egreso - Enfermer\u00eda UDD","isPartOf":{"@id":"https:\/\/medicina.udd.cl\/enfermeria-santiago\/#website"},"primaryImageOfPage":{"@id":"https:\/\/medicina.udd.cl\/enfermeria-santiago\/perfil-de-egreso\/#primaryimage"},"image":{"@id":"https:\/\/medicina.udd.cl\/enfermeria-santiago\/perfil-de-egreso\/#primaryimage"},"thumbnailUrl":"https:\/\/medicina.udd.cl\/enfermeria-santiago\/files\/2024\/03\/grafica-perfil-egreso-enfermeria-1536x1536-1-1024x1024.png","datePublished":"2019-08-08T21:37:13+00:00","dateModified":"2024-03-19T02:12:21+00:00","breadcrumb":{"@id":"https:\/\/medicina.udd.cl\/enfermeria-santiago\/perfil-de-egreso\/#breadcrumb"},"inLanguage":"es","potentialAction":[{"@type":"ReadAction","target":["https:\/\/medicina.udd.cl\/enfermeria-santiago\/perfil-de-egreso\/"]}]},{"@type":"ImageObject","inLanguage":"es","@id":"https:\/\/medicina.udd.cl\/enfermeria-santiago\/perfil-de-egreso\/#primaryimage","url":"https:\/\/medicina.udd.cl\/enfermeria-santiago\/files\/2024\/03\/grafica-perfil-egreso-enfermeria-1536x1536-1.png","contentUrl":"https:\/\/medicina.udd.cl\/enfermeria-santiago\/files\/2024\/03\/grafica-perfil-egreso-enfermeria-1536x1536-1.png","width":1536,"height":1536},{"@type":"BreadcrumbList","@id":"https:\/\/medicina.udd.cl\/enfermeria-santiago\/perfil-de-egreso\/#breadcrumb","itemListElement":[{"@type":"ListItem","position":1,"name":"Home","item":"https:\/\/medicina.udd.cl\/enfermeria-santiago\/"},{"@type":"ListItem","position":2,"name":"Perfil de Egreso"}]},{"@type":"WebSite","@id":"https:\/\/medicina.udd.cl\/enfermeria-santiago\/#website","url":"https:\/\/medicina.udd.cl\/enfermeria-santiago\/","name":"Enfermer\u00eda UDD","description":"Facultad de Medicina Cl\u00ednica Alemana Universidad del Desarrollo","inLanguage":"es"}]}},"_links":{"self":[{"href":"https:\/\/medicina.udd.cl\/enfermeria-santiago\/wp-json\/wp\/v2\/pages\/5822","targetHints":{"allow":["GET"]}}],"collection":[{"href":"https:\/\/medicina.udd.cl\/enfermeria-santiago\/wp-json\/wp\/v2\/pages"}],"about":[{"href":"https:\/\/medicina.udd.cl\/enfermeria-santiago\/wp-json\/wp\/v2\/types\/page"}],"author":[{"embeddable":true,"href":"https:\/\/medicina.udd.cl\/enfermeria-santiago\/wp-json\/wp\/v2\/users\/9192218"}],"replies":[{"embeddable":true,"href":"https:\/\/medicina.udd.cl\/enfermeria-santiago\/wp-json\/wp\/v2\/comments?post=5822"}],"version-history":[{"count":6,"href":"https:\/\/medicina.udd.cl\/enfermeria-santiago\/wp-json\/wp\/v2\/pages\/5822\/revisions"}],"predecessor-version":[{"id":8853,"href":"https:\/\/medicina.udd.cl\/enfermeria-santiago\/wp-json\/wp\/v2\/pages\/5822\/revisions\/8853"}],"wp:attachment":[{"href":"https:\/\/medicina.udd.cl\/enfermeria-santiago\/wp-json\/wp\/v2\/media?parent=5822"}],"curies":[{"name":"wp","href":"https:\/\/api.w.org\/{rel}","templated":true}]}}