{"id":6,"date":"2010-03-31T19:35:02","date_gmt":"2010-03-31T23:35:02","guid":{"rendered":"http:\/\/medicina.udd.cl\/enfermeria\/trabajos-y-publicaciones\/"},"modified":"2010-06-14T10:23:23","modified_gmt":"2010-06-14T14:23:23","slug":"trabajos-y-publicaciones","status":"publish","type":"page","link":"https:\/\/medicina.udd.cl\/enfermeria-santiago\/trabajos-y-publicaciones\/","title":{"rendered":"Trabajos y publicaciones"},"content":{"rendered":"<p><strong>Efectos de diferentes m\u00e9todos de calentamiento\u00a0 utilizados en el perioperatorio en el adulto.<\/strong><\/p>\n<p>P\u00e9rez C, Cerda A, Munilla V.<\/p>\n<p>Revista Ciencia y Enfermer\u00eda XV, 2009, pp. 69-75, ISSN 0717-2079.<\/p>\n<p><strong>Efecto de la hemodi\u00e1lisis en la calidad de vida de los usuarios.<\/strong><\/p>\n<p>P\u00e9rez C, Dois A, D\u00edaz L, Villavicencio P.<\/p>\n<p>Revista Horizonte en Enfermer\u00eda, vol 20, N\u00b01, 2009.<\/p>\n<p><strong><a href=\"http:\/\/medicina.udd.cl\/enfermeria-santiago\/2010\/06\/14\/publicaciones-e-investigaciones-de-baltica-cabieses-valdes\/\">Publicaciones e Investigaciones de B\u00e1ltica Cabieses Vald\u00e9s<\/a><\/strong><\/p>\n<p style=\"text-align: justify\">Enfermera Matrona y Mag\u00edster en Epidemiolog\u00eda de la Pontificia Universidad Cat\u00f3lica de Chile. Adem\u00e1s, cuenta con un Diploma en Educaci\u00f3n en Salud otorgado por la misma casa de estudios.<\/p>\n<p style=\"text-align: justify\">Acad\u00e9mica de la Escuela de Enfermer\u00eda de la\u00a0Facultad de Medicina Cl\u00ednica Alemana, Universidad del Desarrollo. Anteriormente, se desempe\u00f1\u00f3 como\u00a0docente de la Escuela de Enfermer\u00eda de la Universidad Cat\u00f3lica de Chile entre los a\u00f1os 2003 y 2008.<\/p>\n<p style=\"text-align: justify\">Ha sido co-investigadora de los Proyectos Mano a Mano UC para la prevenci\u00f3n de VIH-SIDA y ha participado en m\u00faltiples estudios\u00a0en diversas \u00e1reas que han generado m\u00e1s 30 publicaciones en diversas revistas cient\u00edficas y m\u00e1s de 50 presentaciones en congresos nacionales e internacionales.<\/p>\n<p style=\"text-align: justify\">Destaca su reciente selecci\u00f3n como finalista del concurso del foro global y la revista Lancet \u00abInnovaci\u00f3n en salud para alcanzar salud para todos\u00bb versi\u00f3n 2009. Directora del curso \u201cMetodolog\u00eda de Investigaci\u00f3n y Evaluaciones Econ\u00f3micas en Salud: \u00c9nfasis en Desigualdad en salud\u201d, Escuela de Enfermer\u00eda de la Facultad de Medicina CAS-UDD.<\/p>\n<p style=\"text-align: justify\">Actualmente realiza su PhD in Health Sciences en el Health Inequalities Research Group (HIRG) del Department of Health Sciences de la University of York. Su l\u00ednea de investigaci\u00f3n est\u00e1 vinculada a determinantes sociales de la salud, desigualdad en salud y migraci\u00f3n internacional.<\/p>\n","protected":false},"excerpt":{"rendered":"<p>Efectos de diferentes m\u00e9todos de calentamiento\u00a0 utilizados en el perioperatorio en el adulto. P\u00e9rez C, Cerda A, Munilla V. Revista Ciencia y Enfermer\u00eda XV, 2009, pp. 69-75, ISSN 0717-2079. Efecto de la hemodi\u00e1lisis en la calidad de vida de los usuarios. P\u00e9rez C, Dois A, D\u00edaz L, Villavicencio P. Revista Horizonte en Enfermer\u00eda, vol 20, [&hellip;]<\/p>\n","protected":false},"author":1,"featured_media":0,"parent":0,"menu_order":30,"comment_status":"open","ping_status":"open","template":"","meta":{"footnotes":""},"class_list":["post-6","page","type-page","status-publish","hentry"],"yoast_head":"<!-- This site is optimized with the Yoast SEO plugin v26.9 - https:\/\/yoast.com\/product\/yoast-seo-wordpress\/ -->\n<title>Trabajos y publicaciones - Enfermer\u00eda UDD<\/title>\n<meta name=\"robots\" content=\"index, follow, max-snippet:-1, max-image-preview:large, max-video-preview:-1\" \/>\n<link rel=\"canonical\" href=\"https:\/\/medicina.udd.cl\/enfermeria-santiago\/trabajos-y-publicaciones\/\" \/>\n<meta property=\"og:locale\" content=\"es_ES\" \/>\n<meta property=\"og:type\" content=\"article\" \/>\n<meta property=\"og:title\" content=\"Trabajos y publicaciones - Enfermer\u00eda UDD\" \/>\n<meta property=\"og:description\" content=\"Efectos de diferentes m\u00e9todos de calentamiento\u00a0 utilizados en el perioperatorio en el adulto. P\u00e9rez C, Cerda A, Munilla V. Revista Ciencia y Enfermer\u00eda XV, 2009, pp. 69-75, ISSN 0717-2079. Efecto de la hemodi\u00e1lisis en la calidad de vida de los usuarios. P\u00e9rez C, Dois A, D\u00edaz L, Villavicencio P. Revista Horizonte en Enfermer\u00eda, vol 20, [&hellip;]\" \/>\n<meta property=\"og:url\" content=\"https:\/\/medicina.udd.cl\/enfermeria-santiago\/trabajos-y-publicaciones\/\" \/>\n<meta property=\"og:site_name\" content=\"Enfermer\u00eda UDD\" \/>\n<meta property=\"article:modified_time\" content=\"2010-06-14T14:23:23+00:00\" \/>\n<meta name=\"twitter:label1\" content=\"Tiempo de lectura\" \/>\n\t<meta name=\"twitter:data1\" content=\"1 minuto\" \/>\n<script type=\"application\/ld+json\" class=\"yoast-schema-graph\">{\"@context\":\"https:\/\/schema.org\",\"@graph\":[{\"@type\":\"WebPage\",\"@id\":\"https:\/\/medicina.udd.cl\/enfermeria-santiago\/trabajos-y-publicaciones\/\",\"url\":\"https:\/\/medicina.udd.cl\/enfermeria-santiago\/trabajos-y-publicaciones\/\",\"name\":\"Trabajos y publicaciones - Enfermer\u00eda UDD\",\"isPartOf\":{\"@id\":\"https:\/\/medicina.udd.cl\/enfermeria-santiago\/#website\"},\"datePublished\":\"2010-03-31T23:35:02+00:00\",\"dateModified\":\"2010-06-14T14:23:23+00:00\",\"breadcrumb\":{\"@id\":\"https:\/\/medicina.udd.cl\/enfermeria-santiago\/trabajos-y-publicaciones\/#breadcrumb\"},\"inLanguage\":\"es\",\"potentialAction\":[{\"@type\":\"ReadAction\",\"target\":[\"https:\/\/medicina.udd.cl\/enfermeria-santiago\/trabajos-y-publicaciones\/\"]}]},{\"@type\":\"BreadcrumbList\",\"@id\":\"https:\/\/medicina.udd.cl\/enfermeria-santiago\/trabajos-y-publicaciones\/#breadcrumb\",\"itemListElement\":[{\"@type\":\"ListItem\",\"position\":1,\"name\":\"Home\",\"item\":\"https:\/\/medicina.udd.cl\/enfermeria-santiago\/\"},{\"@type\":\"ListItem\",\"position\":2,\"name\":\"Trabajos y publicaciones\"}]},{\"@type\":\"WebSite\",\"@id\":\"https:\/\/medicina.udd.cl\/enfermeria-santiago\/#website\",\"url\":\"https:\/\/medicina.udd.cl\/enfermeria-santiago\/\",\"name\":\"Enfermer\u00eda UDD\",\"description\":\"Facultad de Medicina Cl\u00ednica Alemana Universidad del Desarrollo\",\"inLanguage\":\"es\"}]}<\/script>\n<!-- \/ Yoast SEO plugin. -->","yoast_head_json":{"title":"Trabajos y publicaciones - Enfermer\u00eda UDD","robots":{"index":"index","follow":"follow","max-snippet":"max-snippet:-1","max-image-preview":"max-image-preview:large","max-video-preview":"max-video-preview:-1"},"canonical":"https:\/\/medicina.udd.cl\/enfermeria-santiago\/trabajos-y-publicaciones\/","og_locale":"es_ES","og_type":"article","og_title":"Trabajos y publicaciones - Enfermer\u00eda UDD","og_description":"Efectos de diferentes m\u00e9todos de calentamiento\u00a0 utilizados en el perioperatorio en el adulto. P\u00e9rez C, Cerda A, Munilla V. Revista Ciencia y Enfermer\u00eda XV, 2009, pp. 69-75, ISSN 0717-2079. Efecto de la hemodi\u00e1lisis en la calidad de vida de los usuarios. P\u00e9rez C, Dois A, D\u00edaz L, Villavicencio P. Revista Horizonte en Enfermer\u00eda, vol 20, [&hellip;]","og_url":"https:\/\/medicina.udd.cl\/enfermeria-santiago\/trabajos-y-publicaciones\/","og_site_name":"Enfermer\u00eda UDD","article_modified_time":"2010-06-14T14:23:23+00:00","twitter_misc":{"Tiempo de lectura":"1 minuto"},"schema":{"@context":"https:\/\/schema.org","@graph":[{"@type":"WebPage","@id":"https:\/\/medicina.udd.cl\/enfermeria-santiago\/trabajos-y-publicaciones\/","url":"https:\/\/medicina.udd.cl\/enfermeria-santiago\/trabajos-y-publicaciones\/","name":"Trabajos y publicaciones - Enfermer\u00eda UDD","isPartOf":{"@id":"https:\/\/medicina.udd.cl\/enfermeria-santiago\/#website"},"datePublished":"2010-03-31T23:35:02+00:00","dateModified":"2010-06-14T14:23:23+00:00","breadcrumb":{"@id":"https:\/\/medicina.udd.cl\/enfermeria-santiago\/trabajos-y-publicaciones\/#breadcrumb"},"inLanguage":"es","potentialAction":[{"@type":"ReadAction","target":["https:\/\/medicina.udd.cl\/enfermeria-santiago\/trabajos-y-publicaciones\/"]}]},{"@type":"BreadcrumbList","@id":"https:\/\/medicina.udd.cl\/enfermeria-santiago\/trabajos-y-publicaciones\/#breadcrumb","itemListElement":[{"@type":"ListItem","position":1,"name":"Home","item":"https:\/\/medicina.udd.cl\/enfermeria-santiago\/"},{"@type":"ListItem","position":2,"name":"Trabajos y publicaciones"}]},{"@type":"WebSite","@id":"https:\/\/medicina.udd.cl\/enfermeria-santiago\/#website","url":"https:\/\/medicina.udd.cl\/enfermeria-santiago\/","name":"Enfermer\u00eda UDD","description":"Facultad de Medicina Cl\u00ednica Alemana Universidad del Desarrollo","inLanguage":"es"}]}},"_links":{"self":[{"href":"https:\/\/medicina.udd.cl\/enfermeria-santiago\/wp-json\/wp\/v2\/pages\/6","targetHints":{"allow":["GET"]}}],"collection":[{"href":"https:\/\/medicina.udd.cl\/enfermeria-santiago\/wp-json\/wp\/v2\/pages"}],"about":[{"href":"https:\/\/medicina.udd.cl\/enfermeria-santiago\/wp-json\/wp\/v2\/types\/page"}],"author":[{"embeddable":true,"href":"https:\/\/medicina.udd.cl\/enfermeria-santiago\/wp-json\/wp\/v2\/users\/1"}],"replies":[{"embeddable":true,"href":"https:\/\/medicina.udd.cl\/enfermeria-santiago\/wp-json\/wp\/v2\/comments?post=6"}],"version-history":[{"count":6,"href":"https:\/\/medicina.udd.cl\/enfermeria-santiago\/wp-json\/wp\/v2\/pages\/6\/revisions"}],"predecessor-version":[{"id":197,"href":"https:\/\/medicina.udd.cl\/enfermeria-santiago\/wp-json\/wp\/v2\/pages\/6\/revisions\/197"}],"wp:attachment":[{"href":"https:\/\/medicina.udd.cl\/enfermeria-santiago\/wp-json\/wp\/v2\/media?parent=6"}],"curies":[{"name":"wp","href":"https:\/\/api.w.org\/{rel}","templated":true}]}}