{"id":9854,"date":"2025-09-04T11:09:14","date_gmt":"2025-09-04T15:09:14","guid":{"rendered":"https:\/\/medicina.udd.cl\/enfermeria-santiago\/?page_id=9854"},"modified":"2025-10-20T15:11:27","modified_gmt":"2025-10-20T18:11:27","slug":"taller-de-admision-enfermeria","status":"publish","type":"page","link":"https:\/\/medicina.udd.cl\/enfermeria-santiago\/taller-de-admision-enfermeria\/","title":{"rendered":"Curso de Primeros Auxilios\u00a0UDD"},"content":{"rendered":"\n<p>Vive una experiencia universitaria real y aprende herramientas b\u00e1sicas para actuar frente a emergencias. Contempla 5 sesiones, entre las 17.30 y 19.00 horas, en el campus RESB (Av. Plaza 680, Las Condes)<\/p>\n\n\n\n<p><strong>\ud83e\ude7a Programa \u00bfQu\u00e9 aprender\u00e1s? <\/strong><br><br>\u2022 28 de octubre  | Acreditaci\u00f3n Bienvenida. Clase de Heridas <br>\u2022 04 de noviembre  | Acreditaci\u00f3n. Clase de Primeros Auxilios psicol\u00f3gicos <br>\u2022 11 de noviembre | Acreditaci\u00f3n. Clase Taller RCP (Asistencia obligatoria) <br>\u2022 18 de noviembre| Acreditaci\u00f3n. Talleres Curaci\u00f3n, vendaje, Inmovilizaci\u00f3n, RCP y m\u00e1s (Asistencia obligatoria) <br>\u2022 25 de noviembre | Acreditaci\u00f3n. Evaluaci\u00f3n Final (Asistencia obligatoria)<\/p>\n\n\n\n<p>\u23f0 Modalidad: Presencial, requisito de aprobaci\u00f3n 80% de asistencia<br><\/p>\n\n\n\n<p>\u2705 Importante: Si apruebas este curso, cumples uno de los requisitos para postular a la carrera de Enfermer\u00eda UDD v\u00eda <a href=\"https:\/\/www.udd.cl\/admision-pregrado\/admision-directa\/#!\/via-admision-directa\/224689\/talento-y-vocacion-temprana\/para-carrera\/265\/\">Admisi\u00f3n Especial por Vocaci\u00f3n Temprana.<\/a><\/p>\n\n\n<iframe src=\"https:\/\/crmadmision.udd.cl\/formulario_inscripcion\/index.php?cod_instancia=19944\" width=\"100%\" height=\"3800\" loading=\"lazy\" frameborder=\"0\" scrolling=\"no\"><\/iframe>\n","protected":false},"excerpt":{"rendered":"<p>Vive una experiencia universitaria real y aprende herramientas b\u00e1sicas para actuar frente a emergencias. Contempla 5 sesiones, entre las 17.30 y 19.00 horas, en el campus RESB (Av. Plaza 680, Las Condes) \ud83e\ude7a Programa \u00bfQu\u00e9 aprender\u00e1s? \u2022 28 de octubre | Acreditaci\u00f3n Bienvenida. Clase de Heridas \u2022 04 de noviembre | Acreditaci\u00f3n. Clase de Primeros [&hellip;]<\/p>\n","protected":false},"author":9192383,"featured_media":0,"parent":0,"menu_order":0,"comment_status":"closed","ping_status":"closed","template":"","meta":{"footnotes":""},"class_list":["post-9854","page","type-page","status-publish","hentry"],"yoast_head":"<!-- This site is optimized with the Yoast SEO plugin v26.9 - https:\/\/yoast.com\/product\/yoast-seo-wordpress\/ -->\n<title>Curso de Primeros Auxilios\u00a0UDD - Enfermer\u00eda UDD<\/title>\n<meta name=\"robots\" content=\"index, follow, max-snippet:-1, max-image-preview:large, max-video-preview:-1\" \/>\n<link rel=\"canonical\" href=\"https:\/\/medicina.udd.cl\/enfermeria-santiago\/taller-de-admision-enfermeria\/\" \/>\n<meta property=\"og:locale\" content=\"es_ES\" \/>\n<meta property=\"og:type\" content=\"article\" \/>\n<meta property=\"og:title\" content=\"Curso de Primeros Auxilios\u00a0UDD - Enfermer\u00eda UDD\" \/>\n<meta property=\"og:description\" content=\"Vive una experiencia universitaria real y aprende herramientas b\u00e1sicas para actuar frente a emergencias. Contempla 5 sesiones, entre las 17.30 y 19.00 horas, en el campus RESB (Av. Plaza 680, Las Condes) \ud83e\ude7a Programa \u00bfQu\u00e9 aprender\u00e1s? \u2022 28 de octubre | Acreditaci\u00f3n Bienvenida. Clase de Heridas \u2022 04 de noviembre | Acreditaci\u00f3n. Clase de Primeros [&hellip;]\" \/>\n<meta property=\"og:url\" content=\"https:\/\/medicina.udd.cl\/enfermeria-santiago\/taller-de-admision-enfermeria\/\" \/>\n<meta property=\"og:site_name\" content=\"Enfermer\u00eda UDD\" \/>\n<meta property=\"article:modified_time\" content=\"2025-10-20T18:11:27+00:00\" \/>\n<meta name=\"twitter:label1\" content=\"Tiempo de lectura\" \/>\n\t<meta name=\"twitter:data1\" content=\"1 minuto\" \/>\n<script type=\"application\/ld+json\" class=\"yoast-schema-graph\">{\"@context\":\"https:\/\/schema.org\",\"@graph\":[{\"@type\":\"WebPage\",\"@id\":\"https:\/\/medicina.udd.cl\/enfermeria-santiago\/taller-de-admision-enfermeria\/\",\"url\":\"https:\/\/medicina.udd.cl\/enfermeria-santiago\/taller-de-admision-enfermeria\/\",\"name\":\"Curso de Primeros Auxilios\u00a0UDD - Enfermer\u00eda UDD\",\"isPartOf\":{\"@id\":\"https:\/\/medicina.udd.cl\/enfermeria-santiago\/#website\"},\"datePublished\":\"2025-09-04T15:09:14+00:00\",\"dateModified\":\"2025-10-20T18:11:27+00:00\",\"breadcrumb\":{\"@id\":\"https:\/\/medicina.udd.cl\/enfermeria-santiago\/taller-de-admision-enfermeria\/#breadcrumb\"},\"inLanguage\":\"es\",\"potentialAction\":[{\"@type\":\"ReadAction\",\"target\":[\"https:\/\/medicina.udd.cl\/enfermeria-santiago\/taller-de-admision-enfermeria\/\"]}]},{\"@type\":\"BreadcrumbList\",\"@id\":\"https:\/\/medicina.udd.cl\/enfermeria-santiago\/taller-de-admision-enfermeria\/#breadcrumb\",\"itemListElement\":[{\"@type\":\"ListItem\",\"position\":1,\"name\":\"Home\",\"item\":\"https:\/\/medicina.udd.cl\/enfermeria-santiago\/\"},{\"@type\":\"ListItem\",\"position\":2,\"name\":\"Curso de Primeros Auxilios\u00a0UDD\"}]},{\"@type\":\"WebSite\",\"@id\":\"https:\/\/medicina.udd.cl\/enfermeria-santiago\/#website\",\"url\":\"https:\/\/medicina.udd.cl\/enfermeria-santiago\/\",\"name\":\"Enfermer\u00eda UDD\",\"description\":\"Facultad de Medicina Cl\u00ednica Alemana Universidad del Desarrollo\",\"inLanguage\":\"es\"}]}<\/script>\n<!-- \/ Yoast SEO plugin. -->","yoast_head_json":{"title":"Curso de Primeros Auxilios\u00a0UDD - Enfermer\u00eda UDD","robots":{"index":"index","follow":"follow","max-snippet":"max-snippet:-1","max-image-preview":"max-image-preview:large","max-video-preview":"max-video-preview:-1"},"canonical":"https:\/\/medicina.udd.cl\/enfermeria-santiago\/taller-de-admision-enfermeria\/","og_locale":"es_ES","og_type":"article","og_title":"Curso de Primeros Auxilios\u00a0UDD - Enfermer\u00eda UDD","og_description":"Vive una experiencia universitaria real y aprende herramientas b\u00e1sicas para actuar frente a emergencias. Contempla 5 sesiones, entre las 17.30 y 19.00 horas, en el campus RESB (Av. Plaza 680, Las Condes) \ud83e\ude7a Programa \u00bfQu\u00e9 aprender\u00e1s? \u2022 28 de octubre | Acreditaci\u00f3n Bienvenida. Clase de Heridas \u2022 04 de noviembre | Acreditaci\u00f3n. Clase de Primeros [&hellip;]","og_url":"https:\/\/medicina.udd.cl\/enfermeria-santiago\/taller-de-admision-enfermeria\/","og_site_name":"Enfermer\u00eda UDD","article_modified_time":"2025-10-20T18:11:27+00:00","twitter_misc":{"Tiempo de lectura":"1 minuto"},"schema":{"@context":"https:\/\/schema.org","@graph":[{"@type":"WebPage","@id":"https:\/\/medicina.udd.cl\/enfermeria-santiago\/taller-de-admision-enfermeria\/","url":"https:\/\/medicina.udd.cl\/enfermeria-santiago\/taller-de-admision-enfermeria\/","name":"Curso de Primeros Auxilios\u00a0UDD - Enfermer\u00eda UDD","isPartOf":{"@id":"https:\/\/medicina.udd.cl\/enfermeria-santiago\/#website"},"datePublished":"2025-09-04T15:09:14+00:00","dateModified":"2025-10-20T18:11:27+00:00","breadcrumb":{"@id":"https:\/\/medicina.udd.cl\/enfermeria-santiago\/taller-de-admision-enfermeria\/#breadcrumb"},"inLanguage":"es","potentialAction":[{"@type":"ReadAction","target":["https:\/\/medicina.udd.cl\/enfermeria-santiago\/taller-de-admision-enfermeria\/"]}]},{"@type":"BreadcrumbList","@id":"https:\/\/medicina.udd.cl\/enfermeria-santiago\/taller-de-admision-enfermeria\/#breadcrumb","itemListElement":[{"@type":"ListItem","position":1,"name":"Home","item":"https:\/\/medicina.udd.cl\/enfermeria-santiago\/"},{"@type":"ListItem","position":2,"name":"Curso de Primeros Auxilios\u00a0UDD"}]},{"@type":"WebSite","@id":"https:\/\/medicina.udd.cl\/enfermeria-santiago\/#website","url":"https:\/\/medicina.udd.cl\/enfermeria-santiago\/","name":"Enfermer\u00eda UDD","description":"Facultad de Medicina Cl\u00ednica Alemana Universidad del Desarrollo","inLanguage":"es"}]}},"_links":{"self":[{"href":"https:\/\/medicina.udd.cl\/enfermeria-santiago\/wp-json\/wp\/v2\/pages\/9854","targetHints":{"allow":["GET"]}}],"collection":[{"href":"https:\/\/medicina.udd.cl\/enfermeria-santiago\/wp-json\/wp\/v2\/pages"}],"about":[{"href":"https:\/\/medicina.udd.cl\/enfermeria-santiago\/wp-json\/wp\/v2\/types\/page"}],"author":[{"embeddable":true,"href":"https:\/\/medicina.udd.cl\/enfermeria-santiago\/wp-json\/wp\/v2\/users\/9192383"}],"replies":[{"embeddable":true,"href":"https:\/\/medicina.udd.cl\/enfermeria-santiago\/wp-json\/wp\/v2\/comments?post=9854"}],"version-history":[{"count":10,"href":"https:\/\/medicina.udd.cl\/enfermeria-santiago\/wp-json\/wp\/v2\/pages\/9854\/revisions"}],"predecessor-version":[{"id":9955,"href":"https:\/\/medicina.udd.cl\/enfermeria-santiago\/wp-json\/wp\/v2\/pages\/9854\/revisions\/9955"}],"wp:attachment":[{"href":"https:\/\/medicina.udd.cl\/enfermeria-santiago\/wp-json\/wp\/v2\/media?parent=9854"}],"curies":[{"name":"wp","href":"https:\/\/api.w.org\/{rel}","templated":true}]}}