{"id":5212,"date":"2017-12-21T16:06:49","date_gmt":"2017-12-21T19:06:49","guid":{"rendered":"http:\/\/medicina.udd.cl\/enfermeria-santiago\/?post_type=person&#038;p=5212"},"modified":"2017-12-21T16:06:49","modified_gmt":"2017-12-21T19:06:49","slug":"teresa-de-jaen","status":"publish","type":"person","link":"https:\/\/medicina.udd.cl\/enfermeria-santiago\/persona\/teresa-de-jaen\/","title":{"rendered":"Teresa  De Jaen"},"featured_media":0,"template":"","people_tax":[],"people_areas":[],"people_levels":[],"class_list":["post-5212","person","type-person","status-publish","hentry"],"yoast_head":"<!-- This site is optimized with the Yoast SEO plugin v26.9 - https:\/\/yoast.com\/product\/yoast-seo-wordpress\/ -->\n<title>Teresa De Jaen - Enfermer\u00eda UDD<\/title>\n<meta name=\"robots\" content=\"index, follow, max-snippet:-1, max-image-preview:large, max-video-preview:-1\" \/>\n<link rel=\"canonical\" href=\"https:\/\/medicina.udd.cl\/enfermeria-santiago\/persona\/teresa-de-jaen\/\" \/>\n<meta property=\"og:locale\" content=\"es_ES\" \/>\n<meta property=\"og:type\" content=\"article\" \/>\n<meta property=\"og:title\" content=\"Teresa De Jaen - Enfermer\u00eda UDD\" \/>\n<meta property=\"og:url\" content=\"https:\/\/medicina.udd.cl\/enfermeria-santiago\/persona\/teresa-de-jaen\/\" \/>\n<meta property=\"og:site_name\" content=\"Enfermer\u00eda UDD\" \/>\n<script type=\"application\/ld+json\" class=\"yoast-schema-graph\">{\"@context\":\"https:\/\/schema.org\",\"@graph\":[{\"@type\":\"WebPage\",\"@id\":\"https:\/\/medicina.udd.cl\/enfermeria-santiago\/persona\/teresa-de-jaen\/\",\"url\":\"https:\/\/medicina.udd.cl\/enfermeria-santiago\/persona\/teresa-de-jaen\/\",\"name\":\"Teresa De Jaen - Enfermer\u00eda UDD\",\"isPartOf\":{\"@id\":\"https:\/\/medicina.udd.cl\/enfermeria-santiago\/#website\"},\"datePublished\":\"2017-12-21T19:06:49+00:00\",\"breadcrumb\":{\"@id\":\"https:\/\/medicina.udd.cl\/enfermeria-santiago\/persona\/teresa-de-jaen\/#breadcrumb\"},\"inLanguage\":\"es\",\"potentialAction\":[{\"@type\":\"ReadAction\",\"target\":[\"https:\/\/medicina.udd.cl\/enfermeria-santiago\/persona\/teresa-de-jaen\/\"]}]},{\"@type\":\"BreadcrumbList\",\"@id\":\"https:\/\/medicina.udd.cl\/enfermeria-santiago\/persona\/teresa-de-jaen\/#breadcrumb\",\"itemListElement\":[{\"@type\":\"ListItem\",\"position\":1,\"name\":\"Home\",\"item\":\"https:\/\/medicina.udd.cl\/enfermeria-santiago\/\"},{\"@type\":\"ListItem\",\"position\":2,\"name\":\"Personas\",\"item\":\"https:\/\/medicina.udd.cl\/enfermeria-santiago\/persona\/\"},{\"@type\":\"ListItem\",\"position\":3,\"name\":\"Teresa De Jaen\"}]},{\"@type\":\"WebSite\",\"@id\":\"https:\/\/medicina.udd.cl\/enfermeria-santiago\/#website\",\"url\":\"https:\/\/medicina.udd.cl\/enfermeria-santiago\/\",\"name\":\"Enfermer\u00eda UDD\",\"description\":\"Facultad de Medicina Cl\u00ednica Alemana Universidad del Desarrollo\",\"inLanguage\":\"es\"}]}<\/script>\n<!-- \/ Yoast SEO plugin. -->","yoast_head_json":{"title":"Teresa De Jaen - Enfermer\u00eda UDD","robots":{"index":"index","follow":"follow","max-snippet":"max-snippet:-1","max-image-preview":"max-image-preview:large","max-video-preview":"max-video-preview:-1"},"canonical":"https:\/\/medicina.udd.cl\/enfermeria-santiago\/persona\/teresa-de-jaen\/","og_locale":"es_ES","og_type":"article","og_title":"Teresa De Jaen - Enfermer\u00eda UDD","og_url":"https:\/\/medicina.udd.cl\/enfermeria-santiago\/persona\/teresa-de-jaen\/","og_site_name":"Enfermer\u00eda UDD","schema":{"@context":"https:\/\/schema.org","@graph":[{"@type":"WebPage","@id":"https:\/\/medicina.udd.cl\/enfermeria-santiago\/persona\/teresa-de-jaen\/","url":"https:\/\/medicina.udd.cl\/enfermeria-santiago\/persona\/teresa-de-jaen\/","name":"Teresa De Jaen - Enfermer\u00eda UDD","isPartOf":{"@id":"https:\/\/medicina.udd.cl\/enfermeria-santiago\/#website"},"datePublished":"2017-12-21T19:06:49+00:00","breadcrumb":{"@id":"https:\/\/medicina.udd.cl\/enfermeria-santiago\/persona\/teresa-de-jaen\/#breadcrumb"},"inLanguage":"es","potentialAction":[{"@type":"ReadAction","target":["https:\/\/medicina.udd.cl\/enfermeria-santiago\/persona\/teresa-de-jaen\/"]}]},{"@type":"BreadcrumbList","@id":"https:\/\/medicina.udd.cl\/enfermeria-santiago\/persona\/teresa-de-jaen\/#breadcrumb","itemListElement":[{"@type":"ListItem","position":1,"name":"Home","item":"https:\/\/medicina.udd.cl\/enfermeria-santiago\/"},{"@type":"ListItem","position":2,"name":"Personas","item":"https:\/\/medicina.udd.cl\/enfermeria-santiago\/persona\/"},{"@type":"ListItem","position":3,"name":"Teresa De Jaen"}]},{"@type":"WebSite","@id":"https:\/\/medicina.udd.cl\/enfermeria-santiago\/#website","url":"https:\/\/medicina.udd.cl\/enfermeria-santiago\/","name":"Enfermer\u00eda UDD","description":"Facultad de Medicina Cl\u00ednica Alemana Universidad del Desarrollo","inLanguage":"es"}]}},"label":"Teresa  De Jaen","role":". Fonoaudi\u00f3loga. Directora Gabinete de Logopedia \u201cLogopedia Comunica SA\u201d Espa\u00f1a. Fonoaudi\u00f3loga Servicio de Neuropsiquiatr\u00eda infantil Hospital San Juan de Dios. Docente Magister Atenci\u00f3n temprana Universidad de Castilla.","thumbnail_url":false,"email":"","tel_job":"","content":{"rendered":"<div class=\"person-modal person-modal--scl\">\n\t<header class=\"person-modal__header\">\n\t\t<div class=\"person-modal__bg\"><\/div>\n\t\t<div class=\"modal-container\">\n\t\t\t\t\t\t<div class=\"person-modal__data\">\n\t\t\t\t<h1 class=\"person-modal__name\">Teresa  De Jaen<\/h1>\n\t\t\t\t\t\t\t<span class=\"person-modal__description\">. Fonoaudi\u00f3loga. Directora Gabinete de Logopedia \u201cLogopedia Comunica SA\u201d Espa\u00f1a. Fonoaudi\u00f3loga Servicio de Neuropsiquiatr\u00eda infantil Hospital San Juan de Dios. Docente Magister Atenci\u00f3n temprana Universidad de Castilla.<\/span>\n\t\t\t\t\t\t\t\t\t\t\t\t\t\t\t<\/div>\n\t\t<\/div>\n\t<\/header>\n\t<div class=\"modal-container\">\n\t\t\t<div class=\"person-modal__content text\">\n\t\t\t\t\t\t\t\t\t\t\t\t<\/div>\n\t<\/div>\n<\/div>\n"},"identifier":"108030f07e33910232cd177b9fa17c857f5ba591","has_credential":[],"given_name":"Teresa ","family_name":"De Jaen","name":"Teresa  De Jaen","job_title":". Fonoaudi\u00f3loga. Directora Gabinete de Logopedia \u201cLogopedia Comunica SA\u201d Espa\u00f1a. Fonoaudi\u00f3loga Servicio de Neuropsiquiatr\u00eda infantil Hospital San Juan de Dios. Docente Magister Atenci\u00f3n temprana Universidad de Castilla.","telephone":"","note":"","im":"","_self_schedule":null,"_links":{"self":[{"href":"https:\/\/medicina.udd.cl\/enfermeria-santiago\/wp-json\/wp\/v2\/people\/5212","targetHints":{"allow":["GET"]}}],"collection":[{"href":"https:\/\/medicina.udd.cl\/enfermeria-santiago\/wp-json\/wp\/v2\/people"}],"about":[{"href":"https:\/\/medicina.udd.cl\/enfermeria-santiago\/wp-json\/wp\/v2\/types\/person"}],"wp:attachment":[{"href":"https:\/\/medicina.udd.cl\/enfermeria-santiago\/wp-json\/wp\/v2\/media?parent=5212"}],"wp:term":[{"taxonomy":"people_tax","embeddable":true,"href":"https:\/\/medicina.udd.cl\/enfermeria-santiago\/wp-json\/wp\/v2\/people_tax?post=5212"},{"taxonomy":"people_areas","embeddable":true,"href":"https:\/\/medicina.udd.cl\/enfermeria-santiago\/wp-json\/wp\/v2\/people_areas?post=5212"},{"taxonomy":"people_levels","embeddable":true,"href":"https:\/\/medicina.udd.cl\/enfermeria-santiago\/wp-json\/wp\/v2\/people_levels?post=5212"}],"curies":[{"name":"wp","href":"https:\/\/api.w.org\/{rel}","templated":true}]}}

<!-- This site is optimized with the Yoast SEO plugin v26.9 - https://yoast.com/product/yoast-seo-wordpress/ -->
<title>Teresa De Jaen - Enfermería UDD</title>
<meta name="robots" content="index, follow, max-snippet:-1, max-image-preview:large, max-video-preview:-1" />
<link rel="canonical" href="https://medicina.udd.cl/enfermeria-santiago/persona/teresa-de-jaen/" />
<meta property="og:locale" content="es_ES" />
<meta property="og:type" content="article" />
<meta property="og:title" content="Teresa De Jaen - Enfermería UDD" />
<meta property="og:url" content="https://medicina.udd.cl/enfermeria-santiago/persona/teresa-de-jaen/" />
<meta property="og:site_name" content="Enfermería UDD" />
<script type="application/ld+json" class="yoast-schema-graph">{"@context":"https://schema.org","@graph":[{"@type":"WebPage","@id":"https://medicina.udd.cl/enfermeria-santiago/persona/teresa-de-jaen/","url":"https://medicina.udd.cl/enfermeria-santiago/persona/teresa-de-jaen/","name":"Teresa De Jaen - Enfermería UDD","isPartOf":{"@id":"https://medicina.udd.cl/enfermeria-santiago/#website"},"datePublished":"2017-12-21T19:06:49+00:00","breadcrumb":{"@id":"https://medicina.udd.cl/enfermeria-santiago/persona/teresa-de-jaen/#breadcrumb"},"inLanguage":"es","potentialAction":[{"@type":"ReadAction","target":["https://medicina.udd.cl/enfermeria-santiago/persona/teresa-de-jaen/"]}]},{"@type":"BreadcrumbList","@id":"https://medicina.udd.cl/enfermeria-santiago/persona/teresa-de-jaen/#breadcrumb","itemListElement":[{"@type":"ListItem","position":1,"name":"Home","item":"https://medicina.udd.cl/enfermeria-santiago/"},{"@type":"ListItem","position":2,"name":"Personas","item":"https://medicina.udd.cl/enfermeria-santiago/persona/"},{"@type":"ListItem","position":3,"name":"Teresa De Jaen"}]},{"@type":"WebSite","@id":"https://medicina.udd.cl/enfermeria-santiago/#website","url":"https://medicina.udd.cl/enfermeria-santiago/","name":"Enfermería UDD","description":"Facultad de Medicina Clínica Alemana Universidad del Desarrollo","inLanguage":"es"}]}</script>
<!-- / Yoast SEO plugin. -->

Teresa De Jaen - Enfermería UDD

Enfermería UDD

Facultad de Medicina Clínica Alemana Universidad del Desarrollo

. Fonoaudióloga. Directora Gabinete de Logopedia “Logopedia Comunica SA” España. Fonoaudióloga Servicio de Neuropsiquiatría infantil Hospital San Juan de Dios. Docente Magister Atención temprana Universidad de Castilla.

<div class="person-modal person-modal--scl">
	<header class="person-modal__header">
		<div class="person-modal__bg"></div>
		<div class="modal-container">
						<div class="person-modal__data">
				<h1 class="person-modal__name">Teresa  De Jaen</h1>
							<span class="person-modal__description">. Fonoaudióloga. Directora Gabinete de Logopedia “Logopedia Comunica SA” España. Fonoaudióloga Servicio de Neuropsiquiatría infantil Hospital San Juan de Dios. Docente Magister Atención temprana Universidad de Castilla.</span>
															</div>
		</div>
	</header>
	<div class="modal-container">
			<div class="person-modal__content text">
												</div>
	</div>
</div>
