{"id":2823,"date":"2015-09-24T11:11:38","date_gmt":"2015-09-24T14:11:38","guid":{"rendered":"http:\/\/medicina.udd.cl\/fonoaudiologia-santiago\/files\/2015\/09\/Afiche-Charla-Apnea-2.jpg"},"modified":"2015-09-24T11:11:38","modified_gmt":"2015-09-24T14:11:38","slug":"afiche-charla-apnea-2","status":"inherit","type":"attachment","link":"https:\/\/medicina.udd.cl\/fonoaudiologia-santiago\/noticias\/2015\/09\/24\/se-realizara-charla-sobre-el-rol-del-fonoaudiologo-en-las-apneas-del-sueno\/afiche-charla-apnea-2\/","title":{"rendered":"Afiche Charla Apnea 2"},"author":47,"featured_media":0,"comment_status":"open","ping_status":"open","template":"","meta":[],"class_list":["post-2823","attachment","type-attachment","status-inherit","hentry"],"yoast_head":"<!-- This site is optimized with the Yoast SEO plugin v26.9 - https:\/\/yoast.com\/product\/yoast-seo-wordpress\/ -->\n<title>Afiche Charla Apnea 2 - Fonoaudiolog\u00eda<\/title>\n<meta name=\"robots\" content=\"index, follow, max-snippet:-1, max-image-preview:large, max-video-preview:-1\" \/>\n<link rel=\"canonical\" href=\"https:\/\/medicina.udd.cl\/fonoaudiologia-santiago\/files\/2015\/09\/Afiche-Charla-Apnea-2.jpg\" \/>\n<meta property=\"og:locale\" content=\"es_ES\" \/>\n<meta property=\"og:type\" content=\"article\" \/>\n<meta property=\"og:title\" content=\"Afiche Charla Apnea 2 - Fonoaudiolog\u00eda\" \/>\n<meta property=\"og:url\" content=\"https:\/\/medicina.udd.cl\/fonoaudiologia-santiago\/files\/2015\/09\/Afiche-Charla-Apnea-2.jpg\" \/>\n<meta property=\"og:site_name\" content=\"Fonoaudiolog\u00eda\" \/>\n<meta property=\"og:image\" content=\"https:\/\/medicina.udd.cl\/fonoaudiologia-santiago\/files\/2015\/09\/Afiche-Charla-Apnea-2.jpg\" \/>\n\t<meta property=\"og:image:width\" content=\"279\" \/>\n\t<meta property=\"og:image:height\" content=\"380\" \/>\n\t<meta property=\"og:image:type\" content=\"image\/jpeg\" \/>\n<script type=\"application\/ld+json\" class=\"yoast-schema-graph\">{\"@context\":\"https:\/\/schema.org\",\"@graph\":[{\"@type\":\"WebPage\",\"@id\":\"https:\/\/medicina.udd.cl\/fonoaudiologia-santiago\/files\/2015\/09\/Afiche-Charla-Apnea-2.jpg\",\"url\":\"https:\/\/medicina.udd.cl\/fonoaudiologia-santiago\/files\/2015\/09\/Afiche-Charla-Apnea-2.jpg\",\"name\":\"Afiche Charla Apnea 2 - Fonoaudiolog\u00eda\",\"isPartOf\":{\"@id\":\"https:\/\/medicina.udd.cl\/fonoaudiologia-santiago\/#website\"},\"datePublished\":\"2015-09-24T14:11:38+00:00\",\"breadcrumb\":{\"@id\":\"https:\/\/medicina.udd.cl\/fonoaudiologia-santiago\/files\/2015\/09\/Afiche-Charla-Apnea-2.jpg#breadcrumb\"},\"inLanguage\":\"es\",\"potentialAction\":[{\"@type\":\"ReadAction\",\"target\":[\"https:\/\/medicina.udd.cl\/fonoaudiologia-santiago\/files\/2015\/09\/Afiche-Charla-Apnea-2.jpg\"]}]},{\"@type\":\"BreadcrumbList\",\"@id\":\"https:\/\/medicina.udd.cl\/fonoaudiologia-santiago\/files\/2015\/09\/Afiche-Charla-Apnea-2.jpg#breadcrumb\",\"itemListElement\":[{\"@type\":\"ListItem\",\"position\":1,\"name\":\"Home\",\"item\":\"https:\/\/medicina.udd.cl\/fonoaudiologia-santiago\/\"},{\"@type\":\"ListItem\",\"position\":2,\"name\":\"Se realizar\u00e1 charla sobre el rol del fonoaudi\u00f3logo en las apneas del sue\u00f1o\",\"item\":\"https:\/\/medicina.udd.cl\/fonoaudiologia-santiago\/noticias\/2015\/09\/24\/se-realizara-charla-sobre-el-rol-del-fonoaudiologo-en-las-apneas-del-sueno\/\"},{\"@type\":\"ListItem\",\"position\":3,\"name\":\"Afiche Charla Apnea 2\"}]},{\"@type\":\"WebSite\",\"@id\":\"https:\/\/medicina.udd.cl\/fonoaudiologia-santiago\/#website\",\"url\":\"https:\/\/medicina.udd.cl\/fonoaudiologia-santiago\/\",\"name\":\"Fonoaudiolog\u00eda\",\"description\":\"Facultad de Medicina Cl\u00ednica Alemana Universidad del Desarrollo\",\"inLanguage\":\"es\"}]}<\/script>\n<!-- \/ Yoast SEO plugin. -->","yoast_head_json":{"title":"Afiche Charla Apnea 2 - Fonoaudiolog\u00eda","robots":{"index":"index","follow":"follow","max-snippet":"max-snippet:-1","max-image-preview":"max-image-preview:large","max-video-preview":"max-video-preview:-1"},"canonical":"https:\/\/medicina.udd.cl\/fonoaudiologia-santiago\/files\/2015\/09\/Afiche-Charla-Apnea-2.jpg","og_locale":"es_ES","og_type":"article","og_title":"Afiche Charla Apnea 2 - Fonoaudiolog\u00eda","og_url":"https:\/\/medicina.udd.cl\/fonoaudiologia-santiago\/files\/2015\/09\/Afiche-Charla-Apnea-2.jpg","og_site_name":"Fonoaudiolog\u00eda","og_image":[{"width":279,"height":380,"url":"https:\/\/medicina.udd.cl\/fonoaudiologia-santiago\/files\/2015\/09\/Afiche-Charla-Apnea-2.jpg","type":"image\/jpeg"}],"schema":{"@context":"https:\/\/schema.org","@graph":[{"@type":"WebPage","@id":"https:\/\/medicina.udd.cl\/fonoaudiologia-santiago\/files\/2015\/09\/Afiche-Charla-Apnea-2.jpg","url":"https:\/\/medicina.udd.cl\/fonoaudiologia-santiago\/files\/2015\/09\/Afiche-Charla-Apnea-2.jpg","name":"Afiche Charla Apnea 2 - Fonoaudiolog\u00eda","isPartOf":{"@id":"https:\/\/medicina.udd.cl\/fonoaudiologia-santiago\/#website"},"datePublished":"2015-09-24T14:11:38+00:00","breadcrumb":{"@id":"https:\/\/medicina.udd.cl\/fonoaudiologia-santiago\/files\/2015\/09\/Afiche-Charla-Apnea-2.jpg#breadcrumb"},"inLanguage":"es","potentialAction":[{"@type":"ReadAction","target":["https:\/\/medicina.udd.cl\/fonoaudiologia-santiago\/files\/2015\/09\/Afiche-Charla-Apnea-2.jpg"]}]},{"@type":"BreadcrumbList","@id":"https:\/\/medicina.udd.cl\/fonoaudiologia-santiago\/files\/2015\/09\/Afiche-Charla-Apnea-2.jpg#breadcrumb","itemListElement":[{"@type":"ListItem","position":1,"name":"Home","item":"https:\/\/medicina.udd.cl\/fonoaudiologia-santiago\/"},{"@type":"ListItem","position":2,"name":"Se realizar\u00e1 charla sobre el rol del fonoaudi\u00f3logo en las apneas del sue\u00f1o","item":"https:\/\/medicina.udd.cl\/fonoaudiologia-santiago\/noticias\/2015\/09\/24\/se-realizara-charla-sobre-el-rol-del-fonoaudiologo-en-las-apneas-del-sueno\/"},{"@type":"ListItem","position":3,"name":"Afiche Charla Apnea 2"}]},{"@type":"WebSite","@id":"https:\/\/medicina.udd.cl\/fonoaudiologia-santiago\/#website","url":"https:\/\/medicina.udd.cl\/fonoaudiologia-santiago\/","name":"Fonoaudiolog\u00eda","description":"Facultad de Medicina Cl\u00ednica Alemana Universidad del Desarrollo","inLanguage":"es"}]}},"description":{"rendered":"<p class=\"attachment\"><a href='https:\/\/medicina.udd.cl\/fonoaudiologia-santiago\/files\/2015\/09\/Afiche-Charla-Apnea-2.jpg'><img loading=\"lazy\" decoding=\"async\" width=\"220\" height=\"300\" src=\"https:\/\/medicina.udd.cl\/fonoaudiologia-santiago\/files\/2015\/09\/Afiche-Charla-Apnea-2-220x300.jpg\" class=\"attachment-medium size-medium\" alt=\"\" srcset=\"https:\/\/medicina.udd.cl\/fonoaudiologia-santiago\/files\/2015\/09\/Afiche-Charla-Apnea-2-220x300.jpg 220w, https:\/\/medicina.udd.cl\/fonoaudiologia-santiago\/files\/2015\/09\/Afiche-Charla-Apnea-2.jpg 279w\" sizes=\"auto, (max-width: 220px) 100vw, 220px\" \/><\/a><\/p>\n"},"caption":{"rendered":""},"alt_text":"","media_type":"image","mime_type":"image\/jpeg","media_details":{"width":279,"height":380,"file":"2015\/09\/Afiche-Charla-Apnea-2.jpg","sizes":{"thumbnail":{"file":"Afiche-Charla-Apnea-2-150x150.jpg","width":150,"height":150,"mime_type":"image\/jpeg","source_url":"https:\/\/medicina.udd.cl\/fonoaudiologia-santiago\/files\/2015\/09\/Afiche-Charla-Apnea-2-150x150.jpg"},"medium":{"file":"Afiche-Charla-Apnea-2-220x300.jpg","width":220,"height":300,"mime_type":"image\/jpeg","source_url":"https:\/\/medicina.udd.cl\/fonoaudiologia-santiago\/files\/2015\/09\/Afiche-Charla-Apnea-2-220x300.jpg"},"newsletter_featured":{"file":"Afiche-Charla-Apnea-2-279x224.jpg","width":279,"height":224,"mime_type":"image\/jpeg","source_url":"https:\/\/medicina.udd.cl\/fonoaudiologia-santiago\/files\/2015\/09\/Afiche-Charla-Apnea-2-279x224.jpg"},"newsletter_first":{"file":"Afiche-Charla-Apnea-2-279x205.jpg","width":279,"height":205,"mime_type":"image\/jpeg","source_url":"https:\/\/medicina.udd.cl\/fonoaudiologia-santiago\/files\/2015\/09\/Afiche-Charla-Apnea-2-279x205.jpg"},"newsletter_thumb":{"file":"Afiche-Charla-Apnea-2-279x150.jpg","width":279,"height":150,"mime_type":"image\/jpeg","source_url":"https:\/\/medicina.udd.cl\/fonoaudiologia-santiago\/files\/2015\/09\/Afiche-Charla-Apnea-2-279x150.jpg"},"newsletter_column":{"file":"Afiche-Charla-Apnea-2-182x140.jpg","width":182,"height":140,"mime_type":"image\/jpeg","source_url":"https:\/\/medicina.udd.cl\/fonoaudiologia-santiago\/files\/2015\/09\/Afiche-Charla-Apnea-2-182x140.jpg"},"newsletter_square":{"file":"Afiche-Charla-Apnea-2-62x62.jpg","width":62,"height":62,"mime_type":"image\/jpeg","source_url":"https:\/\/medicina.udd.cl\/fonoaudiologia-santiago\/files\/2015\/09\/Afiche-Charla-Apnea-2-62x62.jpg"},"newsletter_square_large":{"file":"Afiche-Charla-Apnea-2-87x62.jpg","width":87,"height":62,"mime_type":"image\/jpeg","source_url":"https:\/\/medicina.udd.cl\/fonoaudiologia-santiago\/files\/2015\/09\/Afiche-Charla-Apnea-2-87x62.jpg"},"squared":{"file":"Afiche-Charla-Apnea-2-279x300.jpg","width":279,"height":300,"mime_type":"image\/jpeg","source_url":"https:\/\/medicina.udd.cl\/fonoaudiologia-santiago\/files\/2015\/09\/Afiche-Charla-Apnea-2-279x300.jpg"},"portrait-medium":{"file":"Afiche-Charla-Apnea-2-220x260.jpg","width":220,"height":260,"mime_type":"image\/jpeg","source_url":"https:\/\/medicina.udd.cl\/fonoaudiologia-santiago\/files\/2015\/09\/Afiche-Charla-Apnea-2-220x260.jpg"},"landscape-small":{"file":"Afiche-Charla-Apnea-2-125x80.jpg","width":125,"height":80,"mime_type":"image\/jpeg","source_url":"https:\/\/medicina.udd.cl\/fonoaudiologia-santiago\/files\/2015\/09\/Afiche-Charla-Apnea-2-125x80.jpg"},"landscape-medium":{"file":"Afiche-Charla-Apnea-2-279x220.jpg","width":279,"height":220,"mime_type":"image\/jpeg","source_url":"https:\/\/medicina.udd.cl\/fonoaudiologia-santiago\/files\/2015\/09\/Afiche-Charla-Apnea-2-279x220.jpg"},"landscape-large":{"file":"Afiche-Charla-Apnea-2-279x255.jpg","width":279,"height":255,"mime_type":"image\/jpeg","source_url":"https:\/\/medicina.udd.cl\/fonoaudiologia-santiago\/files\/2015\/09\/Afiche-Charla-Apnea-2-279x255.jpg"},"panoramic":{"file":"Afiche-Charla-Apnea-2-279x345.jpg","width":279,"height":345,"mime_type":"image\/jpeg","source_url":"https:\/\/medicina.udd.cl\/fonoaudiologia-santiago\/files\/2015\/09\/Afiche-Charla-Apnea-2-279x345.jpg"},"custom_content":{"file":"Afiche-Charla-Apnea-2-126x126.jpg","width":126,"height":126,"mime_type":"image\/jpeg","source_url":"https:\/\/medicina.udd.cl\/fonoaudiologia-santiago\/files\/2015\/09\/Afiche-Charla-Apnea-2-126x126.jpg"},"full":{"file":"Afiche-Charla-Apnea-2.jpg","width":279,"height":380,"mime_type":"image\/jpeg","source_url":"https:\/\/medicina.udd.cl\/fonoaudiologia-santiago\/files\/2015\/09\/Afiche-Charla-Apnea-2.jpg"}},"image_meta":{"aperture":0,"credit":"","camera":"","caption":"","created_timestamp":0,"copyright":"","focal_length":0,"iso":0,"shutter_speed":0,"title":""}},"post":2824,"source_url":"https:\/\/medicina.udd.cl\/fonoaudiologia-santiago\/files\/2015\/09\/Afiche-Charla-Apnea-2.jpg","_links":{"self":[{"href":"https:\/\/medicina.udd.cl\/fonoaudiologia-santiago\/wp-json\/wp\/v2\/media\/2823","targetHints":{"allow":["GET"]}}],"collection":[{"href":"https:\/\/medicina.udd.cl\/fonoaudiologia-santiago\/wp-json\/wp\/v2\/media"}],"about":[{"href":"https:\/\/medicina.udd.cl\/fonoaudiologia-santiago\/wp-json\/wp\/v2\/types\/attachment"}],"author":[{"embeddable":true,"href":"https:\/\/medicina.udd.cl\/fonoaudiologia-santiago\/wp-json\/wp\/v2\/users\/47"}],"replies":[{"embeddable":true,"href":"https:\/\/medicina.udd.cl\/fonoaudiologia-santiago\/wp-json\/wp\/v2\/comments?post=2823"}],"wp:attached-to":[{"embeddable":true,"post_type":"post","id":2824,"href":"https:\/\/medicina.udd.cl\/fonoaudiologia-santiago\/wp-json\/wp\/v2\/posts\/2824"}],"curies":[{"name":"wp","href":"https:\/\/api.w.org\/{rel}","templated":true}]}}

<!-- This site is optimized with the Yoast SEO plugin v26.9 - https://yoast.com/product/yoast-seo-wordpress/ -->
<title>Afiche Charla Apnea 2 - Fonoaudiología</title>
<meta name="robots" content="index, follow, max-snippet:-1, max-image-preview:large, max-video-preview:-1" />
<link rel="canonical" href="https://medicina.udd.cl/fonoaudiologia-santiago/files/2015/09/Afiche-Charla-Apnea-2.jpg" />
<meta property="og:locale" content="es_ES" />
<meta property="og:type" content="article" />
<meta property="og:title" content="Afiche Charla Apnea 2 - Fonoaudiología" />
<meta property="og:url" content="https://medicina.udd.cl/fonoaudiologia-santiago/files/2015/09/Afiche-Charla-Apnea-2.jpg" />
<meta property="og:site_name" content="Fonoaudiología" />
<meta property="og:image" content="https://medicina.udd.cl/fonoaudiologia-santiago/files/2015/09/Afiche-Charla-Apnea-2.jpg" />
	<meta property="og:image:width" content="279" />
	<meta property="og:image:height" content="380" />
	<meta property="og:image:type" content="image/jpeg" />
<script type="application/ld+json" class="yoast-schema-graph">{"@context":"https://schema.org","@graph":[{"@type":"WebPage","@id":"https://medicina.udd.cl/fonoaudiologia-santiago/files/2015/09/Afiche-Charla-Apnea-2.jpg","url":"https://medicina.udd.cl/fonoaudiologia-santiago/files/2015/09/Afiche-Charla-Apnea-2.jpg","name":"Afiche Charla Apnea 2 - Fonoaudiología","isPartOf":{"@id":"https://medicina.udd.cl/fonoaudiologia-santiago/#website"},"datePublished":"2015-09-24T14:11:38+00:00","breadcrumb":{"@id":"https://medicina.udd.cl/fonoaudiologia-santiago/files/2015/09/Afiche-Charla-Apnea-2.jpg#breadcrumb"},"inLanguage":"es","potentialAction":[{"@type":"ReadAction","target":["https://medicina.udd.cl/fonoaudiologia-santiago/files/2015/09/Afiche-Charla-Apnea-2.jpg"]}]},{"@type":"BreadcrumbList","@id":"https://medicina.udd.cl/fonoaudiologia-santiago/files/2015/09/Afiche-Charla-Apnea-2.jpg#breadcrumb","itemListElement":[{"@type":"ListItem","position":1,"name":"Home","item":"https://medicina.udd.cl/fonoaudiologia-santiago/"},{"@type":"ListItem","position":2,"name":"Se realizará charla sobre el rol del fonoaudiólogo en las apneas del sueño","item":"https://medicina.udd.cl/fonoaudiologia-santiago/noticias/2015/09/24/se-realizara-charla-sobre-el-rol-del-fonoaudiologo-en-las-apneas-del-sueno/"},{"@type":"ListItem","position":3,"name":"Afiche Charla Apnea 2"}]},{"@type":"WebSite","@id":"https://medicina.udd.cl/fonoaudiologia-santiago/#website","url":"https://medicina.udd.cl/fonoaudiologia-santiago/","name":"Fonoaudiología","description":"Facultad de Medicina Clínica Alemana Universidad del Desarrollo","inLanguage":"es"}]}</script>
<!-- / Yoast SEO plugin. -->

Afiche Charla Apnea 2 - Fonoaudiología

Fonoaudiología

Se realizará charla sobre el rol del fonoaudiólogo en las apneas del sueño

Facultad de Medicina Clínica Alemana Universidad del Desarrollo
