{"id":3363,"date":"2016-06-17T17:50:51","date_gmt":"2016-06-17T21:50:51","guid":{"rendered":"http:\/\/medicina.udd.cl\/fonoaudiologia-santiago\/files\/2016\/06\/Pasant\u00edas-1.jpg"},"modified":"2016-06-17T17:50:51","modified_gmt":"2016-06-17T21:50:51","slug":"pasantias-1","status":"inherit","type":"attachment","link":"https:\/\/medicina.udd.cl\/fonoaudiologia-santiago\/noticias\/2016\/06\/17\/alumnos-de-primer-ano-de-fonoaudiologia-concluyen-sus-pasantias\/pasantias-1\/","title":{"rendered":"Pasant\u00edas (1)"},"author":9192192,"featured_media":0,"comment_status":"open","ping_status":"closed","template":"","meta":[],"class_list":["post-3363","attachment","type-attachment","status-inherit","hentry"],"yoast_head":"<!-- This site is optimized with the Yoast SEO plugin v26.9 - https:\/\/yoast.com\/product\/yoast-seo-wordpress\/ -->\n<title>Pasant\u00edas (1) - Fonoaudiolog\u00eda<\/title>\n<meta name=\"robots\" content=\"index, follow, max-snippet:-1, max-image-preview:large, max-video-preview:-1\" \/>\n<link rel=\"canonical\" href=\"https:\/\/medicina.udd.cl\/fonoaudiologia-santiago\/files\/2016\/06\/Pasant\u00edas-1.jpg\" \/>\n<meta property=\"og:locale\" content=\"es_ES\" \/>\n<meta property=\"og:type\" content=\"article\" \/>\n<meta property=\"og:title\" content=\"Pasant\u00edas (1) - Fonoaudiolog\u00eda\" \/>\n<meta property=\"og:url\" content=\"https:\/\/medicina.udd.cl\/fonoaudiologia-santiago\/files\/2016\/06\/Pasant\u00edas-1.jpg\" \/>\n<meta property=\"og:site_name\" content=\"Fonoaudiolog\u00eda\" \/>\n<meta property=\"og:image\" content=\"https:\/\/medicina.udd.cl\/fonoaudiologia-santiago\/files\/2016\/06\/Pasant\u00edas-1.jpg\" \/>\n\t<meta property=\"og:image:width\" content=\"3264\" \/>\n\t<meta property=\"og:image:height\" content=\"2448\" \/>\n\t<meta property=\"og:image:type\" content=\"image\/jpeg\" \/>\n<script type=\"application\/ld+json\" class=\"yoast-schema-graph\">{\"@context\":\"https:\/\/schema.org\",\"@graph\":[{\"@type\":\"WebPage\",\"@id\":\"https:\/\/medicina.udd.cl\/fonoaudiologia-santiago\/files\/2016\/06\/Pasant\u00edas-1.jpg\",\"url\":\"https:\/\/medicina.udd.cl\/fonoaudiologia-santiago\/files\/2016\/06\/Pasant\u00edas-1.jpg\",\"name\":\"Pasant\u00edas (1) - Fonoaudiolog\u00eda\",\"isPartOf\":{\"@id\":\"https:\/\/medicina.udd.cl\/fonoaudiologia-santiago\/#website\"},\"datePublished\":\"2016-06-17T21:50:51+00:00\",\"breadcrumb\":{\"@id\":\"https:\/\/medicina.udd.cl\/fonoaudiologia-santiago\/files\/2016\/06\/Pasant\u00edas-1.jpg#breadcrumb\"},\"inLanguage\":\"es\",\"potentialAction\":[{\"@type\":\"ReadAction\",\"target\":[\"https:\/\/medicina.udd.cl\/fonoaudiologia-santiago\/files\/2016\/06\/Pasant\u00edas-1.jpg\"]}]},{\"@type\":\"BreadcrumbList\",\"@id\":\"https:\/\/medicina.udd.cl\/fonoaudiologia-santiago\/files\/2016\/06\/Pasant\u00edas-1.jpg#breadcrumb\",\"itemListElement\":[{\"@type\":\"ListItem\",\"position\":1,\"name\":\"Home\",\"item\":\"https:\/\/medicina.udd.cl\/fonoaudiologia-santiago\/\"},{\"@type\":\"ListItem\",\"position\":2,\"name\":\"Alumnos de primer a\u00f1o de Fonoaudiolog\u00eda concluyen sus pasant\u00edas\",\"item\":\"https:\/\/medicina.udd.cl\/fonoaudiologia-santiago\/noticias\/2016\/06\/17\/alumnos-de-primer-ano-de-fonoaudiologia-concluyen-sus-pasantias\/\"},{\"@type\":\"ListItem\",\"position\":3,\"name\":\"Pasant\u00edas (1)\"}]},{\"@type\":\"WebSite\",\"@id\":\"https:\/\/medicina.udd.cl\/fonoaudiologia-santiago\/#website\",\"url\":\"https:\/\/medicina.udd.cl\/fonoaudiologia-santiago\/\",\"name\":\"Fonoaudiolog\u00eda\",\"description\":\"Facultad de Medicina Cl\u00ednica Alemana Universidad del Desarrollo\",\"inLanguage\":\"es\"}]}<\/script>\n<!-- \/ Yoast SEO plugin. -->","yoast_head_json":{"title":"Pasant\u00edas (1) - Fonoaudiolog\u00eda","robots":{"index":"index","follow":"follow","max-snippet":"max-snippet:-1","max-image-preview":"max-image-preview:large","max-video-preview":"max-video-preview:-1"},"canonical":"https:\/\/medicina.udd.cl\/fonoaudiologia-santiago\/files\/2016\/06\/Pasant\u00edas-1.jpg","og_locale":"es_ES","og_type":"article","og_title":"Pasant\u00edas (1) - Fonoaudiolog\u00eda","og_url":"https:\/\/medicina.udd.cl\/fonoaudiologia-santiago\/files\/2016\/06\/Pasant\u00edas-1.jpg","og_site_name":"Fonoaudiolog\u00eda","og_image":[{"width":3264,"height":2448,"url":"https:\/\/medicina.udd.cl\/fonoaudiologia-santiago\/files\/2016\/06\/Pasant\u00edas-1.jpg","type":"image\/jpeg"}],"schema":{"@context":"https:\/\/schema.org","@graph":[{"@type":"WebPage","@id":"https:\/\/medicina.udd.cl\/fonoaudiologia-santiago\/files\/2016\/06\/Pasant\u00edas-1.jpg","url":"https:\/\/medicina.udd.cl\/fonoaudiologia-santiago\/files\/2016\/06\/Pasant\u00edas-1.jpg","name":"Pasant\u00edas (1) - Fonoaudiolog\u00eda","isPartOf":{"@id":"https:\/\/medicina.udd.cl\/fonoaudiologia-santiago\/#website"},"datePublished":"2016-06-17T21:50:51+00:00","breadcrumb":{"@id":"https:\/\/medicina.udd.cl\/fonoaudiologia-santiago\/files\/2016\/06\/Pasant\u00edas-1.jpg#breadcrumb"},"inLanguage":"es","potentialAction":[{"@type":"ReadAction","target":["https:\/\/medicina.udd.cl\/fonoaudiologia-santiago\/files\/2016\/06\/Pasant\u00edas-1.jpg"]}]},{"@type":"BreadcrumbList","@id":"https:\/\/medicina.udd.cl\/fonoaudiologia-santiago\/files\/2016\/06\/Pasant\u00edas-1.jpg#breadcrumb","itemListElement":[{"@type":"ListItem","position":1,"name":"Home","item":"https:\/\/medicina.udd.cl\/fonoaudiologia-santiago\/"},{"@type":"ListItem","position":2,"name":"Alumnos de primer a\u00f1o de Fonoaudiolog\u00eda concluyen sus pasant\u00edas","item":"https:\/\/medicina.udd.cl\/fonoaudiologia-santiago\/noticias\/2016\/06\/17\/alumnos-de-primer-ano-de-fonoaudiologia-concluyen-sus-pasantias\/"},{"@type":"ListItem","position":3,"name":"Pasant\u00edas (1)"}]},{"@type":"WebSite","@id":"https:\/\/medicina.udd.cl\/fonoaudiologia-santiago\/#website","url":"https:\/\/medicina.udd.cl\/fonoaudiologia-santiago\/","name":"Fonoaudiolog\u00eda","description":"Facultad de Medicina Cl\u00ednica Alemana Universidad del Desarrollo","inLanguage":"es"}]}},"description":{"rendered":"<p class=\"attachment\"><a href='https:\/\/medicina.udd.cl\/fonoaudiologia-santiago\/files\/2016\/06\/Pasant\u00edas-1.jpg'><img loading=\"lazy\" decoding=\"async\" width=\"300\" height=\"225\" src=\"https:\/\/medicina.udd.cl\/fonoaudiologia-santiago\/files\/2016\/06\/Pasant\u00edas-1-300x225.jpg\" class=\"attachment-medium size-medium\" alt=\"\" srcset=\"https:\/\/medicina.udd.cl\/fonoaudiologia-santiago\/files\/2016\/06\/Pasant\u00edas-1-300x225.jpg 300w, https:\/\/medicina.udd.cl\/fonoaudiologia-santiago\/files\/2016\/06\/Pasant\u00edas-1-768x576.jpg 768w, https:\/\/medicina.udd.cl\/fonoaudiologia-santiago\/files\/2016\/06\/Pasant\u00edas-1-1024x768.jpg 1024w, https:\/\/medicina.udd.cl\/fonoaudiologia-santiago\/files\/2016\/06\/Pasant\u00edas-1-960x720.jpg 960w\" sizes=\"auto, (max-width: 300px) 100vw, 300px\" \/><\/a><\/p>\n"},"caption":{"rendered":""},"alt_text":"","media_type":"image","mime_type":"image\/jpeg","media_details":{"width":3264,"height":2448,"file":"2016\/06\/Pasant\u00edas-1.jpg","sizes":{"thumbnail":{"file":"Pasant\u00edas-1-150x150.jpg","width":150,"height":150,"mime_type":"image\/jpeg","source_url":"https:\/\/medicina.udd.cl\/fonoaudiologia-santiago\/files\/2016\/06\/Pasant\u00edas-1-150x150.jpg"},"medium":{"file":"Pasant\u00edas-1-300x225.jpg","width":300,"height":225,"mime_type":"image\/jpeg","source_url":"https:\/\/medicina.udd.cl\/fonoaudiologia-santiago\/files\/2016\/06\/Pasant\u00edas-1-300x225.jpg"},"medium_large":{"file":"Pasant\u00edas-1-768x576.jpg","width":768,"height":576,"mime_type":"image\/jpeg","source_url":"https:\/\/medicina.udd.cl\/fonoaudiologia-santiago\/files\/2016\/06\/Pasant\u00edas-1-768x576.jpg"},"large":{"file":"Pasant\u00edas-1-1024x768.jpg","width":1024,"height":768,"mime_type":"image\/jpeg","source_url":"https:\/\/medicina.udd.cl\/fonoaudiologia-santiago\/files\/2016\/06\/Pasant\u00edas-1-1024x768.jpg"},"newsletter_featured":{"file":"Pasant\u00edas-1-316x224.jpg","width":316,"height":224,"mime_type":"image\/jpeg","source_url":"https:\/\/medicina.udd.cl\/fonoaudiologia-santiago\/files\/2016\/06\/Pasant\u00edas-1-316x224.jpg"},"newsletter_first":{"file":"Pasant\u00edas-1-286x205.jpg","width":286,"height":205,"mime_type":"image\/jpeg","source_url":"https:\/\/medicina.udd.cl\/fonoaudiologia-santiago\/files\/2016\/06\/Pasant\u00edas-1-286x205.jpg"},"newsletter_thumb":{"file":"Pasant\u00edas-1-288x150.jpg","width":288,"height":150,"mime_type":"image\/jpeg","source_url":"https:\/\/medicina.udd.cl\/fonoaudiologia-santiago\/files\/2016\/06\/Pasant\u00edas-1-288x150.jpg"},"newsletter_column":{"file":"Pasant\u00edas-1-182x140.jpg","width":182,"height":140,"mime_type":"image\/jpeg","source_url":"https:\/\/medicina.udd.cl\/fonoaudiologia-santiago\/files\/2016\/06\/Pasant\u00edas-1-182x140.jpg"},"newsletter_square":{"file":"Pasant\u00edas-1-62x62.jpg","width":62,"height":62,"mime_type":"image\/jpeg","source_url":"https:\/\/medicina.udd.cl\/fonoaudiologia-santiago\/files\/2016\/06\/Pasant\u00edas-1-62x62.jpg"},"newsletter_square_large":{"file":"Pasant\u00edas-1-87x62.jpg","width":87,"height":62,"mime_type":"image\/jpeg","source_url":"https:\/\/medicina.udd.cl\/fonoaudiologia-santiago\/files\/2016\/06\/Pasant\u00edas-1-87x62.jpg"},"featured-home":{"file":"Pasant\u00edas-1-800x450.jpg","width":800,"height":450,"mime_type":"image\/jpeg","source_url":"https:\/\/medicina.udd.cl\/fonoaudiologia-santiago\/files\/2016\/06\/Pasant\u00edas-1-800x450.jpg"},"featured-career":{"file":"Pasant\u00edas-1-660x430.jpg","width":660,"height":430,"mime_type":"image\/jpeg","source_url":"https:\/\/medicina.udd.cl\/fonoaudiologia-santiago\/files\/2016\/06\/Pasant\u00edas-1-660x430.jpg"},"squared":{"file":"Pasant\u00edas-1-300x300.jpg","width":300,"height":300,"mime_type":"image\/jpeg","source_url":"https:\/\/medicina.udd.cl\/fonoaudiologia-santiago\/files\/2016\/06\/Pasant\u00edas-1-300x300.jpg"},"stretch":{"file":"Pasant\u00edas-1-800x450.jpg","width":800,"height":450,"mime_type":"image\/jpeg","source_url":"https:\/\/medicina.udd.cl\/fonoaudiologia-santiago\/files\/2016\/06\/Pasant\u00edas-1-800x450.jpg"},"portrait-medium":{"file":"Pasant\u00edas-1-220x260.jpg","width":220,"height":260,"mime_type":"image\/jpeg","source_url":"https:\/\/medicina.udd.cl\/fonoaudiologia-santiago\/files\/2016\/06\/Pasant\u00edas-1-220x260.jpg"},"landscape-small":{"file":"Pasant\u00edas-1-125x80.jpg","width":125,"height":80,"mime_type":"image\/jpeg","source_url":"https:\/\/medicina.udd.cl\/fonoaudiologia-santiago\/files\/2016\/06\/Pasant\u00edas-1-125x80.jpg"},"landscape-medium":{"file":"Pasant\u00edas-1-340x220.jpg","width":340,"height":220,"mime_type":"image\/jpeg","source_url":"https:\/\/medicina.udd.cl\/fonoaudiologia-santiago\/files\/2016\/06\/Pasant\u00edas-1-340x220.jpg"},"landscape-large":{"file":"Pasant\u00edas-1-365x255.jpg","width":365,"height":255,"mime_type":"image\/jpeg","source_url":"https:\/\/medicina.udd.cl\/fonoaudiologia-santiago\/files\/2016\/06\/Pasant\u00edas-1-365x255.jpg"},"landscape-xlarge":{"file":"Pasant\u00edas-1-660x430.jpg","width":660,"height":430,"mime_type":"image\/jpeg","source_url":"https:\/\/medicina.udd.cl\/fonoaudiologia-santiago\/files\/2016\/06\/Pasant\u00edas-1-660x430.jpg"},"panoramic":{"file":"Pasant\u00edas-1-940x345.jpg","width":940,"height":345,"mime_type":"image\/jpeg","source_url":"https:\/\/medicina.udd.cl\/fonoaudiologia-santiago\/files\/2016\/06\/Pasant\u00edas-1-940x345.jpg"},"stretch-large":{"file":"Pasant\u00edas-1-940x450.jpg","width":940,"height":450,"mime_type":"image\/jpeg","source_url":"https:\/\/medicina.udd.cl\/fonoaudiologia-santiago\/files\/2016\/06\/Pasant\u00edas-1-940x450.jpg"},"proportional-large":{"file":"Pasant\u00edas-1-960x720.jpg","width":960,"height":720,"mime_type":"image\/jpeg","source_url":"https:\/\/medicina.udd.cl\/fonoaudiologia-santiago\/files\/2016\/06\/Pasant\u00edas-1-960x720.jpg"},"custom_content":{"file":"Pasant\u00edas-1-126x126.jpg","width":126,"height":126,"mime_type":"image\/jpeg","source_url":"https:\/\/medicina.udd.cl\/fonoaudiologia-santiago\/files\/2016\/06\/Pasant\u00edas-1-126x126.jpg"},"full":{"file":"Pasant\u00edas-1.jpg","width":3264,"height":2448,"mime_type":"image\/jpeg","source_url":"https:\/\/medicina.udd.cl\/fonoaudiologia-santiago\/files\/2016\/06\/Pasant\u00edas-1.jpg"}},"image_meta":{"aperture":"2.4","credit":"","camera":"iPhone 5","caption":"","created_timestamp":"1463998162","copyright":"","focal_length":"4.12","iso":"100","shutter_speed":"0.05","title":"","orientation":"1","keywords":[]}},"post":3362,"source_url":"https:\/\/medicina.udd.cl\/fonoaudiologia-santiago\/files\/2016\/06\/Pasant\u00edas-1.jpg","_links":{"self":[{"href":"https:\/\/medicina.udd.cl\/fonoaudiologia-santiago\/wp-json\/wp\/v2\/media\/3363","targetHints":{"allow":["GET"]}}],"collection":[{"href":"https:\/\/medicina.udd.cl\/fonoaudiologia-santiago\/wp-json\/wp\/v2\/media"}],"about":[{"href":"https:\/\/medicina.udd.cl\/fonoaudiologia-santiago\/wp-json\/wp\/v2\/types\/attachment"}],"author":[{"embeddable":true,"href":"https:\/\/medicina.udd.cl\/fonoaudiologia-santiago\/wp-json\/wp\/v2\/users\/9192192"}],"replies":[{"embeddable":true,"href":"https:\/\/medicina.udd.cl\/fonoaudiologia-santiago\/wp-json\/wp\/v2\/comments?post=3363"}],"wp:attached-to":[{"embeddable":true,"post_type":"post","id":3362,"href":"https:\/\/medicina.udd.cl\/fonoaudiologia-santiago\/wp-json\/wp\/v2\/posts\/3362"}],"curies":[{"name":"wp","href":"https:\/\/api.w.org\/{rel}","templated":true}]}}

http://medicina.udd.cl/fonoaudiologia-santiago/files/2016/06/Pasantías-1.jpg

Pasantías (1)

<!-- This site is optimized with the Yoast SEO plugin v26.9 - https://yoast.com/product/yoast-seo-wordpress/ -->
<title>Pasantías (1) - Fonoaudiología</title>
<meta name="robots" content="index, follow, max-snippet:-1, max-image-preview:large, max-video-preview:-1" />
<link rel="canonical" href="https://medicina.udd.cl/fonoaudiologia-santiago/files/2016/06/Pasantías-1.jpg" />
<meta property="og:locale" content="es_ES" />
<meta property="og:type" content="article" />
<meta property="og:title" content="Pasantías (1) - Fonoaudiología" />
<meta property="og:url" content="https://medicina.udd.cl/fonoaudiologia-santiago/files/2016/06/Pasantías-1.jpg" />
<meta property="og:site_name" content="Fonoaudiología" />
<meta property="og:image" content="https://medicina.udd.cl/fonoaudiologia-santiago/files/2016/06/Pasantías-1.jpg" />
	<meta property="og:image:width" content="3264" />
	<meta property="og:image:height" content="2448" />
	<meta property="og:image:type" content="image/jpeg" />
<script type="application/ld+json" class="yoast-schema-graph">{"@context":"https://schema.org","@graph":[{"@type":"WebPage","@id":"https://medicina.udd.cl/fonoaudiologia-santiago/files/2016/06/Pasantías-1.jpg","url":"https://medicina.udd.cl/fonoaudiologia-santiago/files/2016/06/Pasantías-1.jpg","name":"Pasantías (1) - Fonoaudiología","isPartOf":{"@id":"https://medicina.udd.cl/fonoaudiologia-santiago/#website"},"datePublished":"2016-06-17T21:50:51+00:00","breadcrumb":{"@id":"https://medicina.udd.cl/fonoaudiologia-santiago/files/2016/06/Pasantías-1.jpg#breadcrumb"},"inLanguage":"es","potentialAction":[{"@type":"ReadAction","target":["https://medicina.udd.cl/fonoaudiologia-santiago/files/2016/06/Pasantías-1.jpg"]}]},{"@type":"BreadcrumbList","@id":"https://medicina.udd.cl/fonoaudiologia-santiago/files/2016/06/Pasantías-1.jpg#breadcrumb","itemListElement":[{"@type":"ListItem","position":1,"name":"Home","item":"https://medicina.udd.cl/fonoaudiologia-santiago/"},{"@type":"ListItem","position":2,"name":"Alumnos de primer año de Fonoaudiología concluyen sus pasantías","item":"https://medicina.udd.cl/fonoaudiologia-santiago/noticias/2016/06/17/alumnos-de-primer-ano-de-fonoaudiologia-concluyen-sus-pasantias/"},{"@type":"ListItem","position":3,"name":"Pasantías (1)"}]},{"@type":"WebSite","@id":"https://medicina.udd.cl/fonoaudiologia-santiago/#website","url":"https://medicina.udd.cl/fonoaudiologia-santiago/","name":"Fonoaudiología","description":"Facultad de Medicina Clínica Alemana Universidad del Desarrollo","inLanguage":"es"}]}</script>
<!-- / Yoast SEO plugin. -->

Pasantías (1) - Fonoaudiología

https://medicina.udd.cl/fonoaudiologia-santiago/files/2016/06/Pasantías-1.jpg

Fonoaudiología

https://medicina.udd.cl/fonoaudiologia-santiago/files/2016/06/Pasantías-1.jpg#breadcrumb

Alumnos de primer año de Fonoaudiología concluyen sus pasantías

Facultad de Medicina Clínica Alemana Universidad del Desarrollo

<p class="attachment"><a href='https://medicina.udd.cl/fonoaudiologia-santiago/files/2016/06/Pasantías-1.jpg'><img loading="lazy" decoding="async" width="300" height="225" src="https://medicina.udd.cl/fonoaudiologia-santiago/files/2016/06/Pasantías-1-300x225.jpg" class="attachment-medium size-medium" alt="" srcset="https://medicina.udd.cl/fonoaudiologia-santiago/files/2016/06/Pasantías-1-300x225.jpg 300w, https://medicina.udd.cl/fonoaudiologia-santiago/files/2016/06/Pasantías-1-768x576.jpg 768w, https://medicina.udd.cl/fonoaudiologia-santiago/files/2016/06/Pasantías-1-1024x768.jpg 1024w, https://medicina.udd.cl/fonoaudiologia-santiago/files/2016/06/Pasantías-1-960x720.jpg 960w" sizes="auto, (max-width: 300px) 100vw, 300px" /></a></p>

2016/06/Pasantías-1.jpg

Pasantías-1-150x150.jpg

https://medicina.udd.cl/fonoaudiologia-santiago/files/2016/06/Pasantías-1-150x150.jpg

Pasantías-1-300x225.jpg

https://medicina.udd.cl/fonoaudiologia-santiago/files/2016/06/Pasantías-1-300x225.jpg

Pasantías-1-768x576.jpg

https://medicina.udd.cl/fonoaudiologia-santiago/files/2016/06/Pasantías-1-768x576.jpg

Pasantías-1-1024x768.jpg

https://medicina.udd.cl/fonoaudiologia-santiago/files/2016/06/Pasantías-1-1024x768.jpg

Pasantías-1-316x224.jpg

https://medicina.udd.cl/fonoaudiologia-santiago/files/2016/06/Pasantías-1-316x224.jpg

Pasantías-1-286x205.jpg

https://medicina.udd.cl/fonoaudiologia-santiago/files/2016/06/Pasantías-1-286x205.jpg

Pasantías-1-288x150.jpg

https://medicina.udd.cl/fonoaudiologia-santiago/files/2016/06/Pasantías-1-288x150.jpg

Pasantías-1-182x140.jpg

https://medicina.udd.cl/fonoaudiologia-santiago/files/2016/06/Pasantías-1-182x140.jpg

Pasantías-1-62x62.jpg

https://medicina.udd.cl/fonoaudiologia-santiago/files/2016/06/Pasantías-1-62x62.jpg

Pasantías-1-87x62.jpg

https://medicina.udd.cl/fonoaudiologia-santiago/files/2016/06/Pasantías-1-87x62.jpg

Pasantías-1-800x450.jpg

https://medicina.udd.cl/fonoaudiologia-santiago/files/2016/06/Pasantías-1-800x450.jpg

Pasantías-1-660x430.jpg

https://medicina.udd.cl/fonoaudiologia-santiago/files/2016/06/Pasantías-1-660x430.jpg

Pasantías-1-300x300.jpg

https://medicina.udd.cl/fonoaudiologia-santiago/files/2016/06/Pasantías-1-300x300.jpg

Pasantías-1-220x260.jpg

https://medicina.udd.cl/fonoaudiologia-santiago/files/2016/06/Pasantías-1-220x260.jpg

Pasantías-1-125x80.jpg

https://medicina.udd.cl/fonoaudiologia-santiago/files/2016/06/Pasantías-1-125x80.jpg

Pasantías-1-340x220.jpg

https://medicina.udd.cl/fonoaudiologia-santiago/files/2016/06/Pasantías-1-340x220.jpg

Pasantías-1-365x255.jpg

https://medicina.udd.cl/fonoaudiologia-santiago/files/2016/06/Pasantías-1-365x255.jpg

Pasantías-1-940x345.jpg

https://medicina.udd.cl/fonoaudiologia-santiago/files/2016/06/Pasantías-1-940x345.jpg

Pasantías-1-940x450.jpg

https://medicina.udd.cl/fonoaudiologia-santiago/files/2016/06/Pasantías-1-940x450.jpg

Pasantías-1-960x720.jpg

https://medicina.udd.cl/fonoaudiologia-santiago/files/2016/06/Pasantías-1-960x720.jpg

Pasantías-1-126x126.jpg

https://medicina.udd.cl/fonoaudiologia-santiago/files/2016/06/Pasantías-1-126x126.jpg

Pasantías-1.jpg
