{"id":338,"date":"2010-11-18T14:46:53","date_gmt":"2010-11-18T17:46:53","guid":{"rendered":"http:\/\/medicina.udd.cl\/fonoaudiologia-santiago\/files\/2010\/11\/Ricardo-\u00c1lvarez-1.jpg"},"modified":"2010-11-18T14:46:53","modified_gmt":"2010-11-18T17:46:53","slug":"ricardo-alvarez-1","status":"inherit","type":"attachment","link":"https:\/\/medicina.udd.cl\/fonoaudiologia-santiago\/noticias\/2010\/11\/18\/curso-ejercicios-que-restauran-la-funcion-vocal\/ricardo-alvarez-1\/","title":{"rendered":"Ricardo \u00c1lvarez 1"},"author":1,"featured_media":0,"comment_status":"open","ping_status":"open","template":"","meta":[],"class_list":["post-338","attachment","type-attachment","status-inherit","hentry"],"yoast_head":"<!-- This site is optimized with the Yoast SEO plugin v26.9 - https:\/\/yoast.com\/product\/yoast-seo-wordpress\/ -->\n<title>Ricardo \u00c1lvarez 1 - Fonoaudiolog\u00eda<\/title>\n<meta name=\"robots\" content=\"index, follow, max-snippet:-1, max-image-preview:large, max-video-preview:-1\" \/>\n<link rel=\"canonical\" href=\"https:\/\/medicina.udd.cl\/fonoaudiologia-santiago\/files\/2010\/11\/Ricardo-\u00c1lvarez-1.jpg\" \/>\n<meta property=\"og:locale\" content=\"es_ES\" \/>\n<meta property=\"og:type\" content=\"article\" \/>\n<meta property=\"og:title\" content=\"Ricardo \u00c1lvarez 1 - Fonoaudiolog\u00eda\" \/>\n<meta property=\"og:url\" content=\"https:\/\/medicina.udd.cl\/fonoaudiologia-santiago\/files\/2010\/11\/Ricardo-\u00c1lvarez-1.jpg\" \/>\n<meta property=\"og:site_name\" content=\"Fonoaudiolog\u00eda\" \/>\n<meta property=\"og:image\" content=\"https:\/\/medicina.udd.cl\/fonoaudiologia-santiago\/files\/2010\/11\/Ricardo-\u00c1lvarez-1.jpg\" \/>\n\t<meta property=\"og:image:width\" content=\"681\" \/>\n\t<meta property=\"og:image:height\" content=\"802\" \/>\n\t<meta property=\"og:image:type\" content=\"image\/jpeg\" \/>\n<script type=\"application\/ld+json\" class=\"yoast-schema-graph\">{\"@context\":\"https:\/\/schema.org\",\"@graph\":[{\"@type\":\"WebPage\",\"@id\":\"https:\/\/medicina.udd.cl\/fonoaudiologia-santiago\/files\/2010\/11\/Ricardo-\u00c1lvarez-1.jpg\",\"url\":\"https:\/\/medicina.udd.cl\/fonoaudiologia-santiago\/files\/2010\/11\/Ricardo-\u00c1lvarez-1.jpg\",\"name\":\"Ricardo \u00c1lvarez 1 - Fonoaudiolog\u00eda\",\"isPartOf\":{\"@id\":\"https:\/\/medicina.udd.cl\/fonoaudiologia-santiago\/#website\"},\"datePublished\":\"2010-11-18T17:46:53+00:00\",\"breadcrumb\":{\"@id\":\"https:\/\/medicina.udd.cl\/fonoaudiologia-santiago\/files\/2010\/11\/Ricardo-\u00c1lvarez-1.jpg#breadcrumb\"},\"inLanguage\":\"es\",\"potentialAction\":[{\"@type\":\"ReadAction\",\"target\":[\"https:\/\/medicina.udd.cl\/fonoaudiologia-santiago\/files\/2010\/11\/Ricardo-\u00c1lvarez-1.jpg\"]}]},{\"@type\":\"BreadcrumbList\",\"@id\":\"https:\/\/medicina.udd.cl\/fonoaudiologia-santiago\/files\/2010\/11\/Ricardo-\u00c1lvarez-1.jpg#breadcrumb\",\"itemListElement\":[{\"@type\":\"ListItem\",\"position\":1,\"name\":\"Home\",\"item\":\"https:\/\/medicina.udd.cl\/fonoaudiologia-santiago\/\"},{\"@type\":\"ListItem\",\"position\":2,\"name\":\"Curso: Ejercicios que restauran la funci\u00f3n vocal\",\"item\":\"https:\/\/medicina.udd.cl\/fonoaudiologia-santiago\/noticias\/2010\/11\/18\/curso-ejercicios-que-restauran-la-funcion-vocal\/\"},{\"@type\":\"ListItem\",\"position\":3,\"name\":\"Ricardo \u00c1lvarez 1\"}]},{\"@type\":\"WebSite\",\"@id\":\"https:\/\/medicina.udd.cl\/fonoaudiologia-santiago\/#website\",\"url\":\"https:\/\/medicina.udd.cl\/fonoaudiologia-santiago\/\",\"name\":\"Fonoaudiolog\u00eda\",\"description\":\"Facultad de Medicina Cl\u00ednica Alemana Universidad del Desarrollo\",\"inLanguage\":\"es\"}]}<\/script>\n<!-- \/ Yoast SEO plugin. -->","yoast_head_json":{"title":"Ricardo \u00c1lvarez 1 - Fonoaudiolog\u00eda","robots":{"index":"index","follow":"follow","max-snippet":"max-snippet:-1","max-image-preview":"max-image-preview:large","max-video-preview":"max-video-preview:-1"},"canonical":"https:\/\/medicina.udd.cl\/fonoaudiologia-santiago\/files\/2010\/11\/Ricardo-\u00c1lvarez-1.jpg","og_locale":"es_ES","og_type":"article","og_title":"Ricardo \u00c1lvarez 1 - Fonoaudiolog\u00eda","og_url":"https:\/\/medicina.udd.cl\/fonoaudiologia-santiago\/files\/2010\/11\/Ricardo-\u00c1lvarez-1.jpg","og_site_name":"Fonoaudiolog\u00eda","og_image":[{"width":681,"height":802,"url":"https:\/\/medicina.udd.cl\/fonoaudiologia-santiago\/files\/2010\/11\/Ricardo-\u00c1lvarez-1.jpg","type":"image\/jpeg"}],"schema":{"@context":"https:\/\/schema.org","@graph":[{"@type":"WebPage","@id":"https:\/\/medicina.udd.cl\/fonoaudiologia-santiago\/files\/2010\/11\/Ricardo-\u00c1lvarez-1.jpg","url":"https:\/\/medicina.udd.cl\/fonoaudiologia-santiago\/files\/2010\/11\/Ricardo-\u00c1lvarez-1.jpg","name":"Ricardo \u00c1lvarez 1 - Fonoaudiolog\u00eda","isPartOf":{"@id":"https:\/\/medicina.udd.cl\/fonoaudiologia-santiago\/#website"},"datePublished":"2010-11-18T17:46:53+00:00","breadcrumb":{"@id":"https:\/\/medicina.udd.cl\/fonoaudiologia-santiago\/files\/2010\/11\/Ricardo-\u00c1lvarez-1.jpg#breadcrumb"},"inLanguage":"es","potentialAction":[{"@type":"ReadAction","target":["https:\/\/medicina.udd.cl\/fonoaudiologia-santiago\/files\/2010\/11\/Ricardo-\u00c1lvarez-1.jpg"]}]},{"@type":"BreadcrumbList","@id":"https:\/\/medicina.udd.cl\/fonoaudiologia-santiago\/files\/2010\/11\/Ricardo-\u00c1lvarez-1.jpg#breadcrumb","itemListElement":[{"@type":"ListItem","position":1,"name":"Home","item":"https:\/\/medicina.udd.cl\/fonoaudiologia-santiago\/"},{"@type":"ListItem","position":2,"name":"Curso: Ejercicios que restauran la funci\u00f3n vocal","item":"https:\/\/medicina.udd.cl\/fonoaudiologia-santiago\/noticias\/2010\/11\/18\/curso-ejercicios-que-restauran-la-funcion-vocal\/"},{"@type":"ListItem","position":3,"name":"Ricardo \u00c1lvarez 1"}]},{"@type":"WebSite","@id":"https:\/\/medicina.udd.cl\/fonoaudiologia-santiago\/#website","url":"https:\/\/medicina.udd.cl\/fonoaudiologia-santiago\/","name":"Fonoaudiolog\u00eda","description":"Facultad de Medicina Cl\u00ednica Alemana Universidad del Desarrollo","inLanguage":"es"}]}},"description":{"rendered":"<p class=\"attachment\"><a href='https:\/\/medicina.udd.cl\/fonoaudiologia-santiago\/files\/2010\/11\/Ricardo-\u00c1lvarez-1.jpg'><img loading=\"lazy\" decoding=\"async\" width=\"255\" height=\"300\" src=\"https:\/\/medicina.udd.cl\/fonoaudiologia-santiago\/files\/2010\/11\/Ricardo-\u00c1lvarez-1-255x300.jpg\" class=\"attachment-medium size-medium\" alt=\"\" srcset=\"https:\/\/medicina.udd.cl\/fonoaudiologia-santiago\/files\/2010\/11\/Ricardo-\u00c1lvarez-1-255x300.jpg 255w, https:\/\/medicina.udd.cl\/fonoaudiologia-santiago\/files\/2010\/11\/Ricardo-\u00c1lvarez-1-220x260.jpg 220w, https:\/\/medicina.udd.cl\/fonoaudiologia-santiago\/files\/2010\/11\/Ricardo-\u00c1lvarez-1.jpg 681w\" sizes=\"auto, (max-width: 255px) 100vw, 255px\" \/><\/a><\/p>\n"},"caption":{"rendered":""},"alt_text":"","media_type":"image","mime_type":"image\/jpeg","media_details":{"width":681,"height":802,"file":"2010\/11\/Ricardo-\u00c1lvarez-1.jpg","sizes":{"thumbnail":{"file":"Ricardo-\u00c1lvarez-1-150x150.jpg","width":150,"height":150,"mime_type":"image\/jpeg","source_url":"https:\/\/medicina.udd.cl\/fonoaudiologia-santiago\/files\/2010\/11\/Ricardo-\u00c1lvarez-1-150x150.jpg"},"medium":{"file":"Ricardo-\u00c1lvarez-1-255x300.jpg","width":255,"height":300,"mime_type":"image\/jpeg","source_url":"https:\/\/medicina.udd.cl\/fonoaudiologia-santiago\/files\/2010\/11\/Ricardo-\u00c1lvarez-1-255x300.jpg"},"newsletter_featured":{"file":"Ricardo-\u00c1lvarez-1-316x224.jpg","width":316,"height":224,"mime_type":"image\/jpeg","source_url":"https:\/\/medicina.udd.cl\/fonoaudiologia-santiago\/files\/2010\/11\/Ricardo-\u00c1lvarez-1-316x224.jpg"},"newsletter_first":{"file":"Ricardo-\u00c1lvarez-1-286x205.jpg","width":286,"height":205,"mime_type":"image\/jpeg","source_url":"https:\/\/medicina.udd.cl\/fonoaudiologia-santiago\/files\/2010\/11\/Ricardo-\u00c1lvarez-1-286x205.jpg"},"newsletter_thumb":{"file":"Ricardo-\u00c1lvarez-1-288x150.jpg","width":288,"height":150,"mime_type":"image\/jpeg","source_url":"https:\/\/medicina.udd.cl\/fonoaudiologia-santiago\/files\/2010\/11\/Ricardo-\u00c1lvarez-1-288x150.jpg"},"newsletter_column":{"file":"Ricardo-\u00c1lvarez-1-182x140.jpg","width":182,"height":140,"mime_type":"image\/jpeg","source_url":"https:\/\/medicina.udd.cl\/fonoaudiologia-santiago\/files\/2010\/11\/Ricardo-\u00c1lvarez-1-182x140.jpg"},"newsletter_square":{"file":"Ricardo-\u00c1lvarez-1-62x62.jpg","width":62,"height":62,"mime_type":"image\/jpeg","source_url":"https:\/\/medicina.udd.cl\/fonoaudiologia-santiago\/files\/2010\/11\/Ricardo-\u00c1lvarez-1-62x62.jpg"},"newsletter_square_large":{"file":"Ricardo-\u00c1lvarez-1-87x62.jpg","width":87,"height":62,"mime_type":"image\/jpeg","source_url":"https:\/\/medicina.udd.cl\/fonoaudiologia-santiago\/files\/2010\/11\/Ricardo-\u00c1lvarez-1-87x62.jpg"},"featured-home":{"file":"Ricardo-\u00c1lvarez-1-681x450.jpg","width":681,"height":450,"mime_type":"image\/jpeg","source_url":"https:\/\/medicina.udd.cl\/fonoaudiologia-santiago\/files\/2010\/11\/Ricardo-\u00c1lvarez-1-681x450.jpg"},"featured-career":{"file":"Ricardo-\u00c1lvarez-1-660x430.jpg","width":660,"height":430,"mime_type":"image\/jpeg","source_url":"https:\/\/medicina.udd.cl\/fonoaudiologia-santiago\/files\/2010\/11\/Ricardo-\u00c1lvarez-1-660x430.jpg"},"squared":{"file":"Ricardo-\u00c1lvarez-1-300x300.jpg","width":300,"height":300,"mime_type":"image\/jpeg","source_url":"https:\/\/medicina.udd.cl\/fonoaudiologia-santiago\/files\/2010\/11\/Ricardo-\u00c1lvarez-1-300x300.jpg"},"stretch":{"file":"Ricardo-\u00c1lvarez-1-681x450.jpg","width":681,"height":450,"mime_type":"image\/jpeg","source_url":"https:\/\/medicina.udd.cl\/fonoaudiologia-santiago\/files\/2010\/11\/Ricardo-\u00c1lvarez-1-681x450.jpg"},"portrait-medium":{"file":"Ricardo-\u00c1lvarez-1-220x260.jpg","width":220,"height":260,"mime_type":"image\/jpeg","source_url":"https:\/\/medicina.udd.cl\/fonoaudiologia-santiago\/files\/2010\/11\/Ricardo-\u00c1lvarez-1-220x260.jpg"},"landscape-small":{"file":"Ricardo-\u00c1lvarez-1-125x80.jpg","width":125,"height":80,"mime_type":"image\/jpeg","source_url":"https:\/\/medicina.udd.cl\/fonoaudiologia-santiago\/files\/2010\/11\/Ricardo-\u00c1lvarez-1-125x80.jpg"},"landscape-medium":{"file":"Ricardo-\u00c1lvarez-1-340x220.jpg","width":340,"height":220,"mime_type":"image\/jpeg","source_url":"https:\/\/medicina.udd.cl\/fonoaudiologia-santiago\/files\/2010\/11\/Ricardo-\u00c1lvarez-1-340x220.jpg"},"landscape-large":{"file":"Ricardo-\u00c1lvarez-1-365x255.jpg","width":365,"height":255,"mime_type":"image\/jpeg","source_url":"https:\/\/medicina.udd.cl\/fonoaudiologia-santiago\/files\/2010\/11\/Ricardo-\u00c1lvarez-1-365x255.jpg"},"landscape-xlarge":{"file":"Ricardo-\u00c1lvarez-1-660x430.jpg","width":660,"height":430,"mime_type":"image\/jpeg","source_url":"https:\/\/medicina.udd.cl\/fonoaudiologia-santiago\/files\/2010\/11\/Ricardo-\u00c1lvarez-1-660x430.jpg"},"panoramic":{"file":"Ricardo-\u00c1lvarez-1-681x345.jpg","width":681,"height":345,"mime_type":"image\/jpeg","source_url":"https:\/\/medicina.udd.cl\/fonoaudiologia-santiago\/files\/2010\/11\/Ricardo-\u00c1lvarez-1-681x345.jpg"},"stretch-large":{"file":"Ricardo-\u00c1lvarez-1-681x450.jpg","width":681,"height":450,"mime_type":"image\/jpeg","source_url":"https:\/\/medicina.udd.cl\/fonoaudiologia-santiago\/files\/2010\/11\/Ricardo-\u00c1lvarez-1-681x450.jpg"},"custom_content":{"file":"Ricardo-\u00c1lvarez-1-126x126.jpg","width":126,"height":126,"mime_type":"image\/jpeg","source_url":"https:\/\/medicina.udd.cl\/fonoaudiologia-santiago\/files\/2010\/11\/Ricardo-\u00c1lvarez-1-126x126.jpg"},"full":{"file":"Ricardo-\u00c1lvarez-1.jpg","width":681,"height":802,"mime_type":"image\/jpeg","source_url":"https:\/\/medicina.udd.cl\/fonoaudiologia-santiago\/files\/2010\/11\/Ricardo-\u00c1lvarez-1.jpg"}},"image_meta":{"aperture":"0","credit":"","camera":"","caption":"","created_timestamp":"0","copyright":"","focal_length":"0","iso":"0","shutter_speed":"0","title":"","orientation":"0","keywords":[]}},"post":331,"source_url":"https:\/\/medicina.udd.cl\/fonoaudiologia-santiago\/files\/2010\/11\/Ricardo-\u00c1lvarez-1.jpg","_links":{"self":[{"href":"https:\/\/medicina.udd.cl\/fonoaudiologia-santiago\/wp-json\/wp\/v2\/media\/338","targetHints":{"allow":["GET"]}}],"collection":[{"href":"https:\/\/medicina.udd.cl\/fonoaudiologia-santiago\/wp-json\/wp\/v2\/media"}],"about":[{"href":"https:\/\/medicina.udd.cl\/fonoaudiologia-santiago\/wp-json\/wp\/v2\/types\/attachment"}],"author":[{"embeddable":true,"href":"https:\/\/medicina.udd.cl\/fonoaudiologia-santiago\/wp-json\/wp\/v2\/users\/1"}],"replies":[{"embeddable":true,"href":"https:\/\/medicina.udd.cl\/fonoaudiologia-santiago\/wp-json\/wp\/v2\/comments?post=338"}],"wp:attached-to":[{"embeddable":true,"post_type":"post","id":331,"href":"https:\/\/medicina.udd.cl\/fonoaudiologia-santiago\/wp-json\/wp\/v2\/posts\/331"}],"curies":[{"name":"wp","href":"https:\/\/api.w.org\/{rel}","templated":true}]}}

http://medicina.udd.cl/fonoaudiologia-santiago/files/2010/11/Ricardo-Álvarez-1.jpg

Ricardo Álvarez 1

<!-- This site is optimized with the Yoast SEO plugin v26.9 - https://yoast.com/product/yoast-seo-wordpress/ -->
<title>Ricardo Álvarez 1 - Fonoaudiología</title>
<meta name="robots" content="index, follow, max-snippet:-1, max-image-preview:large, max-video-preview:-1" />
<link rel="canonical" href="https://medicina.udd.cl/fonoaudiologia-santiago/files/2010/11/Ricardo-Álvarez-1.jpg" />
<meta property="og:locale" content="es_ES" />
<meta property="og:type" content="article" />
<meta property="og:title" content="Ricardo Álvarez 1 - Fonoaudiología" />
<meta property="og:url" content="https://medicina.udd.cl/fonoaudiologia-santiago/files/2010/11/Ricardo-Álvarez-1.jpg" />
<meta property="og:site_name" content="Fonoaudiología" />
<meta property="og:image" content="https://medicina.udd.cl/fonoaudiologia-santiago/files/2010/11/Ricardo-Álvarez-1.jpg" />
	<meta property="og:image:width" content="681" />
	<meta property="og:image:height" content="802" />
	<meta property="og:image:type" content="image/jpeg" />
<script type="application/ld+json" class="yoast-schema-graph">{"@context":"https://schema.org","@graph":[{"@type":"WebPage","@id":"https://medicina.udd.cl/fonoaudiologia-santiago/files/2010/11/Ricardo-Álvarez-1.jpg","url":"https://medicina.udd.cl/fonoaudiologia-santiago/files/2010/11/Ricardo-Álvarez-1.jpg","name":"Ricardo Álvarez 1 - Fonoaudiología","isPartOf":{"@id":"https://medicina.udd.cl/fonoaudiologia-santiago/#website"},"datePublished":"2010-11-18T17:46:53+00:00","breadcrumb":{"@id":"https://medicina.udd.cl/fonoaudiologia-santiago/files/2010/11/Ricardo-Álvarez-1.jpg#breadcrumb"},"inLanguage":"es","potentialAction":[{"@type":"ReadAction","target":["https://medicina.udd.cl/fonoaudiologia-santiago/files/2010/11/Ricardo-Álvarez-1.jpg"]}]},{"@type":"BreadcrumbList","@id":"https://medicina.udd.cl/fonoaudiologia-santiago/files/2010/11/Ricardo-Álvarez-1.jpg#breadcrumb","itemListElement":[{"@type":"ListItem","position":1,"name":"Home","item":"https://medicina.udd.cl/fonoaudiologia-santiago/"},{"@type":"ListItem","position":2,"name":"Curso: Ejercicios que restauran la función vocal","item":"https://medicina.udd.cl/fonoaudiologia-santiago/noticias/2010/11/18/curso-ejercicios-que-restauran-la-funcion-vocal/"},{"@type":"ListItem","position":3,"name":"Ricardo Álvarez 1"}]},{"@type":"WebSite","@id":"https://medicina.udd.cl/fonoaudiologia-santiago/#website","url":"https://medicina.udd.cl/fonoaudiologia-santiago/","name":"Fonoaudiología","description":"Facultad de Medicina Clínica Alemana Universidad del Desarrollo","inLanguage":"es"}]}</script>
<!-- / Yoast SEO plugin. -->

Ricardo Álvarez 1 - Fonoaudiología

https://medicina.udd.cl/fonoaudiologia-santiago/files/2010/11/Ricardo-Álvarez-1.jpg

Fonoaudiología

https://medicina.udd.cl/fonoaudiologia-santiago/files/2010/11/Ricardo-Álvarez-1.jpg#breadcrumb

Curso: Ejercicios que restauran la función vocal

Facultad de Medicina Clínica Alemana Universidad del Desarrollo

<p class="attachment"><a href='https://medicina.udd.cl/fonoaudiologia-santiago/files/2010/11/Ricardo-Álvarez-1.jpg'><img loading="lazy" decoding="async" width="255" height="300" src="https://medicina.udd.cl/fonoaudiologia-santiago/files/2010/11/Ricardo-Álvarez-1-255x300.jpg" class="attachment-medium size-medium" alt="" srcset="https://medicina.udd.cl/fonoaudiologia-santiago/files/2010/11/Ricardo-Álvarez-1-255x300.jpg 255w, https://medicina.udd.cl/fonoaudiologia-santiago/files/2010/11/Ricardo-Álvarez-1-220x260.jpg 220w, https://medicina.udd.cl/fonoaudiologia-santiago/files/2010/11/Ricardo-Álvarez-1.jpg 681w" sizes="auto, (max-width: 255px) 100vw, 255px" /></a></p>

2010/11/Ricardo-Álvarez-1.jpg

Ricardo-Álvarez-1-150x150.jpg

https://medicina.udd.cl/fonoaudiologia-santiago/files/2010/11/Ricardo-Álvarez-1-150x150.jpg

Ricardo-Álvarez-1-255x300.jpg

https://medicina.udd.cl/fonoaudiologia-santiago/files/2010/11/Ricardo-Álvarez-1-255x300.jpg

Ricardo-Álvarez-1-316x224.jpg

https://medicina.udd.cl/fonoaudiologia-santiago/files/2010/11/Ricardo-Álvarez-1-316x224.jpg

Ricardo-Álvarez-1-286x205.jpg

https://medicina.udd.cl/fonoaudiologia-santiago/files/2010/11/Ricardo-Álvarez-1-286x205.jpg

Ricardo-Álvarez-1-288x150.jpg

https://medicina.udd.cl/fonoaudiologia-santiago/files/2010/11/Ricardo-Álvarez-1-288x150.jpg

Ricardo-Álvarez-1-182x140.jpg

https://medicina.udd.cl/fonoaudiologia-santiago/files/2010/11/Ricardo-Álvarez-1-182x140.jpg

Ricardo-Álvarez-1-62x62.jpg

https://medicina.udd.cl/fonoaudiologia-santiago/files/2010/11/Ricardo-Álvarez-1-62x62.jpg

Ricardo-Álvarez-1-87x62.jpg

https://medicina.udd.cl/fonoaudiologia-santiago/files/2010/11/Ricardo-Álvarez-1-87x62.jpg

Ricardo-Álvarez-1-681x450.jpg

https://medicina.udd.cl/fonoaudiologia-santiago/files/2010/11/Ricardo-Álvarez-1-681x450.jpg

Ricardo-Álvarez-1-660x430.jpg

https://medicina.udd.cl/fonoaudiologia-santiago/files/2010/11/Ricardo-Álvarez-1-660x430.jpg

Ricardo-Álvarez-1-300x300.jpg

https://medicina.udd.cl/fonoaudiologia-santiago/files/2010/11/Ricardo-Álvarez-1-300x300.jpg

Ricardo-Álvarez-1-220x260.jpg

https://medicina.udd.cl/fonoaudiologia-santiago/files/2010/11/Ricardo-Álvarez-1-220x260.jpg

Ricardo-Álvarez-1-125x80.jpg

https://medicina.udd.cl/fonoaudiologia-santiago/files/2010/11/Ricardo-Álvarez-1-125x80.jpg

Ricardo-Álvarez-1-340x220.jpg

https://medicina.udd.cl/fonoaudiologia-santiago/files/2010/11/Ricardo-Álvarez-1-340x220.jpg

Ricardo-Álvarez-1-365x255.jpg

https://medicina.udd.cl/fonoaudiologia-santiago/files/2010/11/Ricardo-Álvarez-1-365x255.jpg

Ricardo-Álvarez-1-681x345.jpg

https://medicina.udd.cl/fonoaudiologia-santiago/files/2010/11/Ricardo-Álvarez-1-681x345.jpg

Ricardo-Álvarez-1-126x126.jpg

https://medicina.udd.cl/fonoaudiologia-santiago/files/2010/11/Ricardo-Álvarez-1-126x126.jpg

Ricardo-Álvarez-1.jpg
