{"id":531,"date":"2011-05-09T10:50:26","date_gmt":"2011-05-09T14:50:26","guid":{"rendered":"http:\/\/medicina.udd.cl\/fonoaudiologia-santiago\/files\/2011\/05\/visita-5.jpg"},"modified":"2011-05-09T10:50:26","modified_gmt":"2011-05-09T14:50:26","slug":"visita-5","status":"inherit","type":"attachment","link":"https:\/\/medicina.udd.cl\/fonoaudiologia-santiago\/noticias\/2011\/05\/02\/pasos-practicos-area-linguistica-2\/visita-5\/","title":{"rendered":"Pasos pr\u00e1cticos"},"author":1,"featured_media":0,"comment_status":"open","ping_status":"open","template":"","meta":[],"class_list":["post-531","attachment","type-attachment","status-inherit","hentry"],"yoast_head":"<!-- This site is optimized with the Yoast SEO plugin v26.9 - https:\/\/yoast.com\/product\/yoast-seo-wordpress\/ -->\n<title>Pasos pr\u00e1cticos  - Fonoaudiolog\u00eda<\/title>\n<meta name=\"robots\" content=\"index, follow, max-snippet:-1, max-image-preview:large, max-video-preview:-1\" \/>\n<link rel=\"canonical\" href=\"https:\/\/medicina.udd.cl\/fonoaudiologia-santiago\/files\/2011\/05\/visita-5.jpg\" \/>\n<meta property=\"og:locale\" content=\"es_ES\" \/>\n<meta property=\"og:type\" content=\"article\" \/>\n<meta property=\"og:title\" content=\"Pasos pr\u00e1cticos  - Fonoaudiolog\u00eda\" \/>\n<meta property=\"og:url\" content=\"https:\/\/medicina.udd.cl\/fonoaudiologia-santiago\/files\/2011\/05\/visita-5.jpg\" \/>\n<meta property=\"og:site_name\" content=\"Fonoaudiolog\u00eda\" \/>\n<meta property=\"og:image\" content=\"https:\/\/medicina.udd.cl\/fonoaudiologia-santiago\/files\/2011\/05\/visita-5.jpg\" \/>\n\t<meta property=\"og:image:width\" content=\"2048\" \/>\n\t<meta property=\"og:image:height\" content=\"1462\" \/>\n\t<meta property=\"og:image:type\" content=\"image\/jpeg\" \/>\n<script type=\"application\/ld+json\" class=\"yoast-schema-graph\">{\"@context\":\"https:\/\/schema.org\",\"@graph\":[{\"@type\":\"WebPage\",\"@id\":\"https:\/\/medicina.udd.cl\/fonoaudiologia-santiago\/files\/2011\/05\/visita-5.jpg\",\"url\":\"https:\/\/medicina.udd.cl\/fonoaudiologia-santiago\/files\/2011\/05\/visita-5.jpg\",\"name\":\"Pasos pr\u00e1cticos - Fonoaudiolog\u00eda\",\"isPartOf\":{\"@id\":\"https:\/\/medicina.udd.cl\/fonoaudiologia-santiago\/#website\"},\"datePublished\":\"2011-05-09T14:50:26+00:00\",\"breadcrumb\":{\"@id\":\"https:\/\/medicina.udd.cl\/fonoaudiologia-santiago\/files\/2011\/05\/visita-5.jpg#breadcrumb\"},\"inLanguage\":\"es\",\"potentialAction\":[{\"@type\":\"ReadAction\",\"target\":[\"https:\/\/medicina.udd.cl\/fonoaudiologia-santiago\/files\/2011\/05\/visita-5.jpg\"]}]},{\"@type\":\"BreadcrumbList\",\"@id\":\"https:\/\/medicina.udd.cl\/fonoaudiologia-santiago\/files\/2011\/05\/visita-5.jpg#breadcrumb\",\"itemListElement\":[{\"@type\":\"ListItem\",\"position\":1,\"name\":\"Home\",\"item\":\"https:\/\/medicina.udd.cl\/fonoaudiologia-santiago\/\"},{\"@type\":\"ListItem\",\"position\":2,\"name\":\"Pasos pr\u00e1cticos \u00e1rea Ling\u00fc\u00edstica\",\"item\":\"https:\/\/medicina.udd.cl\/fonoaudiologia-santiago\/noticias\/2011\/05\/02\/pasos-practicos-area-linguistica-2\/\"},{\"@type\":\"ListItem\",\"position\":3,\"name\":\"Pasos pr\u00e1cticos\"}]},{\"@type\":\"WebSite\",\"@id\":\"https:\/\/medicina.udd.cl\/fonoaudiologia-santiago\/#website\",\"url\":\"https:\/\/medicina.udd.cl\/fonoaudiologia-santiago\/\",\"name\":\"Fonoaudiolog\u00eda\",\"description\":\"Facultad de Medicina Cl\u00ednica Alemana Universidad del Desarrollo\",\"inLanguage\":\"es\"}]}<\/script>\n<!-- \/ Yoast SEO plugin. -->","yoast_head_json":{"title":"Pasos pr\u00e1cticos  - Fonoaudiolog\u00eda","robots":{"index":"index","follow":"follow","max-snippet":"max-snippet:-1","max-image-preview":"max-image-preview:large","max-video-preview":"max-video-preview:-1"},"canonical":"https:\/\/medicina.udd.cl\/fonoaudiologia-santiago\/files\/2011\/05\/visita-5.jpg","og_locale":"es_ES","og_type":"article","og_title":"Pasos pr\u00e1cticos  - Fonoaudiolog\u00eda","og_url":"https:\/\/medicina.udd.cl\/fonoaudiologia-santiago\/files\/2011\/05\/visita-5.jpg","og_site_name":"Fonoaudiolog\u00eda","og_image":[{"width":2048,"height":1462,"url":"https:\/\/medicina.udd.cl\/fonoaudiologia-santiago\/files\/2011\/05\/visita-5.jpg","type":"image\/jpeg"}],"schema":{"@context":"https:\/\/schema.org","@graph":[{"@type":"WebPage","@id":"https:\/\/medicina.udd.cl\/fonoaudiologia-santiago\/files\/2011\/05\/visita-5.jpg","url":"https:\/\/medicina.udd.cl\/fonoaudiologia-santiago\/files\/2011\/05\/visita-5.jpg","name":"Pasos pr\u00e1cticos - Fonoaudiolog\u00eda","isPartOf":{"@id":"https:\/\/medicina.udd.cl\/fonoaudiologia-santiago\/#website"},"datePublished":"2011-05-09T14:50:26+00:00","breadcrumb":{"@id":"https:\/\/medicina.udd.cl\/fonoaudiologia-santiago\/files\/2011\/05\/visita-5.jpg#breadcrumb"},"inLanguage":"es","potentialAction":[{"@type":"ReadAction","target":["https:\/\/medicina.udd.cl\/fonoaudiologia-santiago\/files\/2011\/05\/visita-5.jpg"]}]},{"@type":"BreadcrumbList","@id":"https:\/\/medicina.udd.cl\/fonoaudiologia-santiago\/files\/2011\/05\/visita-5.jpg#breadcrumb","itemListElement":[{"@type":"ListItem","position":1,"name":"Home","item":"https:\/\/medicina.udd.cl\/fonoaudiologia-santiago\/"},{"@type":"ListItem","position":2,"name":"Pasos pr\u00e1cticos \u00e1rea Ling\u00fc\u00edstica","item":"https:\/\/medicina.udd.cl\/fonoaudiologia-santiago\/noticias\/2011\/05\/02\/pasos-practicos-area-linguistica-2\/"},{"@type":"ListItem","position":3,"name":"Pasos pr\u00e1cticos"}]},{"@type":"WebSite","@id":"https:\/\/medicina.udd.cl\/fonoaudiologia-santiago\/#website","url":"https:\/\/medicina.udd.cl\/fonoaudiologia-santiago\/","name":"Fonoaudiolog\u00eda","description":"Facultad de Medicina Cl\u00ednica Alemana Universidad del Desarrollo","inLanguage":"es"}]}},"description":{"rendered":"<p class=\"attachment\"><a href='https:\/\/medicina.udd.cl\/fonoaudiologia-santiago\/files\/2011\/05\/visita-5.jpg'><img loading=\"lazy\" decoding=\"async\" width=\"300\" height=\"214\" src=\"https:\/\/medicina.udd.cl\/fonoaudiologia-santiago\/files\/2011\/05\/visita-5-300x214.jpg\" class=\"attachment-medium size-medium\" alt=\"\" srcset=\"https:\/\/medicina.udd.cl\/fonoaudiologia-santiago\/files\/2011\/05\/visita-5-300x214.jpg 300w, https:\/\/medicina.udd.cl\/fonoaudiologia-santiago\/files\/2011\/05\/visita-5-768x548.jpg 768w, https:\/\/medicina.udd.cl\/fonoaudiologia-santiago\/files\/2011\/05\/visita-5-1024x731.jpg 1024w, https:\/\/medicina.udd.cl\/fonoaudiologia-santiago\/files\/2011\/05\/visita-5-316x224.jpg 316w, https:\/\/medicina.udd.cl\/fonoaudiologia-santiago\/files\/2011\/05\/visita-5-286x205.jpg 286w, https:\/\/medicina.udd.cl\/fonoaudiologia-santiago\/files\/2011\/05\/visita-5-87x62.jpg 87w, https:\/\/medicina.udd.cl\/fonoaudiologia-santiago\/files\/2011\/05\/visita-5-960x685.jpg 960w, https:\/\/medicina.udd.cl\/fonoaudiologia-santiago\/files\/2011\/05\/visita-5.jpg 2048w\" sizes=\"auto, (max-width: 300px) 100vw, 300px\" \/><\/a><\/p>\n"},"caption":{"rendered":""},"alt_text":"","media_type":"image","mime_type":"image\/jpeg","media_details":{"width":2048,"height":1462,"file":"2011\/05\/visita-5.jpg","sizes":{"thumbnail":{"file":"visita-5-150x150.jpg","width":150,"height":150,"mime_type":"image\/jpeg","source_url":"https:\/\/medicina.udd.cl\/fonoaudiologia-santiago\/files\/2011\/05\/visita-5-150x150.jpg"},"medium":{"file":"visita-5-300x214.jpg","width":300,"height":214,"mime_type":"image\/jpeg","source_url":"https:\/\/medicina.udd.cl\/fonoaudiologia-santiago\/files\/2011\/05\/visita-5-300x214.jpg"},"medium_large":{"file":"visita-5-768x548.jpg","width":768,"height":548,"mime_type":"image\/jpeg","source_url":"https:\/\/medicina.udd.cl\/fonoaudiologia-santiago\/files\/2011\/05\/visita-5-768x548.jpg"},"large":{"file":"visita-5-1024x731.jpg","width":1024,"height":731,"mime_type":"image\/jpeg","source_url":"https:\/\/medicina.udd.cl\/fonoaudiologia-santiago\/files\/2011\/05\/visita-5-1024x731.jpg"},"newsletter_featured":{"file":"visita-5-316x224.jpg","width":316,"height":224,"mime_type":"image\/jpeg","source_url":"https:\/\/medicina.udd.cl\/fonoaudiologia-santiago\/files\/2011\/05\/visita-5-316x224.jpg"},"newsletter_first":{"file":"visita-5-286x205.jpg","width":286,"height":205,"mime_type":"image\/jpeg","source_url":"https:\/\/medicina.udd.cl\/fonoaudiologia-santiago\/files\/2011\/05\/visita-5-286x205.jpg"},"newsletter_thumb":{"file":"visita-5-288x150.jpg","width":288,"height":150,"mime_type":"image\/jpeg","source_url":"https:\/\/medicina.udd.cl\/fonoaudiologia-santiago\/files\/2011\/05\/visita-5-288x150.jpg"},"newsletter_column":{"file":"visita-5-182x140.jpg","width":182,"height":140,"mime_type":"image\/jpeg","source_url":"https:\/\/medicina.udd.cl\/fonoaudiologia-santiago\/files\/2011\/05\/visita-5-182x140.jpg"},"newsletter_square":{"file":"visita-5-62x62.jpg","width":62,"height":62,"mime_type":"image\/jpeg","source_url":"https:\/\/medicina.udd.cl\/fonoaudiologia-santiago\/files\/2011\/05\/visita-5-62x62.jpg"},"newsletter_square_large":{"file":"visita-5-87x62.jpg","width":87,"height":62,"mime_type":"image\/jpeg","source_url":"https:\/\/medicina.udd.cl\/fonoaudiologia-santiago\/files\/2011\/05\/visita-5-87x62.jpg"},"featured-home":{"file":"visita-5-800x450.jpg","width":800,"height":450,"mime_type":"image\/jpeg","source_url":"https:\/\/medicina.udd.cl\/fonoaudiologia-santiago\/files\/2011\/05\/visita-5-800x450.jpg"},"featured-career":{"file":"visita-5-660x430.jpg","width":660,"height":430,"mime_type":"image\/jpeg","source_url":"https:\/\/medicina.udd.cl\/fonoaudiologia-santiago\/files\/2011\/05\/visita-5-660x430.jpg"},"squared":{"file":"visita-5-300x300.jpg","width":300,"height":300,"mime_type":"image\/jpeg","source_url":"https:\/\/medicina.udd.cl\/fonoaudiologia-santiago\/files\/2011\/05\/visita-5-300x300.jpg"},"stretch":{"file":"visita-5-800x450.jpg","width":800,"height":450,"mime_type":"image\/jpeg","source_url":"https:\/\/medicina.udd.cl\/fonoaudiologia-santiago\/files\/2011\/05\/visita-5-800x450.jpg"},"portrait-medium":{"file":"visita-5-220x260.jpg","width":220,"height":260,"mime_type":"image\/jpeg","source_url":"https:\/\/medicina.udd.cl\/fonoaudiologia-santiago\/files\/2011\/05\/visita-5-220x260.jpg"},"landscape-small":{"file":"visita-5-125x80.jpg","width":125,"height":80,"mime_type":"image\/jpeg","source_url":"https:\/\/medicina.udd.cl\/fonoaudiologia-santiago\/files\/2011\/05\/visita-5-125x80.jpg"},"landscape-medium":{"file":"visita-5-340x220.jpg","width":340,"height":220,"mime_type":"image\/jpeg","source_url":"https:\/\/medicina.udd.cl\/fonoaudiologia-santiago\/files\/2011\/05\/visita-5-340x220.jpg"},"landscape-large":{"file":"visita-5-365x255.jpg","width":365,"height":255,"mime_type":"image\/jpeg","source_url":"https:\/\/medicina.udd.cl\/fonoaudiologia-santiago\/files\/2011\/05\/visita-5-365x255.jpg"},"landscape-xlarge":{"file":"visita-5-660x430.jpg","width":660,"height":430,"mime_type":"image\/jpeg","source_url":"https:\/\/medicina.udd.cl\/fonoaudiologia-santiago\/files\/2011\/05\/visita-5-660x430.jpg"},"panoramic":{"file":"visita-5-940x345.jpg","width":940,"height":345,"mime_type":"image\/jpeg","source_url":"https:\/\/medicina.udd.cl\/fonoaudiologia-santiago\/files\/2011\/05\/visita-5-940x345.jpg"},"stretch-large":{"file":"visita-5-940x450.jpg","width":940,"height":450,"mime_type":"image\/jpeg","source_url":"https:\/\/medicina.udd.cl\/fonoaudiologia-santiago\/files\/2011\/05\/visita-5-940x450.jpg"},"proportional-large":{"file":"visita-5-960x685.jpg","width":960,"height":685,"mime_type":"image\/jpeg","source_url":"https:\/\/medicina.udd.cl\/fonoaudiologia-santiago\/files\/2011\/05\/visita-5-960x685.jpg"},"custom_content":{"file":"visita-5-126x126.jpg","width":126,"height":126,"mime_type":"image\/jpeg","source_url":"https:\/\/medicina.udd.cl\/fonoaudiologia-santiago\/files\/2011\/05\/visita-5-126x126.jpg"},"full":{"file":"visita-5.jpg","width":2048,"height":1462,"mime_type":"image\/jpeg","source_url":"https:\/\/medicina.udd.cl\/fonoaudiologia-santiago\/files\/2011\/05\/visita-5.jpg"}},"image_meta":{"aperture":"0","credit":"","camera":"X3-00","caption":"","created_timestamp":"1302618334","copyright":"","focal_length":"0","iso":"0","shutter_speed":"0","title":"","orientation":"0","keywords":[]}},"post":525,"source_url":"https:\/\/medicina.udd.cl\/fonoaudiologia-santiago\/files\/2011\/05\/visita-5.jpg","_links":{"self":[{"href":"https:\/\/medicina.udd.cl\/fonoaudiologia-santiago\/wp-json\/wp\/v2\/media\/531","targetHints":{"allow":["GET"]}}],"collection":[{"href":"https:\/\/medicina.udd.cl\/fonoaudiologia-santiago\/wp-json\/wp\/v2\/media"}],"about":[{"href":"https:\/\/medicina.udd.cl\/fonoaudiologia-santiago\/wp-json\/wp\/v2\/types\/attachment"}],"author":[{"embeddable":true,"href":"https:\/\/medicina.udd.cl\/fonoaudiologia-santiago\/wp-json\/wp\/v2\/users\/1"}],"replies":[{"embeddable":true,"href":"https:\/\/medicina.udd.cl\/fonoaudiologia-santiago\/wp-json\/wp\/v2\/comments?post=531"}],"wp:attached-to":[{"embeddable":true,"post_type":"post","id":525,"href":"https:\/\/medicina.udd.cl\/fonoaudiologia-santiago\/wp-json\/wp\/v2\/posts\/525"}],"curies":[{"name":"wp","href":"https:\/\/api.w.org\/{rel}","templated":true}]}}

Pasos prácticos

<!-- This site is optimized with the Yoast SEO plugin v26.9 - https://yoast.com/product/yoast-seo-wordpress/ -->
<title>Pasos prácticos  - Fonoaudiología</title>
<meta name="robots" content="index, follow, max-snippet:-1, max-image-preview:large, max-video-preview:-1" />
<link rel="canonical" href="https://medicina.udd.cl/fonoaudiologia-santiago/files/2011/05/visita-5.jpg" />
<meta property="og:locale" content="es_ES" />
<meta property="og:type" content="article" />
<meta property="og:title" content="Pasos prácticos  - Fonoaudiología" />
<meta property="og:url" content="https://medicina.udd.cl/fonoaudiologia-santiago/files/2011/05/visita-5.jpg" />
<meta property="og:site_name" content="Fonoaudiología" />
<meta property="og:image" content="https://medicina.udd.cl/fonoaudiologia-santiago/files/2011/05/visita-5.jpg" />
	<meta property="og:image:width" content="2048" />
	<meta property="og:image:height" content="1462" />
	<meta property="og:image:type" content="image/jpeg" />
<script type="application/ld+json" class="yoast-schema-graph">{"@context":"https://schema.org","@graph":[{"@type":"WebPage","@id":"https://medicina.udd.cl/fonoaudiologia-santiago/files/2011/05/visita-5.jpg","url":"https://medicina.udd.cl/fonoaudiologia-santiago/files/2011/05/visita-5.jpg","name":"Pasos prácticos - Fonoaudiología","isPartOf":{"@id":"https://medicina.udd.cl/fonoaudiologia-santiago/#website"},"datePublished":"2011-05-09T14:50:26+00:00","breadcrumb":{"@id":"https://medicina.udd.cl/fonoaudiologia-santiago/files/2011/05/visita-5.jpg#breadcrumb"},"inLanguage":"es","potentialAction":[{"@type":"ReadAction","target":["https://medicina.udd.cl/fonoaudiologia-santiago/files/2011/05/visita-5.jpg"]}]},{"@type":"BreadcrumbList","@id":"https://medicina.udd.cl/fonoaudiologia-santiago/files/2011/05/visita-5.jpg#breadcrumb","itemListElement":[{"@type":"ListItem","position":1,"name":"Home","item":"https://medicina.udd.cl/fonoaudiologia-santiago/"},{"@type":"ListItem","position":2,"name":"Pasos prácticos área Lingüística","item":"https://medicina.udd.cl/fonoaudiologia-santiago/noticias/2011/05/02/pasos-practicos-area-linguistica-2/"},{"@type":"ListItem","position":3,"name":"Pasos prácticos"}]},{"@type":"WebSite","@id":"https://medicina.udd.cl/fonoaudiologia-santiago/#website","url":"https://medicina.udd.cl/fonoaudiologia-santiago/","name":"Fonoaudiología","description":"Facultad de Medicina Clínica Alemana Universidad del Desarrollo","inLanguage":"es"}]}</script>
<!-- / Yoast SEO plugin. -->

Pasos prácticos  - Fonoaudiología

Fonoaudiología

Pasos prácticos - Fonoaudiología

Pasos prácticos área Lingüística

Facultad de Medicina Clínica Alemana Universidad del Desarrollo
