{"id":20,"date":"2010-03-31T19:25:35","date_gmt":"2010-03-31T23:25:35","guid":{"rendered":"http:\/\/medicina.udd.cl\/fonoaudiologia\/vida-universitaria\/centro-de-alumnos\/"},"modified":"2013-11-26T11:28:31","modified_gmt":"2013-11-26T14:28:31","slug":"centro-de-alumnos","status":"publish","type":"page","link":"https:\/\/medicina.udd.cl\/fonoaudiologia-santiago\/vida-universitaria\/centro-de-alumnos\/","title":{"rendered":"Centro de Alumnos 2013"},"content":{"rendered":"<p><a href=\"http:\/\/medicina.udd.cl\/fonoaudiologia-santiago\/files\/2010\/03\/IMG_0075.jpg\"><\/a><a href=\"http:\/\/medicina.udd.cl\/fonoaudiologia-santiago\/files\/2010\/03\/IMG_0075.jpg\"><\/a><a href=\"http:\/\/medicina.udd.cl\/fonoaudiologia-santiago\/files\/2010\/03\/IMG_0075.jpg\"><img loading=\"lazy\" decoding=\"async\" class=\"aligncenter size-medium wp-image-1731\" title=\"Centro de Estudiantes 2013\" src=\"http:\/\/medicina.udd.cl\/fonoaudiologia-santiago\/files\/2010\/03\/IMG_0075-300x200.jpg\" alt=\"\" width=\"300\" height=\"200\" srcset=\"https:\/\/medicina.udd.cl\/fonoaudiologia-santiago\/files\/2010\/03\/IMG_0075-300x200.jpg 300w, https:\/\/medicina.udd.cl\/fonoaudiologia-santiago\/files\/2010\/03\/IMG_0075-768x512.jpg 768w, https:\/\/medicina.udd.cl\/fonoaudiologia-santiago\/files\/2010\/03\/IMG_0075-1024x683.jpg 1024w, https:\/\/medicina.udd.cl\/fonoaudiologia-santiago\/files\/2010\/03\/IMG_0075-960x640.jpg 960w\" sizes=\"auto, (max-width: 300px) 100vw, 300px\" \/><\/a><\/p>\n<p>La directiva del Centro de Estudiantes de Fonoaudiolog\u00eda est\u00e1 compuesta por las siguientes personas:<\/p>\n<ul>\n<li><strong>Presidenta: <\/strong>Pilar Giacaman<\/li>\n<\/ul>\n<ul>\n<li><strong>Vice presidenta: <\/strong>Tamara Alarja<\/li>\n<\/ul>\n<ul>\n<li><strong>Tesorera: <\/strong>Daniela Sotomayor<\/li>\n<\/ul>\n<ul>\n<li><strong>Secretaria ejecutiva: <\/strong>Constanza Escrig<\/li>\n<\/ul>\n<ul>\n<li><strong>Secretaria general: <\/strong>Marcela Far\u00edas<\/li>\n<\/ul>\n","protected":false},"excerpt":{"rendered":"<p>La directiva del Centro de Estudiantes de Fonoaudiolog\u00eda est\u00e1 compuesta por las siguientes personas: Presidenta: Pilar Giacaman Vice presidenta: Tamara Alarja Tesorera: Daniela Sotomayor Secretaria ejecutiva: Constanza Escrig Secretaria general: Marcela Far\u00edas<\/p>\n","protected":false},"author":1,"featured_media":0,"parent":7,"menu_order":10,"comment_status":"open","ping_status":"open","template":"","meta":{"footnotes":""},"class_list":["post-20","page","type-page","status-publish","hentry"],"yoast_head":"<!-- This site is optimized with the Yoast SEO plugin v26.9 - https:\/\/yoast.com\/product\/yoast-seo-wordpress\/ -->\n<title>Centro de Alumnos| Carrera de Fonoaudolog\u00eda (Santiago) | Admisi\u00f3n 2014 UDD<\/title>\n<meta name=\"description\" content=\"Conoce al destacado equipo de alumnos que conforman el Centro de Alumnos de Fonoaudiolog\u00eda UDD.\" \/>\n<meta name=\"robots\" content=\"index, follow, max-snippet:-1, max-image-preview:large, max-video-preview:-1\" \/>\n<link rel=\"canonical\" href=\"https:\/\/medicina.udd.cl\/fonoaudiologia-santiago\/vida-universitaria\/centro-de-alumnos\/\" \/>\n<meta property=\"og:locale\" content=\"es_ES\" \/>\n<meta property=\"og:type\" content=\"article\" \/>\n<meta property=\"og:title\" content=\"Centro de Alumnos| Carrera de Fonoaudolog\u00eda (Santiago) | Admisi\u00f3n 2014 UDD\" \/>\n<meta property=\"og:description\" content=\"Conoce al destacado equipo de alumnos que conforman el Centro de Alumnos de Fonoaudiolog\u00eda UDD.\" \/>\n<meta property=\"og:url\" content=\"https:\/\/medicina.udd.cl\/fonoaudiologia-santiago\/vida-universitaria\/centro-de-alumnos\/\" \/>\n<meta property=\"og:site_name\" content=\"Fonoaudiolog\u00eda\" \/>\n<meta property=\"article:modified_time\" content=\"2013-11-26T14:28:31+00:00\" \/>\n<meta property=\"og:image\" content=\"http:\/\/medicina.udd.cl\/fonoaudiologia-santiago\/files\/2010\/03\/IMG_0075-300x200.jpg\" \/>\n<script type=\"application\/ld+json\" class=\"yoast-schema-graph\">{\"@context\":\"https:\/\/schema.org\",\"@graph\":[{\"@type\":\"WebPage\",\"@id\":\"https:\/\/medicina.udd.cl\/fonoaudiologia-santiago\/vida-universitaria\/centro-de-alumnos\/\",\"url\":\"https:\/\/medicina.udd.cl\/fonoaudiologia-santiago\/vida-universitaria\/centro-de-alumnos\/\",\"name\":\"Centro de Alumnos| Carrera de Fonoaudolog\u00eda (Santiago) | Admisi\u00f3n 2014 UDD\",\"isPartOf\":{\"@id\":\"https:\/\/medicina.udd.cl\/fonoaudiologia-santiago\/#website\"},\"primaryImageOfPage\":{\"@id\":\"https:\/\/medicina.udd.cl\/fonoaudiologia-santiago\/vida-universitaria\/centro-de-alumnos\/#primaryimage\"},\"image\":{\"@id\":\"https:\/\/medicina.udd.cl\/fonoaudiologia-santiago\/vida-universitaria\/centro-de-alumnos\/#primaryimage\"},\"thumbnailUrl\":\"http:\/\/medicina.udd.cl\/fonoaudiologia-santiago\/files\/2010\/03\/IMG_0075-300x200.jpg\",\"datePublished\":\"2010-03-31T23:25:35+00:00\",\"dateModified\":\"2013-11-26T14:28:31+00:00\",\"description\":\"Conoce al destacado equipo de alumnos que conforman el Centro de Alumnos de Fonoaudiolog\u00eda UDD.\",\"breadcrumb\":{\"@id\":\"https:\/\/medicina.udd.cl\/fonoaudiologia-santiago\/vida-universitaria\/centro-de-alumnos\/#breadcrumb\"},\"inLanguage\":\"es\",\"potentialAction\":[{\"@type\":\"ReadAction\",\"target\":[\"https:\/\/medicina.udd.cl\/fonoaudiologia-santiago\/vida-universitaria\/centro-de-alumnos\/\"]}]},{\"@type\":\"ImageObject\",\"inLanguage\":\"es\",\"@id\":\"https:\/\/medicina.udd.cl\/fonoaudiologia-santiago\/vida-universitaria\/centro-de-alumnos\/#primaryimage\",\"url\":\"http:\/\/medicina.udd.cl\/fonoaudiologia-santiago\/files\/2010\/03\/IMG_0075-300x200.jpg\",\"contentUrl\":\"http:\/\/medicina.udd.cl\/fonoaudiologia-santiago\/files\/2010\/03\/IMG_0075-300x200.jpg\"},{\"@type\":\"BreadcrumbList\",\"@id\":\"https:\/\/medicina.udd.cl\/fonoaudiologia-santiago\/vida-universitaria\/centro-de-alumnos\/#breadcrumb\",\"itemListElement\":[{\"@type\":\"ListItem\",\"position\":1,\"name\":\"Home\",\"item\":\"https:\/\/medicina.udd.cl\/fonoaudiologia-santiago\/\"},{\"@type\":\"ListItem\",\"position\":2,\"name\":\"Vida Universitaria\",\"item\":\"https:\/\/medicina.udd.cl\/fonoaudiologia-santiago\/vida-universitaria\/\"},{\"@type\":\"ListItem\",\"position\":3,\"name\":\"Centro de Alumnos 2013\"}]},{\"@type\":\"WebSite\",\"@id\":\"https:\/\/medicina.udd.cl\/fonoaudiologia-santiago\/#website\",\"url\":\"https:\/\/medicina.udd.cl\/fonoaudiologia-santiago\/\",\"name\":\"Fonoaudiolog\u00eda\",\"description\":\"Facultad de Medicina Cl\u00ednica Alemana Universidad del Desarrollo\",\"inLanguage\":\"es\"}]}<\/script>\n<!-- \/ Yoast SEO plugin. -->","yoast_head_json":{"title":"Centro de Alumnos| Carrera de Fonoaudolog\u00eda (Santiago) | Admisi\u00f3n 2014 UDD","description":"Conoce al destacado equipo de alumnos que conforman el Centro de Alumnos de Fonoaudiolog\u00eda UDD.","robots":{"index":"index","follow":"follow","max-snippet":"max-snippet:-1","max-image-preview":"max-image-preview:large","max-video-preview":"max-video-preview:-1"},"canonical":"https:\/\/medicina.udd.cl\/fonoaudiologia-santiago\/vida-universitaria\/centro-de-alumnos\/","og_locale":"es_ES","og_type":"article","og_title":"Centro de Alumnos| Carrera de Fonoaudolog\u00eda (Santiago) | Admisi\u00f3n 2014 UDD","og_description":"Conoce al destacado equipo de alumnos que conforman el Centro de Alumnos de Fonoaudiolog\u00eda UDD.","og_url":"https:\/\/medicina.udd.cl\/fonoaudiologia-santiago\/vida-universitaria\/centro-de-alumnos\/","og_site_name":"Fonoaudiolog\u00eda","article_modified_time":"2013-11-26T14:28:31+00:00","og_image":[{"url":"http:\/\/medicina.udd.cl\/fonoaudiologia-santiago\/files\/2010\/03\/IMG_0075-300x200.jpg","type":"","width":"","height":""}],"schema":{"@context":"https:\/\/schema.org","@graph":[{"@type":"WebPage","@id":"https:\/\/medicina.udd.cl\/fonoaudiologia-santiago\/vida-universitaria\/centro-de-alumnos\/","url":"https:\/\/medicina.udd.cl\/fonoaudiologia-santiago\/vida-universitaria\/centro-de-alumnos\/","name":"Centro de Alumnos| Carrera de Fonoaudolog\u00eda (Santiago) | Admisi\u00f3n 2014 UDD","isPartOf":{"@id":"https:\/\/medicina.udd.cl\/fonoaudiologia-santiago\/#website"},"primaryImageOfPage":{"@id":"https:\/\/medicina.udd.cl\/fonoaudiologia-santiago\/vida-universitaria\/centro-de-alumnos\/#primaryimage"},"image":{"@id":"https:\/\/medicina.udd.cl\/fonoaudiologia-santiago\/vida-universitaria\/centro-de-alumnos\/#primaryimage"},"thumbnailUrl":"http:\/\/medicina.udd.cl\/fonoaudiologia-santiago\/files\/2010\/03\/IMG_0075-300x200.jpg","datePublished":"2010-03-31T23:25:35+00:00","dateModified":"2013-11-26T14:28:31+00:00","description":"Conoce al destacado equipo de alumnos que conforman el Centro de Alumnos de Fonoaudiolog\u00eda UDD.","breadcrumb":{"@id":"https:\/\/medicina.udd.cl\/fonoaudiologia-santiago\/vida-universitaria\/centro-de-alumnos\/#breadcrumb"},"inLanguage":"es","potentialAction":[{"@type":"ReadAction","target":["https:\/\/medicina.udd.cl\/fonoaudiologia-santiago\/vida-universitaria\/centro-de-alumnos\/"]}]},{"@type":"ImageObject","inLanguage":"es","@id":"https:\/\/medicina.udd.cl\/fonoaudiologia-santiago\/vida-universitaria\/centro-de-alumnos\/#primaryimage","url":"http:\/\/medicina.udd.cl\/fonoaudiologia-santiago\/files\/2010\/03\/IMG_0075-300x200.jpg","contentUrl":"http:\/\/medicina.udd.cl\/fonoaudiologia-santiago\/files\/2010\/03\/IMG_0075-300x200.jpg"},{"@type":"BreadcrumbList","@id":"https:\/\/medicina.udd.cl\/fonoaudiologia-santiago\/vida-universitaria\/centro-de-alumnos\/#breadcrumb","itemListElement":[{"@type":"ListItem","position":1,"name":"Home","item":"https:\/\/medicina.udd.cl\/fonoaudiologia-santiago\/"},{"@type":"ListItem","position":2,"name":"Vida Universitaria","item":"https:\/\/medicina.udd.cl\/fonoaudiologia-santiago\/vida-universitaria\/"},{"@type":"ListItem","position":3,"name":"Centro de Alumnos 2013"}]},{"@type":"WebSite","@id":"https:\/\/medicina.udd.cl\/fonoaudiologia-santiago\/#website","url":"https:\/\/medicina.udd.cl\/fonoaudiologia-santiago\/","name":"Fonoaudiolog\u00eda","description":"Facultad de Medicina Cl\u00ednica Alemana Universidad del Desarrollo","inLanguage":"es"}]}},"_links":{"self":[{"href":"https:\/\/medicina.udd.cl\/fonoaudiologia-santiago\/wp-json\/wp\/v2\/pages\/20","targetHints":{"allow":["GET"]}}],"collection":[{"href":"https:\/\/medicina.udd.cl\/fonoaudiologia-santiago\/wp-json\/wp\/v2\/pages"}],"about":[{"href":"https:\/\/medicina.udd.cl\/fonoaudiologia-santiago\/wp-json\/wp\/v2\/types\/page"}],"author":[{"embeddable":true,"href":"https:\/\/medicina.udd.cl\/fonoaudiologia-santiago\/wp-json\/wp\/v2\/users\/1"}],"replies":[{"embeddable":true,"href":"https:\/\/medicina.udd.cl\/fonoaudiologia-santiago\/wp-json\/wp\/v2\/comments?post=20"}],"version-history":[{"count":26,"href":"https:\/\/medicina.udd.cl\/fonoaudiologia-santiago\/wp-json\/wp\/v2\/pages\/20\/revisions"}],"predecessor-version":[{"id":2129,"href":"https:\/\/medicina.udd.cl\/fonoaudiologia-santiago\/wp-json\/wp\/v2\/pages\/20\/revisions\/2129"}],"up":[{"embeddable":true,"href":"https:\/\/medicina.udd.cl\/fonoaudiologia-santiago\/wp-json\/wp\/v2\/pages\/7"}],"wp:attachment":[{"href":"https:\/\/medicina.udd.cl\/fonoaudiologia-santiago\/wp-json\/wp\/v2\/media?parent=20"}],"curies":[{"name":"wp","href":"https:\/\/api.w.org\/{rel}","templated":true}]}}

<p><a href="http://medicina.udd.cl/fonoaudiologia-santiago/files/2010/03/IMG_0075.jpg"></a><a href="http://medicina.udd.cl/fonoaudiologia-santiago/files/2010/03/IMG_0075.jpg"></a><a href="http://medicina.udd.cl/fonoaudiologia-santiago/files/2010/03/IMG_0075.jpg"><img loading="lazy" decoding="async" class="aligncenter size-medium wp-image-1731" title="Centro de Estudiantes 2013" src="http://medicina.udd.cl/fonoaudiologia-santiago/files/2010/03/IMG_0075-300x200.jpg" alt="" width="300" height="200" srcset="https://medicina.udd.cl/fonoaudiologia-santiago/files/2010/03/IMG_0075-300x200.jpg 300w, https://medicina.udd.cl/fonoaudiologia-santiago/files/2010/03/IMG_0075-768x512.jpg 768w, https://medicina.udd.cl/fonoaudiologia-santiago/files/2010/03/IMG_0075-1024x683.jpg 1024w, https://medicina.udd.cl/fonoaudiologia-santiago/files/2010/03/IMG_0075-960x640.jpg 960w" sizes="auto, (max-width: 300px) 100vw, 300px" /></a></p>
<p>La directiva del Centro de Estudiantes de Fonoaudiología está compuesta por las siguientes personas:</p>
<ul>
<li><strong>Presidenta: </strong>Pilar Giacaman</li>
</ul>
<ul>
<li><strong>Vice presidenta: </strong>Tamara Alarja</li>
</ul>
<ul>
<li><strong>Tesorera: </strong>Daniela Sotomayor</li>
</ul>
<ul>
<li><strong>Secretaria ejecutiva: </strong>Constanza Escrig</li>
</ul>
<ul>
<li><strong>Secretaria general: </strong>Marcela Farías</li>
</ul>

<p>La directiva del Centro de Estudiantes de Fonoaudiología está compuesta por las siguientes personas: Presidenta: Pilar Giacaman Vice presidenta: Tamara Alarja Tesorera: Daniela Sotomayor Secretaria ejecutiva: Constanza Escrig Secretaria general: Marcela Farías</p>

<!-- This site is optimized with the Yoast SEO plugin v26.9 - https://yoast.com/product/yoast-seo-wordpress/ -->
<title>Centro de Alumnos| Carrera de Fonoaudología (Santiago) | Admisión 2014 UDD</title>
<meta name="description" content="Conoce al destacado equipo de alumnos que conforman el Centro de Alumnos de Fonoaudiología UDD." />
<meta name="robots" content="index, follow, max-snippet:-1, max-image-preview:large, max-video-preview:-1" />
<link rel="canonical" href="https://medicina.udd.cl/fonoaudiologia-santiago/vida-universitaria/centro-de-alumnos/" />
<meta property="og:locale" content="es_ES" />
<meta property="og:type" content="article" />
<meta property="og:title" content="Centro de Alumnos| Carrera de Fonoaudología (Santiago) | Admisión 2014 UDD" />
<meta property="og:description" content="Conoce al destacado equipo de alumnos que conforman el Centro de Alumnos de Fonoaudiología UDD." />
<meta property="og:url" content="https://medicina.udd.cl/fonoaudiologia-santiago/vida-universitaria/centro-de-alumnos/" />
<meta property="og:site_name" content="Fonoaudiología" />
<meta property="article:modified_time" content="2013-11-26T14:28:31+00:00" />
<meta property="og:image" content="http://medicina.udd.cl/fonoaudiologia-santiago/files/2010/03/IMG_0075-300x200.jpg" />
<script type="application/ld+json" class="yoast-schema-graph">{"@context":"https://schema.org","@graph":[{"@type":"WebPage","@id":"https://medicina.udd.cl/fonoaudiologia-santiago/vida-universitaria/centro-de-alumnos/","url":"https://medicina.udd.cl/fonoaudiologia-santiago/vida-universitaria/centro-de-alumnos/","name":"Centro de Alumnos| Carrera de Fonoaudología (Santiago) | Admisión 2014 UDD","isPartOf":{"@id":"https://medicina.udd.cl/fonoaudiologia-santiago/#website"},"primaryImageOfPage":{"@id":"https://medicina.udd.cl/fonoaudiologia-santiago/vida-universitaria/centro-de-alumnos/#primaryimage"},"image":{"@id":"https://medicina.udd.cl/fonoaudiologia-santiago/vida-universitaria/centro-de-alumnos/#primaryimage"},"thumbnailUrl":"http://medicina.udd.cl/fonoaudiologia-santiago/files/2010/03/IMG_0075-300x200.jpg","datePublished":"2010-03-31T23:25:35+00:00","dateModified":"2013-11-26T14:28:31+00:00","description":"Conoce al destacado equipo de alumnos que conforman el Centro de Alumnos de Fonoaudiología UDD.","breadcrumb":{"@id":"https://medicina.udd.cl/fonoaudiologia-santiago/vida-universitaria/centro-de-alumnos/#breadcrumb"},"inLanguage":"es","potentialAction":[{"@type":"ReadAction","target":["https://medicina.udd.cl/fonoaudiologia-santiago/vida-universitaria/centro-de-alumnos/"]}]},{"@type":"ImageObject","inLanguage":"es","@id":"https://medicina.udd.cl/fonoaudiologia-santiago/vida-universitaria/centro-de-alumnos/#primaryimage","url":"http://medicina.udd.cl/fonoaudiologia-santiago/files/2010/03/IMG_0075-300x200.jpg","contentUrl":"http://medicina.udd.cl/fonoaudiologia-santiago/files/2010/03/IMG_0075-300x200.jpg"},{"@type":"BreadcrumbList","@id":"https://medicina.udd.cl/fonoaudiologia-santiago/vida-universitaria/centro-de-alumnos/#breadcrumb","itemListElement":[{"@type":"ListItem","position":1,"name":"Home","item":"https://medicina.udd.cl/fonoaudiologia-santiago/"},{"@type":"ListItem","position":2,"name":"Vida Universitaria","item":"https://medicina.udd.cl/fonoaudiologia-santiago/vida-universitaria/"},{"@type":"ListItem","position":3,"name":"Centro de Alumnos 2013"}]},{"@type":"WebSite","@id":"https://medicina.udd.cl/fonoaudiologia-santiago/#website","url":"https://medicina.udd.cl/fonoaudiologia-santiago/","name":"Fonoaudiología","description":"Facultad de Medicina Clínica Alemana Universidad del Desarrollo","inLanguage":"es"}]}</script>
<!-- / Yoast SEO plugin. -->

Centro de Alumnos| Carrera de Fonoaudología (Santiago) | Admisión 2014 UDD

Conoce al destacado equipo de alumnos que conforman el Centro de Alumnos de Fonoaudiología UDD.

Fonoaudiología

Facultad de Medicina Clínica Alemana Universidad del Desarrollo
