{"id":3536,"date":"2016-09-21T14:26:51","date_gmt":"2016-09-21T17:26:51","guid":{"rendered":"http:\/\/medicina.udd.cl\/fonoaudiologia-santiago\/?page_id=3536"},"modified":"2016-09-21T15:26:45","modified_gmt":"2016-09-21T18:26:45","slug":"descripcion","status":"publish","type":"page","link":"https:\/\/medicina.udd.cl\/fonoaudiologia-santiago\/la-carrera\/descripcion\/","title":{"rendered":"Descripci\u00f3n"},"content":{"rendered":"<p style=\"text-align: justify\"><img loading=\"lazy\" decoding=\"async\" class=\" wp-image-1964 alignleft\" src=\"http:\/\/medicina.udd.cl\/fonoaudiologia-santiago\/files\/2010\/03\/Logo-Fonoaudiologia-297x300.jpg\" alt=\"Logo Fonoaudiologia\" width=\"143\" height=\"144\" srcset=\"https:\/\/medicina.udd.cl\/fonoaudiologia-santiago\/files\/2010\/03\/Logo-Fonoaudiologia-297x300.jpg 297w, https:\/\/medicina.udd.cl\/fonoaudiologia-santiago\/files\/2010\/03\/Logo-Fonoaudiologia-150x150.jpg 150w, https:\/\/medicina.udd.cl\/fonoaudiologia-santiago\/files\/2010\/03\/Logo-Fonoaudiologia-62x62.jpg 62w, https:\/\/medicina.udd.cl\/fonoaudiologia-santiago\/files\/2010\/03\/Logo-Fonoaudiologia-300x300.jpg 300w, https:\/\/medicina.udd.cl\/fonoaudiologia-santiago\/files\/2010\/03\/Logo-Fonoaudiologia-126x126.jpg 126w, https:\/\/medicina.udd.cl\/fonoaudiologia-santiago\/files\/2010\/03\/Logo-Fonoaudiologia.jpg 623w\" sizes=\"auto, (max-width: 143px) 100vw, 143px\" \/>La carrera de Fonoaudiolog\u00eda de la Universidad del Desarrollo nace el a\u00f1o 2005 la Facultad de Ciencias de la Salud (Concepci\u00f3n) y el 2007 en la Facultad de Medicina Cl\u00ednica Alemana Universidad del Desarrollo (Santiago).<\/p>\n<p style=\"text-align: justify\">El objetivo de la carrera \u00a0ha sido formar profesionales en constante b\u00fasqueda del conocimiento, capacitados para integrar equipos interdisciplinarios capaces de proponer un estilo de vida sana, pol\u00edticas preventivas de salud y estrategias terap\u00e9uticas y de rehabilitaci\u00f3n que abarquen todas las necesidades de la poblaci\u00f3n, desempe\u00f1\u00e1ndose en los \u00e1mbitos de salud, educaci\u00f3n, art\u00edstico, laboral e investigaci\u00f3n.<\/p>\n<p style=\"text-align: justify\">Estos profesionales de excelencia est\u00e1n marcados por el sello de la Universidad del Desarrollo como l\u00edderes emprendedores con \u00e9tica y responsabilidad p\u00fablica, destacados por la misi\u00f3n de la UDD: \u201cAmor al trabajo bien hecho\u201d.<\/p>\n","protected":false},"excerpt":{"rendered":"<p>La carrera de Fonoaudiolog\u00eda de la Universidad del Desarrollo nace el a\u00f1o 2005 la Facultad de Ciencias de la Salud (Concepci\u00f3n) y el 2007 en la Facultad de Medicina Cl\u00ednica Alemana Universidad del Desarrollo (Santiago). El objetivo de la carrera \u00a0ha sido formar profesionales en constante b\u00fasqueda del conocimiento, capacitados para integrar equipos interdisciplinarios capaces [&hellip;]<\/p>\n","protected":false},"author":9192192,"featured_media":0,"parent":3,"menu_order":0,"comment_status":"closed","ping_status":"closed","template":"","meta":{"footnotes":""},"class_list":["post-3536","page","type-page","status-publish","hentry"],"yoast_head":"<!-- This site is optimized with the Yoast SEO plugin v26.9 - https:\/\/yoast.com\/product\/yoast-seo-wordpress\/ -->\n<title>Descripci\u00f3n - Fonoaudiolog\u00eda<\/title>\n<meta name=\"robots\" content=\"index, follow, max-snippet:-1, max-image-preview:large, max-video-preview:-1\" \/>\n<link rel=\"canonical\" href=\"https:\/\/medicina.udd.cl\/fonoaudiologia-santiago\/la-carrera\/descripcion\/\" \/>\n<meta property=\"og:locale\" content=\"es_ES\" \/>\n<meta property=\"og:type\" content=\"article\" \/>\n<meta property=\"og:title\" content=\"Descripci\u00f3n - Fonoaudiolog\u00eda\" \/>\n<meta property=\"og:description\" content=\"La carrera de Fonoaudiolog\u00eda de la Universidad del Desarrollo nace el a\u00f1o 2005 la Facultad de Ciencias de la Salud (Concepci\u00f3n) y el 2007 en la Facultad de Medicina Cl\u00ednica Alemana Universidad del Desarrollo (Santiago). El objetivo de la carrera \u00a0ha sido formar profesionales en constante b\u00fasqueda del conocimiento, capacitados para integrar equipos interdisciplinarios capaces [&hellip;]\" \/>\n<meta property=\"og:url\" content=\"https:\/\/medicina.udd.cl\/fonoaudiologia-santiago\/la-carrera\/descripcion\/\" \/>\n<meta property=\"og:site_name\" content=\"Fonoaudiolog\u00eda\" \/>\n<meta property=\"article:modified_time\" content=\"2016-09-21T18:26:45+00:00\" \/>\n<meta property=\"og:image\" content=\"http:\/\/medicina.udd.cl\/fonoaudiologia-santiago\/files\/2010\/03\/Logo-Fonoaudiologia-297x300.jpg\" \/>\n<meta name=\"twitter:label1\" content=\"Tiempo de lectura\" \/>\n\t<meta name=\"twitter:data1\" content=\"1 minuto\" \/>\n<script type=\"application\/ld+json\" class=\"yoast-schema-graph\">{\"@context\":\"https:\/\/schema.org\",\"@graph\":[{\"@type\":\"WebPage\",\"@id\":\"https:\/\/medicina.udd.cl\/fonoaudiologia-santiago\/la-carrera\/descripcion\/\",\"url\":\"https:\/\/medicina.udd.cl\/fonoaudiologia-santiago\/la-carrera\/descripcion\/\",\"name\":\"Descripci\u00f3n - Fonoaudiolog\u00eda\",\"isPartOf\":{\"@id\":\"https:\/\/medicina.udd.cl\/fonoaudiologia-santiago\/#website\"},\"primaryImageOfPage\":{\"@id\":\"https:\/\/medicina.udd.cl\/fonoaudiologia-santiago\/la-carrera\/descripcion\/#primaryimage\"},\"image\":{\"@id\":\"https:\/\/medicina.udd.cl\/fonoaudiologia-santiago\/la-carrera\/descripcion\/#primaryimage\"},\"thumbnailUrl\":\"http:\/\/medicina.udd.cl\/fonoaudiologia-santiago\/files\/2010\/03\/Logo-Fonoaudiologia-297x300.jpg\",\"datePublished\":\"2016-09-21T17:26:51+00:00\",\"dateModified\":\"2016-09-21T18:26:45+00:00\",\"breadcrumb\":{\"@id\":\"https:\/\/medicina.udd.cl\/fonoaudiologia-santiago\/la-carrera\/descripcion\/#breadcrumb\"},\"inLanguage\":\"es\",\"potentialAction\":[{\"@type\":\"ReadAction\",\"target\":[\"https:\/\/medicina.udd.cl\/fonoaudiologia-santiago\/la-carrera\/descripcion\/\"]}]},{\"@type\":\"ImageObject\",\"inLanguage\":\"es\",\"@id\":\"https:\/\/medicina.udd.cl\/fonoaudiologia-santiago\/la-carrera\/descripcion\/#primaryimage\",\"url\":\"http:\/\/medicina.udd.cl\/fonoaudiologia-santiago\/files\/2010\/03\/Logo-Fonoaudiologia-297x300.jpg\",\"contentUrl\":\"http:\/\/medicina.udd.cl\/fonoaudiologia-santiago\/files\/2010\/03\/Logo-Fonoaudiologia-297x300.jpg\"},{\"@type\":\"BreadcrumbList\",\"@id\":\"https:\/\/medicina.udd.cl\/fonoaudiologia-santiago\/la-carrera\/descripcion\/#breadcrumb\",\"itemListElement\":[{\"@type\":\"ListItem\",\"position\":1,\"name\":\"Home\",\"item\":\"https:\/\/medicina.udd.cl\/fonoaudiologia-santiago\/\"},{\"@type\":\"ListItem\",\"position\":2,\"name\":\"La Carrera\",\"item\":\"https:\/\/medicina.udd.cl\/fonoaudiologia-santiago\/la-carrera\/\"},{\"@type\":\"ListItem\",\"position\":3,\"name\":\"Descripci\u00f3n\"}]},{\"@type\":\"WebSite\",\"@id\":\"https:\/\/medicina.udd.cl\/fonoaudiologia-santiago\/#website\",\"url\":\"https:\/\/medicina.udd.cl\/fonoaudiologia-santiago\/\",\"name\":\"Fonoaudiolog\u00eda\",\"description\":\"Facultad de Medicina Cl\u00ednica Alemana Universidad del Desarrollo\",\"inLanguage\":\"es\"}]}<\/script>\n<!-- \/ Yoast SEO plugin. -->","yoast_head_json":{"title":"Descripci\u00f3n - Fonoaudiolog\u00eda","robots":{"index":"index","follow":"follow","max-snippet":"max-snippet:-1","max-image-preview":"max-image-preview:large","max-video-preview":"max-video-preview:-1"},"canonical":"https:\/\/medicina.udd.cl\/fonoaudiologia-santiago\/la-carrera\/descripcion\/","og_locale":"es_ES","og_type":"article","og_title":"Descripci\u00f3n - Fonoaudiolog\u00eda","og_description":"La carrera de Fonoaudiolog\u00eda de la Universidad del Desarrollo nace el a\u00f1o 2005 la Facultad de Ciencias de la Salud (Concepci\u00f3n) y el 2007 en la Facultad de Medicina Cl\u00ednica Alemana Universidad del Desarrollo (Santiago). El objetivo de la carrera \u00a0ha sido formar profesionales en constante b\u00fasqueda del conocimiento, capacitados para integrar equipos interdisciplinarios capaces [&hellip;]","og_url":"https:\/\/medicina.udd.cl\/fonoaudiologia-santiago\/la-carrera\/descripcion\/","og_site_name":"Fonoaudiolog\u00eda","article_modified_time":"2016-09-21T18:26:45+00:00","og_image":[{"url":"http:\/\/medicina.udd.cl\/fonoaudiologia-santiago\/files\/2010\/03\/Logo-Fonoaudiologia-297x300.jpg","type":"","width":"","height":""}],"twitter_misc":{"Tiempo de lectura":"1 minuto"},"schema":{"@context":"https:\/\/schema.org","@graph":[{"@type":"WebPage","@id":"https:\/\/medicina.udd.cl\/fonoaudiologia-santiago\/la-carrera\/descripcion\/","url":"https:\/\/medicina.udd.cl\/fonoaudiologia-santiago\/la-carrera\/descripcion\/","name":"Descripci\u00f3n - Fonoaudiolog\u00eda","isPartOf":{"@id":"https:\/\/medicina.udd.cl\/fonoaudiologia-santiago\/#website"},"primaryImageOfPage":{"@id":"https:\/\/medicina.udd.cl\/fonoaudiologia-santiago\/la-carrera\/descripcion\/#primaryimage"},"image":{"@id":"https:\/\/medicina.udd.cl\/fonoaudiologia-santiago\/la-carrera\/descripcion\/#primaryimage"},"thumbnailUrl":"http:\/\/medicina.udd.cl\/fonoaudiologia-santiago\/files\/2010\/03\/Logo-Fonoaudiologia-297x300.jpg","datePublished":"2016-09-21T17:26:51+00:00","dateModified":"2016-09-21T18:26:45+00:00","breadcrumb":{"@id":"https:\/\/medicina.udd.cl\/fonoaudiologia-santiago\/la-carrera\/descripcion\/#breadcrumb"},"inLanguage":"es","potentialAction":[{"@type":"ReadAction","target":["https:\/\/medicina.udd.cl\/fonoaudiologia-santiago\/la-carrera\/descripcion\/"]}]},{"@type":"ImageObject","inLanguage":"es","@id":"https:\/\/medicina.udd.cl\/fonoaudiologia-santiago\/la-carrera\/descripcion\/#primaryimage","url":"http:\/\/medicina.udd.cl\/fonoaudiologia-santiago\/files\/2010\/03\/Logo-Fonoaudiologia-297x300.jpg","contentUrl":"http:\/\/medicina.udd.cl\/fonoaudiologia-santiago\/files\/2010\/03\/Logo-Fonoaudiologia-297x300.jpg"},{"@type":"BreadcrumbList","@id":"https:\/\/medicina.udd.cl\/fonoaudiologia-santiago\/la-carrera\/descripcion\/#breadcrumb","itemListElement":[{"@type":"ListItem","position":1,"name":"Home","item":"https:\/\/medicina.udd.cl\/fonoaudiologia-santiago\/"},{"@type":"ListItem","position":2,"name":"La Carrera","item":"https:\/\/medicina.udd.cl\/fonoaudiologia-santiago\/la-carrera\/"},{"@type":"ListItem","position":3,"name":"Descripci\u00f3n"}]},{"@type":"WebSite","@id":"https:\/\/medicina.udd.cl\/fonoaudiologia-santiago\/#website","url":"https:\/\/medicina.udd.cl\/fonoaudiologia-santiago\/","name":"Fonoaudiolog\u00eda","description":"Facultad de Medicina Cl\u00ednica Alemana Universidad del Desarrollo","inLanguage":"es"}]}},"_links":{"self":[{"href":"https:\/\/medicina.udd.cl\/fonoaudiologia-santiago\/wp-json\/wp\/v2\/pages\/3536","targetHints":{"allow":["GET"]}}],"collection":[{"href":"https:\/\/medicina.udd.cl\/fonoaudiologia-santiago\/wp-json\/wp\/v2\/pages"}],"about":[{"href":"https:\/\/medicina.udd.cl\/fonoaudiologia-santiago\/wp-json\/wp\/v2\/types\/page"}],"author":[{"embeddable":true,"href":"https:\/\/medicina.udd.cl\/fonoaudiologia-santiago\/wp-json\/wp\/v2\/users\/9192192"}],"replies":[{"embeddable":true,"href":"https:\/\/medicina.udd.cl\/fonoaudiologia-santiago\/wp-json\/wp\/v2\/comments?post=3536"}],"version-history":[{"count":3,"href":"https:\/\/medicina.udd.cl\/fonoaudiologia-santiago\/wp-json\/wp\/v2\/pages\/3536\/revisions"}],"predecessor-version":[{"id":3559,"href":"https:\/\/medicina.udd.cl\/fonoaudiologia-santiago\/wp-json\/wp\/v2\/pages\/3536\/revisions\/3559"}],"up":[{"embeddable":true,"href":"https:\/\/medicina.udd.cl\/fonoaudiologia-santiago\/wp-json\/wp\/v2\/pages\/3"}],"wp:attachment":[{"href":"https:\/\/medicina.udd.cl\/fonoaudiologia-santiago\/wp-json\/wp\/v2\/media?parent=3536"}],"curies":[{"name":"wp","href":"https:\/\/api.w.org\/{rel}","templated":true}]}}

Descripción

<p style="text-align: justify"><img loading="lazy" decoding="async" class=" wp-image-1964 alignleft" src="http://medicina.udd.cl/fonoaudiologia-santiago/files/2010/03/Logo-Fonoaudiologia-297x300.jpg" alt="Logo Fonoaudiologia" width="143" height="144" srcset="https://medicina.udd.cl/fonoaudiologia-santiago/files/2010/03/Logo-Fonoaudiologia-297x300.jpg 297w, https://medicina.udd.cl/fonoaudiologia-santiago/files/2010/03/Logo-Fonoaudiologia-150x150.jpg 150w, https://medicina.udd.cl/fonoaudiologia-santiago/files/2010/03/Logo-Fonoaudiologia-62x62.jpg 62w, https://medicina.udd.cl/fonoaudiologia-santiago/files/2010/03/Logo-Fonoaudiologia-300x300.jpg 300w, https://medicina.udd.cl/fonoaudiologia-santiago/files/2010/03/Logo-Fonoaudiologia-126x126.jpg 126w, https://medicina.udd.cl/fonoaudiologia-santiago/files/2010/03/Logo-Fonoaudiologia.jpg 623w" sizes="auto, (max-width: 143px) 100vw, 143px" />La carrera de Fonoaudiología de la Universidad del Desarrollo nace el año 2005 la Facultad de Ciencias de la Salud (Concepción) y el 2007 en la Facultad de Medicina Clínica Alemana Universidad del Desarrollo (Santiago).</p>
<p style="text-align: justify">El objetivo de la carrera  ha sido formar profesionales en constante búsqueda del conocimiento, capacitados para integrar equipos interdisciplinarios capaces de proponer un estilo de vida sana, políticas preventivas de salud y estrategias terapéuticas y de rehabilitación que abarquen todas las necesidades de la población, desempeñándose en los ámbitos de salud, educación, artístico, laboral e investigación.</p>
<p style="text-align: justify">Estos profesionales de excelencia están marcados por el sello de la Universidad del Desarrollo como líderes emprendedores con ética y responsabilidad pública, destacados por la misión de la UDD: “Amor al trabajo bien hecho”.</p>

<p>La carrera de Fonoaudiología de la Universidad del Desarrollo nace el año 2005 la Facultad de Ciencias de la Salud (Concepción) y el 2007 en la Facultad de Medicina Clínica Alemana Universidad del Desarrollo (Santiago). El objetivo de la carrera  ha sido formar profesionales en constante búsqueda del conocimiento, capacitados para integrar equipos interdisciplinarios capaces [&hellip;]</p>

<!-- This site is optimized with the Yoast SEO plugin v26.9 - https://yoast.com/product/yoast-seo-wordpress/ -->
<title>Descripción - Fonoaudiología</title>
<meta name="robots" content="index, follow, max-snippet:-1, max-image-preview:large, max-video-preview:-1" />
<link rel="canonical" href="https://medicina.udd.cl/fonoaudiologia-santiago/la-carrera/descripcion/" />
<meta property="og:locale" content="es_ES" />
<meta property="og:type" content="article" />
<meta property="og:title" content="Descripción - Fonoaudiología" />
<meta property="og:description" content="La carrera de Fonoaudiología de la Universidad del Desarrollo nace el año 2005 la Facultad de Ciencias de la Salud (Concepción) y el 2007 en la Facultad de Medicina Clínica Alemana Universidad del Desarrollo (Santiago). El objetivo de la carrera  ha sido formar profesionales en constante búsqueda del conocimiento, capacitados para integrar equipos interdisciplinarios capaces [&hellip;]" />
<meta property="og:url" content="https://medicina.udd.cl/fonoaudiologia-santiago/la-carrera/descripcion/" />
<meta property="og:site_name" content="Fonoaudiología" />
<meta property="article:modified_time" content="2016-09-21T18:26:45+00:00" />
<meta property="og:image" content="http://medicina.udd.cl/fonoaudiologia-santiago/files/2010/03/Logo-Fonoaudiologia-297x300.jpg" />
<meta name="twitter:label1" content="Tiempo de lectura" />
	<meta name="twitter:data1" content="1 minuto" />
<script type="application/ld+json" class="yoast-schema-graph">{"@context":"https://schema.org","@graph":[{"@type":"WebPage","@id":"https://medicina.udd.cl/fonoaudiologia-santiago/la-carrera/descripcion/","url":"https://medicina.udd.cl/fonoaudiologia-santiago/la-carrera/descripcion/","name":"Descripción - Fonoaudiología","isPartOf":{"@id":"https://medicina.udd.cl/fonoaudiologia-santiago/#website"},"primaryImageOfPage":{"@id":"https://medicina.udd.cl/fonoaudiologia-santiago/la-carrera/descripcion/#primaryimage"},"image":{"@id":"https://medicina.udd.cl/fonoaudiologia-santiago/la-carrera/descripcion/#primaryimage"},"thumbnailUrl":"http://medicina.udd.cl/fonoaudiologia-santiago/files/2010/03/Logo-Fonoaudiologia-297x300.jpg","datePublished":"2016-09-21T17:26:51+00:00","dateModified":"2016-09-21T18:26:45+00:00","breadcrumb":{"@id":"https://medicina.udd.cl/fonoaudiologia-santiago/la-carrera/descripcion/#breadcrumb"},"inLanguage":"es","potentialAction":[{"@type":"ReadAction","target":["https://medicina.udd.cl/fonoaudiologia-santiago/la-carrera/descripcion/"]}]},{"@type":"ImageObject","inLanguage":"es","@id":"https://medicina.udd.cl/fonoaudiologia-santiago/la-carrera/descripcion/#primaryimage","url":"http://medicina.udd.cl/fonoaudiologia-santiago/files/2010/03/Logo-Fonoaudiologia-297x300.jpg","contentUrl":"http://medicina.udd.cl/fonoaudiologia-santiago/files/2010/03/Logo-Fonoaudiologia-297x300.jpg"},{"@type":"BreadcrumbList","@id":"https://medicina.udd.cl/fonoaudiologia-santiago/la-carrera/descripcion/#breadcrumb","itemListElement":[{"@type":"ListItem","position":1,"name":"Home","item":"https://medicina.udd.cl/fonoaudiologia-santiago/"},{"@type":"ListItem","position":2,"name":"La Carrera","item":"https://medicina.udd.cl/fonoaudiologia-santiago/la-carrera/"},{"@type":"ListItem","position":3,"name":"Descripción"}]},{"@type":"WebSite","@id":"https://medicina.udd.cl/fonoaudiologia-santiago/#website","url":"https://medicina.udd.cl/fonoaudiologia-santiago/","name":"Fonoaudiología","description":"Facultad de Medicina Clínica Alemana Universidad del Desarrollo","inLanguage":"es"}]}</script>
<!-- / Yoast SEO plugin. -->

Descripción - Fonoaudiología

La carrera de Fonoaudiología de la Universidad del Desarrollo nace el año 2005 la Facultad de Ciencias de la Salud (Concepción) y el 2007 en la Facultad de Medicina Clínica Alemana Universidad del Desarrollo (Santiago). El objetivo de la carrera  ha sido formar profesionales en constante búsqueda del conocimiento, capacitados para integrar equipos interdisciplinarios capaces [&hellip;]

Fonoaudiología

Facultad de Medicina Clínica Alemana Universidad del Desarrollo
