{"id":3890,"date":"2017-06-13T12:47:54","date_gmt":"2017-06-13T16:47:54","guid":{"rendered":"http:\/\/medicina.udd.cl\/fonoaudiologia-santiago\/?page_id=3890"},"modified":"2017-06-13T12:47:54","modified_gmt":"2017-06-13T16:47:54","slug":"inscripcion-al-primer-encuentro-de-fonoaudiologos-udd","status":"publish","type":"page","link":"https:\/\/medicina.udd.cl\/fonoaudiologia-santiago\/inscripcion-al-primer-encuentro-de-fonoaudiologos-udd\/","title":{"rendered":"Inscripci\u00f3n al Primer encuentro de Fonoaudi\u00f3logos UDD"},"content":{"rendered":"<div id='wufoo-p1usubjy1cg0p26'>\nFill out my <a href='https:\/\/udesarrollo.wufoo.com\/forms\/p1usubjy1cg0p26'>online form<\/a>.\n<\/div>\n<script type='text\/javascript'>var p1usubjy1cg0p26;(function(d, t) {\nvar s = d.createElement(t), options = {\n'userName'      : 'udesarrollo',    \n'formHash'      : 'p1usubjy1cg0p26',    \n'autoResize'    :  true,   \n'height'        : '500',      \n'async'         :  true,          \n'header'        : 'show',      \n'host'          : 'wufoo.com',    \n'entSource'     : 'wordpress',   \n'defaultValues' : ''     \n,'ssl'          :  1           };\ns.src = ('https:' == d.location.protocol ? 'https:\/\/' : 'http:\/\/') + 'secure.wufoo.com\/scripts\/embed\/form.js';\ns.onload = s.onreadystatechange = function() {\nvar rs = this.readyState; if (rs) if (rs != 'complete') if (rs != 'loaded') return;\ntry { p1usubjy1cg0p26 = new WufooForm();p1usubjy1cg0p26.initialize(options);p1usubjy1cg0p26.display(); } catch (e) {}}\nvar scr = d.getElementsByTagName(t)[0], par = scr.parentNode; par.insertBefore(s, scr);\n})(document, 'script');<\/script> <noscript> <iframe height=\"500\" allowTransparency=\"true\" sandbox=\"allow-top-navigation allow-scripts allow-popups allow-forms allow-same-origin allow-popups-to-escape-sandbox\" frameborder=\"0\" scrolling=\"no\" style=\"width:100%;border:none;\"src=\"https:\/\/udesarrollo.wufoo.com\/embed\/p1usubjy1cg0p26?entsource=wordpress\"><a href=\"https:\/\/udesarrollo.wufoo.com\/forms\/p1usubjy1cg0p26?entsource=wordpress\" rel=\"nofollow\">Fill out my Wufoo form!<\/a><\/iframe> <\/noscript>\n","protected":false},"excerpt":{"rendered":"","protected":false},"author":9192205,"featured_media":0,"parent":0,"menu_order":0,"comment_status":"closed","ping_status":"closed","template":"","meta":{"footnotes":""},"class_list":["post-3890","page","type-page","status-publish","hentry"],"yoast_head":"<!-- This site is optimized with the Yoast SEO plugin v26.9 - https:\/\/yoast.com\/product\/yoast-seo-wordpress\/ -->\n<title>Inscripci\u00f3n al Primer encuentro de Fonoaudi\u00f3logos UDD - Fonoaudiolog\u00eda<\/title>\n<meta name=\"robots\" content=\"index, follow, max-snippet:-1, max-image-preview:large, max-video-preview:-1\" \/>\n<link rel=\"canonical\" href=\"https:\/\/medicina.udd.cl\/fonoaudiologia-santiago\/inscripcion-al-primer-encuentro-de-fonoaudiologos-udd\/\" \/>\n<meta property=\"og:locale\" content=\"es_ES\" \/>\n<meta property=\"og:type\" content=\"article\" \/>\n<meta property=\"og:title\" content=\"Inscripci\u00f3n al Primer encuentro de Fonoaudi\u00f3logos UDD - Fonoaudiolog\u00eda\" \/>\n<meta property=\"og:url\" content=\"https:\/\/medicina.udd.cl\/fonoaudiologia-santiago\/inscripcion-al-primer-encuentro-de-fonoaudiologos-udd\/\" \/>\n<meta property=\"og:site_name\" content=\"Fonoaudiolog\u00eda\" \/>\n<script type=\"application\/ld+json\" class=\"yoast-schema-graph\">{\"@context\":\"https:\/\/schema.org\",\"@graph\":[{\"@type\":\"WebPage\",\"@id\":\"https:\/\/medicina.udd.cl\/fonoaudiologia-santiago\/inscripcion-al-primer-encuentro-de-fonoaudiologos-udd\/\",\"url\":\"https:\/\/medicina.udd.cl\/fonoaudiologia-santiago\/inscripcion-al-primer-encuentro-de-fonoaudiologos-udd\/\",\"name\":\"Inscripci\u00f3n al Primer encuentro de Fonoaudi\u00f3logos UDD - Fonoaudiolog\u00eda\",\"isPartOf\":{\"@id\":\"https:\/\/medicina.udd.cl\/fonoaudiologia-santiago\/#website\"},\"datePublished\":\"2017-06-13T16:47:54+00:00\",\"breadcrumb\":{\"@id\":\"https:\/\/medicina.udd.cl\/fonoaudiologia-santiago\/inscripcion-al-primer-encuentro-de-fonoaudiologos-udd\/#breadcrumb\"},\"inLanguage\":\"es\",\"potentialAction\":[{\"@type\":\"ReadAction\",\"target\":[\"https:\/\/medicina.udd.cl\/fonoaudiologia-santiago\/inscripcion-al-primer-encuentro-de-fonoaudiologos-udd\/\"]}]},{\"@type\":\"BreadcrumbList\",\"@id\":\"https:\/\/medicina.udd.cl\/fonoaudiologia-santiago\/inscripcion-al-primer-encuentro-de-fonoaudiologos-udd\/#breadcrumb\",\"itemListElement\":[{\"@type\":\"ListItem\",\"position\":1,\"name\":\"Home\",\"item\":\"https:\/\/medicina.udd.cl\/fonoaudiologia-santiago\/\"},{\"@type\":\"ListItem\",\"position\":2,\"name\":\"Inscripci\u00f3n al Primer encuentro de Fonoaudi\u00f3logos UDD\"}]},{\"@type\":\"WebSite\",\"@id\":\"https:\/\/medicina.udd.cl\/fonoaudiologia-santiago\/#website\",\"url\":\"https:\/\/medicina.udd.cl\/fonoaudiologia-santiago\/\",\"name\":\"Fonoaudiolog\u00eda\",\"description\":\"Facultad de Medicina Cl\u00ednica Alemana Universidad del Desarrollo\",\"inLanguage\":\"es\"}]}<\/script>\n<!-- \/ Yoast SEO plugin. -->","yoast_head_json":{"title":"Inscripci\u00f3n al Primer encuentro de Fonoaudi\u00f3logos UDD - Fonoaudiolog\u00eda","robots":{"index":"index","follow":"follow","max-snippet":"max-snippet:-1","max-image-preview":"max-image-preview:large","max-video-preview":"max-video-preview:-1"},"canonical":"https:\/\/medicina.udd.cl\/fonoaudiologia-santiago\/inscripcion-al-primer-encuentro-de-fonoaudiologos-udd\/","og_locale":"es_ES","og_type":"article","og_title":"Inscripci\u00f3n al Primer encuentro de Fonoaudi\u00f3logos UDD - Fonoaudiolog\u00eda","og_url":"https:\/\/medicina.udd.cl\/fonoaudiologia-santiago\/inscripcion-al-primer-encuentro-de-fonoaudiologos-udd\/","og_site_name":"Fonoaudiolog\u00eda","schema":{"@context":"https:\/\/schema.org","@graph":[{"@type":"WebPage","@id":"https:\/\/medicina.udd.cl\/fonoaudiologia-santiago\/inscripcion-al-primer-encuentro-de-fonoaudiologos-udd\/","url":"https:\/\/medicina.udd.cl\/fonoaudiologia-santiago\/inscripcion-al-primer-encuentro-de-fonoaudiologos-udd\/","name":"Inscripci\u00f3n al Primer encuentro de Fonoaudi\u00f3logos UDD - Fonoaudiolog\u00eda","isPartOf":{"@id":"https:\/\/medicina.udd.cl\/fonoaudiologia-santiago\/#website"},"datePublished":"2017-06-13T16:47:54+00:00","breadcrumb":{"@id":"https:\/\/medicina.udd.cl\/fonoaudiologia-santiago\/inscripcion-al-primer-encuentro-de-fonoaudiologos-udd\/#breadcrumb"},"inLanguage":"es","potentialAction":[{"@type":"ReadAction","target":["https:\/\/medicina.udd.cl\/fonoaudiologia-santiago\/inscripcion-al-primer-encuentro-de-fonoaudiologos-udd\/"]}]},{"@type":"BreadcrumbList","@id":"https:\/\/medicina.udd.cl\/fonoaudiologia-santiago\/inscripcion-al-primer-encuentro-de-fonoaudiologos-udd\/#breadcrumb","itemListElement":[{"@type":"ListItem","position":1,"name":"Home","item":"https:\/\/medicina.udd.cl\/fonoaudiologia-santiago\/"},{"@type":"ListItem","position":2,"name":"Inscripci\u00f3n al Primer encuentro de Fonoaudi\u00f3logos UDD"}]},{"@type":"WebSite","@id":"https:\/\/medicina.udd.cl\/fonoaudiologia-santiago\/#website","url":"https:\/\/medicina.udd.cl\/fonoaudiologia-santiago\/","name":"Fonoaudiolog\u00eda","description":"Facultad de Medicina Cl\u00ednica Alemana Universidad del Desarrollo","inLanguage":"es"}]}},"_links":{"self":[{"href":"https:\/\/medicina.udd.cl\/fonoaudiologia-santiago\/wp-json\/wp\/v2\/pages\/3890","targetHints":{"allow":["GET"]}}],"collection":[{"href":"https:\/\/medicina.udd.cl\/fonoaudiologia-santiago\/wp-json\/wp\/v2\/pages"}],"about":[{"href":"https:\/\/medicina.udd.cl\/fonoaudiologia-santiago\/wp-json\/wp\/v2\/types\/page"}],"author":[{"embeddable":true,"href":"https:\/\/medicina.udd.cl\/fonoaudiologia-santiago\/wp-json\/wp\/v2\/users\/9192205"}],"replies":[{"embeddable":true,"href":"https:\/\/medicina.udd.cl\/fonoaudiologia-santiago\/wp-json\/wp\/v2\/comments?post=3890"}],"version-history":[{"count":2,"href":"https:\/\/medicina.udd.cl\/fonoaudiologia-santiago\/wp-json\/wp\/v2\/pages\/3890\/revisions"}],"predecessor-version":[{"id":3892,"href":"https:\/\/medicina.udd.cl\/fonoaudiologia-santiago\/wp-json\/wp\/v2\/pages\/3890\/revisions\/3892"}],"wp:attachment":[{"href":"https:\/\/medicina.udd.cl\/fonoaudiologia-santiago\/wp-json\/wp\/v2\/media?parent=3890"}],"curies":[{"name":"wp","href":"https:\/\/api.w.org\/{rel}","templated":true}]}}

Inscripción al Primer encuentro de Fonoaudiólogos UDD

<!-- This site is optimized with the Yoast SEO plugin v26.9 - https://yoast.com/product/yoast-seo-wordpress/ -->
<title>Inscripción al Primer encuentro de Fonoaudiólogos UDD - Fonoaudiología</title>
<meta name="robots" content="index, follow, max-snippet:-1, max-image-preview:large, max-video-preview:-1" />
<link rel="canonical" href="https://medicina.udd.cl/fonoaudiologia-santiago/inscripcion-al-primer-encuentro-de-fonoaudiologos-udd/" />
<meta property="og:locale" content="es_ES" />
<meta property="og:type" content="article" />
<meta property="og:title" content="Inscripción al Primer encuentro de Fonoaudiólogos UDD - Fonoaudiología" />
<meta property="og:url" content="https://medicina.udd.cl/fonoaudiologia-santiago/inscripcion-al-primer-encuentro-de-fonoaudiologos-udd/" />
<meta property="og:site_name" content="Fonoaudiología" />
<script type="application/ld+json" class="yoast-schema-graph">{"@context":"https://schema.org","@graph":[{"@type":"WebPage","@id":"https://medicina.udd.cl/fonoaudiologia-santiago/inscripcion-al-primer-encuentro-de-fonoaudiologos-udd/","url":"https://medicina.udd.cl/fonoaudiologia-santiago/inscripcion-al-primer-encuentro-de-fonoaudiologos-udd/","name":"Inscripción al Primer encuentro de Fonoaudiólogos UDD - Fonoaudiología","isPartOf":{"@id":"https://medicina.udd.cl/fonoaudiologia-santiago/#website"},"datePublished":"2017-06-13T16:47:54+00:00","breadcrumb":{"@id":"https://medicina.udd.cl/fonoaudiologia-santiago/inscripcion-al-primer-encuentro-de-fonoaudiologos-udd/#breadcrumb"},"inLanguage":"es","potentialAction":[{"@type":"ReadAction","target":["https://medicina.udd.cl/fonoaudiologia-santiago/inscripcion-al-primer-encuentro-de-fonoaudiologos-udd/"]}]},{"@type":"BreadcrumbList","@id":"https://medicina.udd.cl/fonoaudiologia-santiago/inscripcion-al-primer-encuentro-de-fonoaudiologos-udd/#breadcrumb","itemListElement":[{"@type":"ListItem","position":1,"name":"Home","item":"https://medicina.udd.cl/fonoaudiologia-santiago/"},{"@type":"ListItem","position":2,"name":"Inscripción al Primer encuentro de Fonoaudiólogos UDD"}]},{"@type":"WebSite","@id":"https://medicina.udd.cl/fonoaudiologia-santiago/#website","url":"https://medicina.udd.cl/fonoaudiologia-santiago/","name":"Fonoaudiología","description":"Facultad de Medicina Clínica Alemana Universidad del Desarrollo","inLanguage":"es"}]}</script>
<!-- / Yoast SEO plugin. -->

Inscripción al Primer encuentro de Fonoaudiólogos UDD - Fonoaudiología

Fonoaudiología

Facultad de Medicina Clínica Alemana Universidad del Desarrollo
