{"id":5911,"date":"2022-12-28T16:42:22","date_gmt":"2022-12-28T19:42:22","guid":{"rendered":"https:\/\/medicina.udd.cl\/fonoaudiologia-santiago\/?page_id=5911"},"modified":"2022-12-28T16:42:23","modified_gmt":"2022-12-28T19:42:23","slug":"confirmacion-inscripcion-ceremonia-investidura-fonoaudiologia","status":"publish","type":"page","link":"https:\/\/medicina.udd.cl\/fonoaudiologia-santiago\/confirmacion-inscripcion-ceremonia-investidura-fonoaudiologia\/","title":{"rendered":"Confirmaci\u00f3n Inscripci\u00f3n Ceremonia Investidura Fonoaudiolog\u00eda"},"content":{"rendered":"\n<p>Hemos recibido tus datos correctamente. <\/p>\n\n\n\n<p>Te esperamos<\/p>\n","protected":false},"excerpt":{"rendered":"<p>Hemos recibido tus datos correctamente. Te esperamos<\/p>\n","protected":false},"author":9192206,"featured_media":0,"parent":0,"menu_order":0,"comment_status":"closed","ping_status":"closed","template":"","meta":{"footnotes":""},"class_list":["post-5911","page","type-page","status-publish","hentry"],"yoast_head":"<!-- This site is optimized with the Yoast SEO plugin v26.9 - https:\/\/yoast.com\/product\/yoast-seo-wordpress\/ -->\n<title>Confirmaci\u00f3n Inscripci\u00f3n Ceremonia Investidura Fonoaudiolog\u00eda - Fonoaudiolog\u00eda<\/title>\n<meta name=\"robots\" content=\"index, follow, max-snippet:-1, max-image-preview:large, max-video-preview:-1\" \/>\n<link rel=\"canonical\" href=\"https:\/\/medicina.udd.cl\/fonoaudiologia-santiago\/confirmacion-inscripcion-ceremonia-investidura-fonoaudiologia\/\" \/>\n<meta property=\"og:locale\" content=\"es_ES\" \/>\n<meta property=\"og:type\" content=\"article\" \/>\n<meta property=\"og:title\" content=\"Confirmaci\u00f3n Inscripci\u00f3n Ceremonia Investidura Fonoaudiolog\u00eda - Fonoaudiolog\u00eda\" \/>\n<meta property=\"og:description\" content=\"Hemos recibido tus datos correctamente. Te esperamos\" \/>\n<meta property=\"og:url\" content=\"https:\/\/medicina.udd.cl\/fonoaudiologia-santiago\/confirmacion-inscripcion-ceremonia-investidura-fonoaudiologia\/\" \/>\n<meta property=\"og:site_name\" content=\"Fonoaudiolog\u00eda\" \/>\n<meta property=\"article:modified_time\" content=\"2022-12-28T19:42:23+00:00\" \/>\n<meta name=\"twitter:label1\" content=\"Tiempo de lectura\" \/>\n\t<meta name=\"twitter:data1\" content=\"1 minuto\" \/>\n<script type=\"application\/ld+json\" class=\"yoast-schema-graph\">{\"@context\":\"https:\/\/schema.org\",\"@graph\":[{\"@type\":\"WebPage\",\"@id\":\"https:\/\/medicina.udd.cl\/fonoaudiologia-santiago\/confirmacion-inscripcion-ceremonia-investidura-fonoaudiologia\/\",\"url\":\"https:\/\/medicina.udd.cl\/fonoaudiologia-santiago\/confirmacion-inscripcion-ceremonia-investidura-fonoaudiologia\/\",\"name\":\"Confirmaci\u00f3n Inscripci\u00f3n Ceremonia Investidura Fonoaudiolog\u00eda - Fonoaudiolog\u00eda\",\"isPartOf\":{\"@id\":\"https:\/\/medicina.udd.cl\/fonoaudiologia-santiago\/#website\"},\"datePublished\":\"2022-12-28T19:42:22+00:00\",\"dateModified\":\"2022-12-28T19:42:23+00:00\",\"breadcrumb\":{\"@id\":\"https:\/\/medicina.udd.cl\/fonoaudiologia-santiago\/confirmacion-inscripcion-ceremonia-investidura-fonoaudiologia\/#breadcrumb\"},\"inLanguage\":\"es\",\"potentialAction\":[{\"@type\":\"ReadAction\",\"target\":[\"https:\/\/medicina.udd.cl\/fonoaudiologia-santiago\/confirmacion-inscripcion-ceremonia-investidura-fonoaudiologia\/\"]}]},{\"@type\":\"BreadcrumbList\",\"@id\":\"https:\/\/medicina.udd.cl\/fonoaudiologia-santiago\/confirmacion-inscripcion-ceremonia-investidura-fonoaudiologia\/#breadcrumb\",\"itemListElement\":[{\"@type\":\"ListItem\",\"position\":1,\"name\":\"Home\",\"item\":\"https:\/\/medicina.udd.cl\/fonoaudiologia-santiago\/\"},{\"@type\":\"ListItem\",\"position\":2,\"name\":\"Confirmaci\u00f3n Inscripci\u00f3n Ceremonia Investidura Fonoaudiolog\u00eda\"}]},{\"@type\":\"WebSite\",\"@id\":\"https:\/\/medicina.udd.cl\/fonoaudiologia-santiago\/#website\",\"url\":\"https:\/\/medicina.udd.cl\/fonoaudiologia-santiago\/\",\"name\":\"Fonoaudiolog\u00eda\",\"description\":\"Facultad de Medicina Cl\u00ednica Alemana Universidad del Desarrollo\",\"inLanguage\":\"es\"}]}<\/script>\n<!-- \/ Yoast SEO plugin. -->","yoast_head_json":{"title":"Confirmaci\u00f3n Inscripci\u00f3n Ceremonia Investidura Fonoaudiolog\u00eda - Fonoaudiolog\u00eda","robots":{"index":"index","follow":"follow","max-snippet":"max-snippet:-1","max-image-preview":"max-image-preview:large","max-video-preview":"max-video-preview:-1"},"canonical":"https:\/\/medicina.udd.cl\/fonoaudiologia-santiago\/confirmacion-inscripcion-ceremonia-investidura-fonoaudiologia\/","og_locale":"es_ES","og_type":"article","og_title":"Confirmaci\u00f3n Inscripci\u00f3n Ceremonia Investidura Fonoaudiolog\u00eda - Fonoaudiolog\u00eda","og_description":"Hemos recibido tus datos correctamente. Te esperamos","og_url":"https:\/\/medicina.udd.cl\/fonoaudiologia-santiago\/confirmacion-inscripcion-ceremonia-investidura-fonoaudiologia\/","og_site_name":"Fonoaudiolog\u00eda","article_modified_time":"2022-12-28T19:42:23+00:00","twitter_misc":{"Tiempo de lectura":"1 minuto"},"schema":{"@context":"https:\/\/schema.org","@graph":[{"@type":"WebPage","@id":"https:\/\/medicina.udd.cl\/fonoaudiologia-santiago\/confirmacion-inscripcion-ceremonia-investidura-fonoaudiologia\/","url":"https:\/\/medicina.udd.cl\/fonoaudiologia-santiago\/confirmacion-inscripcion-ceremonia-investidura-fonoaudiologia\/","name":"Confirmaci\u00f3n Inscripci\u00f3n Ceremonia Investidura Fonoaudiolog\u00eda - Fonoaudiolog\u00eda","isPartOf":{"@id":"https:\/\/medicina.udd.cl\/fonoaudiologia-santiago\/#website"},"datePublished":"2022-12-28T19:42:22+00:00","dateModified":"2022-12-28T19:42:23+00:00","breadcrumb":{"@id":"https:\/\/medicina.udd.cl\/fonoaudiologia-santiago\/confirmacion-inscripcion-ceremonia-investidura-fonoaudiologia\/#breadcrumb"},"inLanguage":"es","potentialAction":[{"@type":"ReadAction","target":["https:\/\/medicina.udd.cl\/fonoaudiologia-santiago\/confirmacion-inscripcion-ceremonia-investidura-fonoaudiologia\/"]}]},{"@type":"BreadcrumbList","@id":"https:\/\/medicina.udd.cl\/fonoaudiologia-santiago\/confirmacion-inscripcion-ceremonia-investidura-fonoaudiologia\/#breadcrumb","itemListElement":[{"@type":"ListItem","position":1,"name":"Home","item":"https:\/\/medicina.udd.cl\/fonoaudiologia-santiago\/"},{"@type":"ListItem","position":2,"name":"Confirmaci\u00f3n Inscripci\u00f3n Ceremonia Investidura Fonoaudiolog\u00eda"}]},{"@type":"WebSite","@id":"https:\/\/medicina.udd.cl\/fonoaudiologia-santiago\/#website","url":"https:\/\/medicina.udd.cl\/fonoaudiologia-santiago\/","name":"Fonoaudiolog\u00eda","description":"Facultad de Medicina Cl\u00ednica Alemana Universidad del Desarrollo","inLanguage":"es"}]}},"_links":{"self":[{"href":"https:\/\/medicina.udd.cl\/fonoaudiologia-santiago\/wp-json\/wp\/v2\/pages\/5911","targetHints":{"allow":["GET"]}}],"collection":[{"href":"https:\/\/medicina.udd.cl\/fonoaudiologia-santiago\/wp-json\/wp\/v2\/pages"}],"about":[{"href":"https:\/\/medicina.udd.cl\/fonoaudiologia-santiago\/wp-json\/wp\/v2\/types\/page"}],"author":[{"embeddable":true,"href":"https:\/\/medicina.udd.cl\/fonoaudiologia-santiago\/wp-json\/wp\/v2\/users\/9192206"}],"replies":[{"embeddable":true,"href":"https:\/\/medicina.udd.cl\/fonoaudiologia-santiago\/wp-json\/wp\/v2\/comments?post=5911"}],"version-history":[{"count":1,"href":"https:\/\/medicina.udd.cl\/fonoaudiologia-santiago\/wp-json\/wp\/v2\/pages\/5911\/revisions"}],"predecessor-version":[{"id":5912,"href":"https:\/\/medicina.udd.cl\/fonoaudiologia-santiago\/wp-json\/wp\/v2\/pages\/5911\/revisions\/5912"}],"wp:attachment":[{"href":"https:\/\/medicina.udd.cl\/fonoaudiologia-santiago\/wp-json\/wp\/v2\/media?parent=5911"}],"curies":[{"name":"wp","href":"https:\/\/api.w.org\/{rel}","templated":true}]}}

Confirmación Inscripción Ceremonia Investidura Fonoaudiología

<!-- This site is optimized with the Yoast SEO plugin v26.9 - https://yoast.com/product/yoast-seo-wordpress/ -->
<title>Confirmación Inscripción Ceremonia Investidura Fonoaudiología - Fonoaudiología</title>
<meta name="robots" content="index, follow, max-snippet:-1, max-image-preview:large, max-video-preview:-1" />
<link rel="canonical" href="https://medicina.udd.cl/fonoaudiologia-santiago/confirmacion-inscripcion-ceremonia-investidura-fonoaudiologia/" />
<meta property="og:locale" content="es_ES" />
<meta property="og:type" content="article" />
<meta property="og:title" content="Confirmación Inscripción Ceremonia Investidura Fonoaudiología - Fonoaudiología" />
<meta property="og:description" content="Hemos recibido tus datos correctamente. Te esperamos" />
<meta property="og:url" content="https://medicina.udd.cl/fonoaudiologia-santiago/confirmacion-inscripcion-ceremonia-investidura-fonoaudiologia/" />
<meta property="og:site_name" content="Fonoaudiología" />
<meta property="article:modified_time" content="2022-12-28T19:42:23+00:00" />
<meta name="twitter:label1" content="Tiempo de lectura" />
	<meta name="twitter:data1" content="1 minuto" />
<script type="application/ld+json" class="yoast-schema-graph">{"@context":"https://schema.org","@graph":[{"@type":"WebPage","@id":"https://medicina.udd.cl/fonoaudiologia-santiago/confirmacion-inscripcion-ceremonia-investidura-fonoaudiologia/","url":"https://medicina.udd.cl/fonoaudiologia-santiago/confirmacion-inscripcion-ceremonia-investidura-fonoaudiologia/","name":"Confirmación Inscripción Ceremonia Investidura Fonoaudiología - Fonoaudiología","isPartOf":{"@id":"https://medicina.udd.cl/fonoaudiologia-santiago/#website"},"datePublished":"2022-12-28T19:42:22+00:00","dateModified":"2022-12-28T19:42:23+00:00","breadcrumb":{"@id":"https://medicina.udd.cl/fonoaudiologia-santiago/confirmacion-inscripcion-ceremonia-investidura-fonoaudiologia/#breadcrumb"},"inLanguage":"es","potentialAction":[{"@type":"ReadAction","target":["https://medicina.udd.cl/fonoaudiologia-santiago/confirmacion-inscripcion-ceremonia-investidura-fonoaudiologia/"]}]},{"@type":"BreadcrumbList","@id":"https://medicina.udd.cl/fonoaudiologia-santiago/confirmacion-inscripcion-ceremonia-investidura-fonoaudiologia/#breadcrumb","itemListElement":[{"@type":"ListItem","position":1,"name":"Home","item":"https://medicina.udd.cl/fonoaudiologia-santiago/"},{"@type":"ListItem","position":2,"name":"Confirmación Inscripción Ceremonia Investidura Fonoaudiología"}]},{"@type":"WebSite","@id":"https://medicina.udd.cl/fonoaudiologia-santiago/#website","url":"https://medicina.udd.cl/fonoaudiologia-santiago/","name":"Fonoaudiología","description":"Facultad de Medicina Clínica Alemana Universidad del Desarrollo","inLanguage":"es"}]}</script>
<!-- / Yoast SEO plugin. -->

Confirmación Inscripción Ceremonia Investidura Fonoaudiología - Fonoaudiología

Fonoaudiología

Facultad de Medicina Clínica Alemana Universidad del Desarrollo
