{"id":6198,"date":"2023-09-29T17:28:18","date_gmt":"2023-09-29T20:28:18","guid":{"rendered":"https:\/\/medicina.udd.cl\/fonoaudiologia-santiago\/?page_id=6198"},"modified":"2023-10-04T11:31:27","modified_gmt":"2023-10-04T14:31:27","slug":"ii-jornadas-de-actualizacion-en-comunicacion-aumentativa-alternativa-caa-y-tecnologia","status":"publish","type":"page","link":"https:\/\/medicina.udd.cl\/fonoaudiologia-santiago\/ii-jornadas-de-actualizacion-en-comunicacion-aumentativa-alternativa-caa-y-tecnologia\/","title":{"rendered":"II Jornadas de Actualizaci\u00f3n en Comunicaci\u00f3n Aumentativa Alternativa (CAA) y Tecnolog\u00eda"},"content":{"rendered":"\n<p>Las II Jornadas de Actualizaci\u00f3n en Comunicaci\u00f3n Aumentativa Alternativa &nbsp;(CAA) se presentan como una actividad dentro del mes de la Concientizaci\u00f3n sobre CAA que se celebra en todo el mundo cada mes de octubre, por esta raz\u00f3n la carrera de Fonoaudiolog\u00eda de la facultad de Medicina Cl\u00ednica Alemana Universidad del Desarrollo, se suma a estas actividades invitando a estas jornadas.<\/p>\n\n\n<!-- WP Block: UDD - Cards Alternate -->\n<section class=\"wp-block-udd-cards\" style=\"--udd-blocks-has-columns-number: 2\">\n\t<div class=\"container\">\n\t\t\t\t\t\t\t\t\t<div class=\"block__content\">\n\t\t\t<div class=\"cards\">\n\t\t\t\t\t\t\t\t\t\t\t\t\t\t\t\t\t<div class=\"card-wrapper\">\n\t\t\t\t\t\t<div class=\"card\">\n\t\t\t\t\t\t\t<h3 class=\"card__title\">Objetivo general<\/h3>\n\t\t\t\t\t\t\t\t\t\t\t\t\t\t<div class=\"card__description\">\n\t\t\t\t\t\t\t\t<p>Crear conciencia sobre las diferentes herramientas y estrategias utilizadas por las personas para resolver sus retos comunicativos cotidianos, junto con el de entregar informaci\u00f3n y promover estrategias innovadoras en la investigaci\u00f3n, la tecnolog\u00eda y la alfabetizaci\u00f3n a trav\u00e9s de los sistemas de comunicaci\u00f3n aumentativa y alternativa.<\/p>\n\t\t\t\t\t\t\t<\/div>\n\t\t\t\t\t\t\t\t\t\t\t\t\t<\/div>\n\t\t\t\t\t<\/div>\n\t\t\t\t\t\t\t\t\t\t\t\t\t\t\t\t\t\t\t\t\t<div class=\"card-wrapper\">\n\t\t\t\t\t\t<div class=\"card\">\n\t\t\t\t\t\t\t<h3 class=\"card__title\">Dirigido a<\/h3>\n\t\t\t\t\t\t\t\t\t\t\t\t\t\t<div class=\"card__description\">\n\t\t\t\t\t\t\t\t<p>Fonoaudi\u00f3logos, Educadores Diferenciales, Psicopedagogos, Psic\u00f3logos, Terapeutas Ocupacionales, padres de ni\u00f1os con complejas necesidades de comunicaci\u00f3n, \u00a0usuarios de Comunicaci\u00f3n Aumentativa Alternativa y \u00a0alumnos de carreras afines.<\/p>\n\t\t\t\t\t\t\t<\/div>\n\t\t\t\t\t\t\t\t\t\t\t\t\t<\/div>\n\t\t\t\t\t<\/div>\n\t\t\t\t\t\t\t\t\t\t<\/div>\n\t\t<\/div>\n\t<\/div>\n<\/section>\n\n\n<!-- WP Block: UDD - Cards Alternate -->\n<section class=\"wp-block-udd-cards\" style=\"--udd-blocks-has-columns-number: 3\">\n\t<div class=\"container\">\n\t\t\t\t\t\t\t\t\t<div class=\"block__content\">\n\t\t\t<div class=\"cards\">\n\t\t\t\t\t\t\t\t\t\t\t\t\t\t\t\t\t<div class=\"card-wrapper\">\n\t\t\t\t\t\t<div class=\"card\">\n\t\t\t\t\t\t\t<h3 class=\"card__title\">Fecha<\/h3>\n\t\t\t\t\t\t\t\t\t\t\t\t\t\t<div class=\"card__description\">\n\t\t\t\t\t\t\t\t<p>Viernes 06 de octubre 2023.<\/p>\n\t\t\t\t\t\t\t<\/div>\n\t\t\t\t\t\t\t\t\t\t\t\t\t<\/div>\n\t\t\t\t\t<\/div>\n\t\t\t\t\t\t\t\t\t\t\t\t\t\t\t\t\t\t\t\t\t<div class=\"card-wrapper\">\n\t\t\t\t\t\t<div class=\"card\">\n\t\t\t\t\t\t\t<h3 class=\"card__title\">Horario<\/h3>\n\t\t\t\t\t\t\t\t\t\t\t\t\t\t<div class=\"card__description\">\n\t\t\t\t\t\t\t\t<p>13:00 a 17:00 hrs.<\/p>\n\t\t\t\t\t\t\t<\/div>\n\t\t\t\t\t\t\t\t\t\t\t\t\t<\/div>\n\t\t\t\t\t<\/div>\n\t\t\t\t\t\t\t\t\t\t\t\t\t\t\t\t\t\t\t\t\t<div class=\"card-wrapper\">\n\t\t\t\t\t\t<div class=\"card\">\n\t\t\t\t\t\t\t<h3 class=\"card__title\">Modalidad<\/h3>\n\t\t\t\t\t\t\t\t\t\t\t\t\t\t<div class=\"card__description\">\n\t\t\t\t\t\t\t\t<p>Zoom y UDDTV.<\/p>\n\t\t\t\t\t\t\t<\/div>\n\t\t\t\t\t\t\t\t\t\t\t\t\t<\/div>\n\t\t\t\t\t<\/div>\n\t\t\t\t\t\t\t\t\t\t<\/div>\n\t\t<\/div>\n\t<\/div>\n<\/section>\n\n\n<div id=\"udd-accordion--1\" class=\"js-accordion accordion\">\n\t<div class=\"accordion__header\">\n\t\t<h3 class=\"accordion__title\">\n\t\t\t<a href=\"#udd-accordion--1__content\" class=\"js-accordion-collapse\" aria-expanded=\"false\" aria-controls=\"#udd-accordion--1\">\n\t\t\t\tExpositores e invitados\t\t\t<\/a>\n\t\t<\/h3>\n\t<\/div>\n\t<div id=\"udd-accordion--1__content\" class=\"accordion__content text js-accordion-content\">\n\t\t<p><strong>Mar\u00eda Soledad Cuesta [Chile]<\/strong><\/p>\n<ul class=\"wp-block-list\">\n<li>Fonoaudi\u00f3loga Centro de Rehabilitaci\u00f3n Amancay.<\/li>\n<li>Docente carrera de Fonoaudiolog\u00eda UDD.<\/li>\n<li>Coordinadora del Diplomado en Comunicaci\u00f3n Aumentativa Alternativa UDD.<\/li>\n<li>Universidad del Desarrollo (UDD).<\/li>\n<\/ul>\n<p><strong>Melania Garc\u00eda [Espa\u00f1a]<\/strong><\/p>\n<ul class=\"wp-block-list\">\n<li>Maestra de Educaci\u00f3n Especial y Terapeuta Ocupacional.<\/li>\n<li>Presidenta de la Asociaci\u00f3n Try it Pediatr\u00eda.<\/li>\n<li>Directora del CAMPASAAC (Campamento de Terapia Intensiva de uso de Sistemas Alternativos de Comunicaci\u00f3n). Espa\u00f1a.<\/li>\n<\/ul>\n<p><strong>Rita Aceituno [Guatelama]<\/strong><\/p>\n<ul class=\"wp-block-list\">\n<li>Psic\u00f3loga Cl\u00ednica y Terapeuta del Lenguaje de la Fundaci\u00f3n Margarita Tejada para S\u00edndrome de Down.<strong><\/strong><\/li>\n<li>Certificada en TalkTools, Orlando, Florida.<\/li>\n<li>Diplomado en Comunicaci\u00f3n Aumentativa y Alternativa, Universidad del Desarrollo, Chile.<\/li>\n<\/ul>\n<p><strong>INVITADOS<\/strong><\/p>\n<p><strong>Robinson D\u00edaz [Chile]<\/strong><\/p>\n<ul class=\"wp-block-list\">\n<li>Asistente web, CEDETI UC.<\/li>\n<li>Profesor invitado Universidad del Desarrollo.<\/li>\n<li>Coordinador de grupo online de j\u00f3venes en buenas pr\u00e1cticas de CAA.<\/li>\n<\/ul>\n<p><strong>Isabel Orellana [Guatemala]<\/strong><\/p>\n<ul class=\"wp-block-list\">\n<li>Miembro del equipo de soporte AssistiveWare<\/li>\n<\/ul>\n<p><strong>Wendy Moreno [M\u00e9xico]<\/strong><\/p>\n<ul class=\"wp-block-list\">\n<li>Directora del Departamento de Capacitaci\u00f3n y Difusi\u00f3n de CATIC (Centro de Apoyo Tecnol\u00f3gico para la Comunicaci\u00f3n y Aprendizaje)<\/li>\n<li>Mam\u00e1 de Andrea usuaria de CAA.<strong><\/strong><\/li>\n<li>Co Chair ISAAC 2023. &nbsp;<\/li>\n<\/ul>\n\t<\/div>\n<\/div>\n\n\n<!-- WP Block: UDD - Disposable -->\n<section\n\tdata-sps-offset=\"100\"\n\tid=\"udd-disposable--1--6198\"\n\tclass=\"wp-block-udd-disposable udd-notice disposable-block \"\n>\n\t<div class=\"container\">\n\t\t<div\n\t\t\tclass=\"udd-notice__header \"\n\t\t\tstyle=\"background-color: \"\n\t\t>\n\t\t\t\t\t\t<span class=\"udd-notice__header-label\">ACTIVIDAD GRATUITA<\/span>\n\t\t<\/div>\n\t\t<div\n\t\t\tclass=\"udd-notice__content\"\n\t\t\tstyle=\"background-color: \"\n\t\t>\n\t\t\t<a href=\"https:\/\/forms.gle\/EhdPw9ZxjRCURYqj9\">INSCR\u00cdBETE AQU\u00cd<\/a>\t\t<\/div>\n\t\t\t<\/div>\n<\/section>\n\n\n\n<figure class=\"wp-block-image aligncenter size-large is-resized\"><a href=\"https:\/\/medicina.udd.cl\/fonoaudiologia-santiago\/files\/2023\/09\/afiche-ii-jornadas-caa.jpg\"><img loading=\"lazy\" decoding=\"async\" src=\"https:\/\/medicina.udd.cl\/fonoaudiologia-santiago\/files\/2023\/09\/afiche-ii-jornadas-caa-1024x1024.jpg\" alt=\"\" class=\"wp-image-6199\" width=\"768\" height=\"768\" srcset=\"https:\/\/medicina.udd.cl\/fonoaudiologia-santiago\/files\/2023\/09\/afiche-ii-jornadas-caa-1024x1024.jpg 1024w, https:\/\/medicina.udd.cl\/fonoaudiologia-santiago\/files\/2023\/09\/afiche-ii-jornadas-caa-300x300.jpg 300w, https:\/\/medicina.udd.cl\/fonoaudiologia-santiago\/files\/2023\/09\/afiche-ii-jornadas-caa-150x150.jpg 150w, https:\/\/medicina.udd.cl\/fonoaudiologia-santiago\/files\/2023\/09\/afiche-ii-jornadas-caa-768x768.jpg 768w, https:\/\/medicina.udd.cl\/fonoaudiologia-santiago\/files\/2023\/09\/afiche-ii-jornadas-caa-62x62.jpg 62w, https:\/\/medicina.udd.cl\/fonoaudiologia-santiago\/files\/2023\/09\/afiche-ii-jornadas-caa-750x750.jpg 750w, https:\/\/medicina.udd.cl\/fonoaudiologia-santiago\/files\/2023\/09\/afiche-ii-jornadas-caa-500x500.jpg 500w, https:\/\/medicina.udd.cl\/fonoaudiologia-santiago\/files\/2023\/09\/afiche-ii-jornadas-caa-250x250.jpg 250w, https:\/\/medicina.udd.cl\/fonoaudiologia-santiago\/files\/2023\/09\/afiche-ii-jornadas-caa-126x126.jpg 126w, https:\/\/medicina.udd.cl\/fonoaudiologia-santiago\/files\/2023\/09\/afiche-ii-jornadas-caa.jpg 1280w\" sizes=\"auto, (max-width: 768px) 100vw, 768px\" \/><\/a><\/figure>\n\n\n<section\n\tclass=\"wp-block-udd-contacts\"\n\t\t>\n\t\t<div class=\"block__bg\">\n\t\t\t<\/div>\n\t\t<div class=\"container\">\n\t\t<header class=\"block__header\">\n\t\t\t<h2 class=\"block__title\">CONTACTO<\/h2>\n\t\t<\/header>\n\t\t<div class=\"block__content\">\n\t\t\t<ul class=\"contacts\">\n\t\t\t\t\t\t\t<li class=\"contact\">\n\t\t\t\t\t<div class=\"person-contact\">\n\t\t\t\t\t\t\t\t\t\t\t\t<h3 class=\"person-contact__name\">Claudia Marim\u00f3n<\/h3>\n\t\t\t\t\t\t\t\t\t\t\t\t\t\t\t\t\t\t\t\t\t\t\t\t\t\t\t\t\t\t\t\t\t\t\t\t\t<span class=\"person-contact__email\">Email: <a href=\"mailto:&#099;m&#097;&#114;&#105;mo&#110;&#064;ud&#100;&#046;&#099;l\">&#099;&#109;&#097;&#114;i&#109;&#111;&#110;&#064;udd.cl<\/a><\/span>\n\t\t\t\t\t\t\t\t\t\t\t<\/div>\n\t\t\t\t<\/li>\n\t\t\t\t\t\t<\/ul>\n\t\t<\/div>\n\t<\/div>\n<\/section>\n","protected":false},"excerpt":{"rendered":"<p>Las II Jornadas de Actualizaci\u00f3n en Comunicaci\u00f3n Aumentativa Alternativa &nbsp;(CAA) se presentan como una actividad dentro del mes de la Concientizaci\u00f3n sobre CAA que se celebra en todo el mundo cada mes de octubre, por esta raz\u00f3n la carrera de Fonoaudiolog\u00eda de la facultad de Medicina Cl\u00ednica Alemana Universidad del Desarrollo, se suma a estas [&hellip;]<\/p>\n","protected":false},"author":9192219,"featured_media":0,"parent":0,"menu_order":0,"comment_status":"closed","ping_status":"closed","template":"","meta":{"footnotes":""},"class_list":["post-6198","page","type-page","status-publish","hentry"],"yoast_head":"<!-- This site is optimized with the Yoast SEO plugin v26.9 - https:\/\/yoast.com\/product\/yoast-seo-wordpress\/ -->\n<title>II Jornadas de Actualizaci\u00f3n en Comunicaci\u00f3n Aumentativa Alternativa (CAA) y Tecnolog\u00eda - Fonoaudiolog\u00eda<\/title>\n<meta name=\"robots\" content=\"index, follow, max-snippet:-1, max-image-preview:large, max-video-preview:-1\" \/>\n<link rel=\"canonical\" href=\"https:\/\/medicina.udd.cl\/fonoaudiologia-santiago\/ii-jornadas-de-actualizacion-en-comunicacion-aumentativa-alternativa-caa-y-tecnologia\/\" \/>\n<meta property=\"og:locale\" content=\"es_ES\" \/>\n<meta property=\"og:type\" content=\"article\" \/>\n<meta property=\"og:title\" content=\"II Jornadas de Actualizaci\u00f3n en Comunicaci\u00f3n Aumentativa Alternativa (CAA) y Tecnolog\u00eda - Fonoaudiolog\u00eda\" \/>\n<meta property=\"og:description\" content=\"Las II Jornadas de Actualizaci\u00f3n en Comunicaci\u00f3n Aumentativa Alternativa &nbsp;(CAA) se presentan como una actividad dentro del mes de la Concientizaci\u00f3n sobre CAA que se celebra en todo el mundo cada mes de octubre, por esta raz\u00f3n la carrera de Fonoaudiolog\u00eda de la facultad de Medicina Cl\u00ednica Alemana Universidad del Desarrollo, se suma a estas [&hellip;]\" \/>\n<meta property=\"og:url\" content=\"https:\/\/medicina.udd.cl\/fonoaudiologia-santiago\/ii-jornadas-de-actualizacion-en-comunicacion-aumentativa-alternativa-caa-y-tecnologia\/\" \/>\n<meta property=\"og:site_name\" content=\"Fonoaudiolog\u00eda\" \/>\n<meta property=\"article:modified_time\" content=\"2023-10-04T14:31:27+00:00\" \/>\n<meta property=\"og:image\" content=\"https:\/\/medicina.udd.cl\/fonoaudiologia-santiago\/files\/2023\/09\/afiche-ii-jornadas-caa-1024x1024.jpg\" \/>\n<meta name=\"twitter:label1\" content=\"Tiempo de lectura\" \/>\n\t<meta name=\"twitter:data1\" content=\"2 minutos\" \/>\n<script type=\"application\/ld+json\" class=\"yoast-schema-graph\">{\"@context\":\"https:\/\/schema.org\",\"@graph\":[{\"@type\":\"WebPage\",\"@id\":\"https:\/\/medicina.udd.cl\/fonoaudiologia-santiago\/ii-jornadas-de-actualizacion-en-comunicacion-aumentativa-alternativa-caa-y-tecnologia\/\",\"url\":\"https:\/\/medicina.udd.cl\/fonoaudiologia-santiago\/ii-jornadas-de-actualizacion-en-comunicacion-aumentativa-alternativa-caa-y-tecnologia\/\",\"name\":\"II Jornadas de Actualizaci\u00f3n en Comunicaci\u00f3n Aumentativa Alternativa (CAA) y Tecnolog\u00eda - Fonoaudiolog\u00eda\",\"isPartOf\":{\"@id\":\"https:\/\/medicina.udd.cl\/fonoaudiologia-santiago\/#website\"},\"primaryImageOfPage\":{\"@id\":\"https:\/\/medicina.udd.cl\/fonoaudiologia-santiago\/ii-jornadas-de-actualizacion-en-comunicacion-aumentativa-alternativa-caa-y-tecnologia\/#primaryimage\"},\"image\":{\"@id\":\"https:\/\/medicina.udd.cl\/fonoaudiologia-santiago\/ii-jornadas-de-actualizacion-en-comunicacion-aumentativa-alternativa-caa-y-tecnologia\/#primaryimage\"},\"thumbnailUrl\":\"https:\/\/medicina.udd.cl\/fonoaudiologia-santiago\/files\/2023\/09\/afiche-ii-jornadas-caa-1024x1024.jpg\",\"datePublished\":\"2023-09-29T20:28:18+00:00\",\"dateModified\":\"2023-10-04T14:31:27+00:00\",\"breadcrumb\":{\"@id\":\"https:\/\/medicina.udd.cl\/fonoaudiologia-santiago\/ii-jornadas-de-actualizacion-en-comunicacion-aumentativa-alternativa-caa-y-tecnologia\/#breadcrumb\"},\"inLanguage\":\"es\",\"potentialAction\":[{\"@type\":\"ReadAction\",\"target\":[\"https:\/\/medicina.udd.cl\/fonoaudiologia-santiago\/ii-jornadas-de-actualizacion-en-comunicacion-aumentativa-alternativa-caa-y-tecnologia\/\"]}]},{\"@type\":\"ImageObject\",\"inLanguage\":\"es\",\"@id\":\"https:\/\/medicina.udd.cl\/fonoaudiologia-santiago\/ii-jornadas-de-actualizacion-en-comunicacion-aumentativa-alternativa-caa-y-tecnologia\/#primaryimage\",\"url\":\"https:\/\/medicina.udd.cl\/fonoaudiologia-santiago\/files\/2023\/09\/afiche-ii-jornadas-caa.jpg\",\"contentUrl\":\"https:\/\/medicina.udd.cl\/fonoaudiologia-santiago\/files\/2023\/09\/afiche-ii-jornadas-caa.jpg\",\"width\":1280,\"height\":1280},{\"@type\":\"BreadcrumbList\",\"@id\":\"https:\/\/medicina.udd.cl\/fonoaudiologia-santiago\/ii-jornadas-de-actualizacion-en-comunicacion-aumentativa-alternativa-caa-y-tecnologia\/#breadcrumb\",\"itemListElement\":[{\"@type\":\"ListItem\",\"position\":1,\"name\":\"Home\",\"item\":\"https:\/\/medicina.udd.cl\/fonoaudiologia-santiago\/\"},{\"@type\":\"ListItem\",\"position\":2,\"name\":\"II Jornadas de Actualizaci\u00f3n en Comunicaci\u00f3n Aumentativa Alternativa (CAA) y Tecnolog\u00eda\"}]},{\"@type\":\"WebSite\",\"@id\":\"https:\/\/medicina.udd.cl\/fonoaudiologia-santiago\/#website\",\"url\":\"https:\/\/medicina.udd.cl\/fonoaudiologia-santiago\/\",\"name\":\"Fonoaudiolog\u00eda\",\"description\":\"Facultad de Medicina Cl\u00ednica Alemana Universidad del Desarrollo\",\"inLanguage\":\"es\"}]}<\/script>\n<!-- \/ Yoast SEO plugin. -->","yoast_head_json":{"title":"II Jornadas de Actualizaci\u00f3n en Comunicaci\u00f3n Aumentativa Alternativa (CAA) y Tecnolog\u00eda - Fonoaudiolog\u00eda","robots":{"index":"index","follow":"follow","max-snippet":"max-snippet:-1","max-image-preview":"max-image-preview:large","max-video-preview":"max-video-preview:-1"},"canonical":"https:\/\/medicina.udd.cl\/fonoaudiologia-santiago\/ii-jornadas-de-actualizacion-en-comunicacion-aumentativa-alternativa-caa-y-tecnologia\/","og_locale":"es_ES","og_type":"article","og_title":"II Jornadas de Actualizaci\u00f3n en Comunicaci\u00f3n Aumentativa Alternativa (CAA) y Tecnolog\u00eda - Fonoaudiolog\u00eda","og_description":"Las II Jornadas de Actualizaci\u00f3n en Comunicaci\u00f3n Aumentativa Alternativa &nbsp;(CAA) se presentan como una actividad dentro del mes de la Concientizaci\u00f3n sobre CAA que se celebra en todo el mundo cada mes de octubre, por esta raz\u00f3n la carrera de Fonoaudiolog\u00eda de la facultad de Medicina Cl\u00ednica Alemana Universidad del Desarrollo, se suma a estas [&hellip;]","og_url":"https:\/\/medicina.udd.cl\/fonoaudiologia-santiago\/ii-jornadas-de-actualizacion-en-comunicacion-aumentativa-alternativa-caa-y-tecnologia\/","og_site_name":"Fonoaudiolog\u00eda","article_modified_time":"2023-10-04T14:31:27+00:00","og_image":[{"url":"https:\/\/medicina.udd.cl\/fonoaudiologia-santiago\/files\/2023\/09\/afiche-ii-jornadas-caa-1024x1024.jpg","type":"","width":"","height":""}],"twitter_misc":{"Tiempo de lectura":"2 minutos"},"schema":{"@context":"https:\/\/schema.org","@graph":[{"@type":"WebPage","@id":"https:\/\/medicina.udd.cl\/fonoaudiologia-santiago\/ii-jornadas-de-actualizacion-en-comunicacion-aumentativa-alternativa-caa-y-tecnologia\/","url":"https:\/\/medicina.udd.cl\/fonoaudiologia-santiago\/ii-jornadas-de-actualizacion-en-comunicacion-aumentativa-alternativa-caa-y-tecnologia\/","name":"II Jornadas de Actualizaci\u00f3n en Comunicaci\u00f3n Aumentativa Alternativa (CAA) y Tecnolog\u00eda - Fonoaudiolog\u00eda","isPartOf":{"@id":"https:\/\/medicina.udd.cl\/fonoaudiologia-santiago\/#website"},"primaryImageOfPage":{"@id":"https:\/\/medicina.udd.cl\/fonoaudiologia-santiago\/ii-jornadas-de-actualizacion-en-comunicacion-aumentativa-alternativa-caa-y-tecnologia\/#primaryimage"},"image":{"@id":"https:\/\/medicina.udd.cl\/fonoaudiologia-santiago\/ii-jornadas-de-actualizacion-en-comunicacion-aumentativa-alternativa-caa-y-tecnologia\/#primaryimage"},"thumbnailUrl":"https:\/\/medicina.udd.cl\/fonoaudiologia-santiago\/files\/2023\/09\/afiche-ii-jornadas-caa-1024x1024.jpg","datePublished":"2023-09-29T20:28:18+00:00","dateModified":"2023-10-04T14:31:27+00:00","breadcrumb":{"@id":"https:\/\/medicina.udd.cl\/fonoaudiologia-santiago\/ii-jornadas-de-actualizacion-en-comunicacion-aumentativa-alternativa-caa-y-tecnologia\/#breadcrumb"},"inLanguage":"es","potentialAction":[{"@type":"ReadAction","target":["https:\/\/medicina.udd.cl\/fonoaudiologia-santiago\/ii-jornadas-de-actualizacion-en-comunicacion-aumentativa-alternativa-caa-y-tecnologia\/"]}]},{"@type":"ImageObject","inLanguage":"es","@id":"https:\/\/medicina.udd.cl\/fonoaudiologia-santiago\/ii-jornadas-de-actualizacion-en-comunicacion-aumentativa-alternativa-caa-y-tecnologia\/#primaryimage","url":"https:\/\/medicina.udd.cl\/fonoaudiologia-santiago\/files\/2023\/09\/afiche-ii-jornadas-caa.jpg","contentUrl":"https:\/\/medicina.udd.cl\/fonoaudiologia-santiago\/files\/2023\/09\/afiche-ii-jornadas-caa.jpg","width":1280,"height":1280},{"@type":"BreadcrumbList","@id":"https:\/\/medicina.udd.cl\/fonoaudiologia-santiago\/ii-jornadas-de-actualizacion-en-comunicacion-aumentativa-alternativa-caa-y-tecnologia\/#breadcrumb","itemListElement":[{"@type":"ListItem","position":1,"name":"Home","item":"https:\/\/medicina.udd.cl\/fonoaudiologia-santiago\/"},{"@type":"ListItem","position":2,"name":"II Jornadas de Actualizaci\u00f3n en Comunicaci\u00f3n Aumentativa Alternativa (CAA) y Tecnolog\u00eda"}]},{"@type":"WebSite","@id":"https:\/\/medicina.udd.cl\/fonoaudiologia-santiago\/#website","url":"https:\/\/medicina.udd.cl\/fonoaudiologia-santiago\/","name":"Fonoaudiolog\u00eda","description":"Facultad de Medicina Cl\u00ednica Alemana Universidad del Desarrollo","inLanguage":"es"}]}},"_links":{"self":[{"href":"https:\/\/medicina.udd.cl\/fonoaudiologia-santiago\/wp-json\/wp\/v2\/pages\/6198","targetHints":{"allow":["GET"]}}],"collection":[{"href":"https:\/\/medicina.udd.cl\/fonoaudiologia-santiago\/wp-json\/wp\/v2\/pages"}],"about":[{"href":"https:\/\/medicina.udd.cl\/fonoaudiologia-santiago\/wp-json\/wp\/v2\/types\/page"}],"author":[{"embeddable":true,"href":"https:\/\/medicina.udd.cl\/fonoaudiologia-santiago\/wp-json\/wp\/v2\/users\/9192219"}],"replies":[{"embeddable":true,"href":"https:\/\/medicina.udd.cl\/fonoaudiologia-santiago\/wp-json\/wp\/v2\/comments?post=6198"}],"version-history":[{"count":8,"href":"https:\/\/medicina.udd.cl\/fonoaudiologia-santiago\/wp-json\/wp\/v2\/pages\/6198\/revisions"}],"predecessor-version":[{"id":6209,"href":"https:\/\/medicina.udd.cl\/fonoaudiologia-santiago\/wp-json\/wp\/v2\/pages\/6198\/revisions\/6209"}],"wp:attachment":[{"href":"https:\/\/medicina.udd.cl\/fonoaudiologia-santiago\/wp-json\/wp\/v2\/media?parent=6198"}],"curies":[{"name":"wp","href":"https:\/\/api.w.org\/{rel}","templated":true}]}}