{"id":9,"date":"2010-03-31T19:25:34","date_gmt":"2010-03-31T23:25:34","guid":{"rendered":"http:\/\/medicina.udd.cl\/fonoaudiologia\/sobre-la-carrera\/descripcion\/"},"modified":"2016-09-21T14:30:44","modified_gmt":"2016-09-21T17:30:44","slug":"mision-vision-y-objetivos","status":"publish","type":"page","link":"https:\/\/medicina.udd.cl\/fonoaudiologia-santiago\/la-carrera\/descripcion\/mision-vision-y-objetivos\/","title":{"rendered":"Misi\u00f3n, Visi\u00f3n y Objetivos"},"content":{"rendered":"<h4 style=\"text-align: justify\"><span style=\"color: #008080\">Misi\u00f3n<\/span><\/h4>\n<p style=\"text-align: justify\">Formar profesionales id\u00f3neos a la realidad regional y nacional promoviendo la autonom\u00eda, capacidad de gesti\u00f3n, inquietud por el conocimiento con el sello de distinci\u00f3n de la UDD, permitiendo a nuestros profesionales, participar, constructivamente, en equipos de trabajo interdisciplinarios en los \u00e1mbitos del quehacer fonoaudiol\u00f3gico aplicando valores y actitudes \u00e9ticas que complementen el desarrollo profesional.<\/p>\n<h4 style=\"text-align: justify\"><span style=\"color: #008080\">Visi\u00f3n<\/span><\/h4>\n<p style=\"text-align: justify\">Ser reconocida como una carrera de Fonoaudiolog\u00eda innovadora con capacidad para adaptarse y anticiparse a los cambios tecnol\u00f3gicos y cient\u00edficos en el \u00e1rea fonoaudiol\u00f3gica.<\/p>\n<h4 style=\"text-align: justify\"><span style=\"color: #008080\">Objetivos\u00a0<\/span><\/h4>\n<ul>\n<li style=\"text-align: justify\">Contribuir a la formaci\u00f3n de profesionales fonoaudi\u00f3logos(as), a partir de un modelo integral, que desarrolle las competencias descritas en el Perfil de Egreso y les permitan desenvolverse con propiedad en los \u00e1mbitos del quehacer fonoaudiol\u00f3gico.<\/li>\n<li style=\"text-align: justify\">Incorporar en la formaci\u00f3n acad\u00e9mica las metodolog\u00edas innovadoras descritas en el Proyecto Educativo UDD, necesarias para favorecer el aprendizaje significativo y de calidad.<\/li>\n<li style=\"text-align: justify\">Promover valores en los estudiantes que complementen su desarrollo profesional y la relaci\u00f3n con otros individuos y la comunidad, con el sello de la responsabilidad p\u00fablica, y en el marco \u00e9tico que impera en nuestra sociedad hoy d\u00eda.<\/li>\n<li style=\"text-align: justify\">Promover que los fonoaudi\u00f3logos(as) egresados(as) de la Universidad del Desarrollo sean personas que innoven en su desempe\u00f1o profesional, tengan inquietud por investigar y desarrollen la capacidad de autogesti\u00f3n.<\/li>\n<\/ul>\n","protected":false},"excerpt":{"rendered":"<p>Misi\u00f3n Formar profesionales id\u00f3neos a la realidad regional y nacional promoviendo la autonom\u00eda, capacidad de gesti\u00f3n, inquietud por el conocimiento con el sello de distinci\u00f3n de la UDD, permitiendo a nuestros profesionales, participar, constructivamente, en equipos de trabajo interdisciplinarios en los \u00e1mbitos del quehacer fonoaudiol\u00f3gico aplicando valores y actitudes \u00e9ticas que complementen el desarrollo profesional. [&hellip;]<\/p>\n","protected":false},"author":1,"featured_media":0,"parent":3536,"menu_order":10,"comment_status":"open","ping_status":"open","template":"","meta":{"footnotes":""},"class_list":["post-9","page","type-page","status-publish","hentry"],"yoast_head":"<!-- This site is optimized with the Yoast SEO plugin v26.9 - https:\/\/yoast.com\/product\/yoast-seo-wordpress\/ -->\n<title>Descripci\u00f3n de la Carrera | Fonoaudiolog\u00eda (Santiago)| Universidad del Desarrollo<\/title>\n<meta name=\"description\" content=\"Fonoaudiolog\u00eda en la UDD busca optimizar las habilidades comunicativas, y rehabilitar alteraciones en la voz, audici\u00f3n, habla, lenguaje y degluci\u00f3n.\" \/>\n<meta name=\"robots\" content=\"index, follow, max-snippet:-1, max-image-preview:large, max-video-preview:-1\" \/>\n<link rel=\"canonical\" href=\"https:\/\/medicina.udd.cl\/fonoaudiologia-santiago\/la-carrera\/descripcion\/mision-vision-y-objetivos\/\" \/>\n<meta property=\"og:locale\" content=\"es_ES\" \/>\n<meta property=\"og:type\" content=\"article\" \/>\n<meta property=\"og:title\" content=\"Descripci\u00f3n de la Carrera | Fonoaudiolog\u00eda (Santiago)| Universidad del Desarrollo\" \/>\n<meta property=\"og:description\" content=\"Fonoaudiolog\u00eda en la UDD busca optimizar las habilidades comunicativas, y rehabilitar alteraciones en la voz, audici\u00f3n, habla, lenguaje y degluci\u00f3n.\" \/>\n<meta property=\"og:url\" content=\"https:\/\/medicina.udd.cl\/fonoaudiologia-santiago\/la-carrera\/descripcion\/mision-vision-y-objetivos\/\" \/>\n<meta property=\"og:site_name\" content=\"Fonoaudiolog\u00eda\" \/>\n<meta property=\"article:modified_time\" content=\"2016-09-21T17:30:44+00:00\" \/>\n<meta name=\"twitter:label1\" content=\"Tiempo de lectura\" \/>\n\t<meta name=\"twitter:data1\" content=\"1 minuto\" \/>\n<script type=\"application\/ld+json\" class=\"yoast-schema-graph\">{\"@context\":\"https:\/\/schema.org\",\"@graph\":[{\"@type\":\"WebPage\",\"@id\":\"https:\/\/medicina.udd.cl\/fonoaudiologia-santiago\/la-carrera\/descripcion\/mision-vision-y-objetivos\/\",\"url\":\"https:\/\/medicina.udd.cl\/fonoaudiologia-santiago\/la-carrera\/descripcion\/mision-vision-y-objetivos\/\",\"name\":\"Descripci\u00f3n de la Carrera | Fonoaudiolog\u00eda (Santiago)| Universidad del Desarrollo\",\"isPartOf\":{\"@id\":\"https:\/\/medicina.udd.cl\/fonoaudiologia-santiago\/#website\"},\"datePublished\":\"2010-03-31T23:25:34+00:00\",\"dateModified\":\"2016-09-21T17:30:44+00:00\",\"description\":\"Fonoaudiolog\u00eda en la UDD busca optimizar las habilidades comunicativas, y rehabilitar alteraciones en la voz, audici\u00f3n, habla, lenguaje y degluci\u00f3n.\",\"breadcrumb\":{\"@id\":\"https:\/\/medicina.udd.cl\/fonoaudiologia-santiago\/la-carrera\/descripcion\/mision-vision-y-objetivos\/#breadcrumb\"},\"inLanguage\":\"es\",\"potentialAction\":[{\"@type\":\"ReadAction\",\"target\":[\"https:\/\/medicina.udd.cl\/fonoaudiologia-santiago\/la-carrera\/descripcion\/mision-vision-y-objetivos\/\"]}]},{\"@type\":\"BreadcrumbList\",\"@id\":\"https:\/\/medicina.udd.cl\/fonoaudiologia-santiago\/la-carrera\/descripcion\/mision-vision-y-objetivos\/#breadcrumb\",\"itemListElement\":[{\"@type\":\"ListItem\",\"position\":1,\"name\":\"Home\",\"item\":\"https:\/\/medicina.udd.cl\/fonoaudiologia-santiago\/\"},{\"@type\":\"ListItem\",\"position\":2,\"name\":\"La Carrera\",\"item\":\"https:\/\/medicina.udd.cl\/fonoaudiologia-santiago\/la-carrera\/\"},{\"@type\":\"ListItem\",\"position\":3,\"name\":\"Descripci\u00f3n\",\"item\":\"https:\/\/medicina.udd.cl\/fonoaudiologia-santiago\/la-carrera\/descripcion\/\"},{\"@type\":\"ListItem\",\"position\":4,\"name\":\"Misi\u00f3n, Visi\u00f3n y Objetivos\"}]},{\"@type\":\"WebSite\",\"@id\":\"https:\/\/medicina.udd.cl\/fonoaudiologia-santiago\/#website\",\"url\":\"https:\/\/medicina.udd.cl\/fonoaudiologia-santiago\/\",\"name\":\"Fonoaudiolog\u00eda\",\"description\":\"Facultad de Medicina Cl\u00ednica Alemana Universidad del Desarrollo\",\"inLanguage\":\"es\"}]}<\/script>\n<!-- \/ Yoast SEO plugin. -->","yoast_head_json":{"title":"Descripci\u00f3n de la Carrera | Fonoaudiolog\u00eda (Santiago)| Universidad del Desarrollo","description":"Fonoaudiolog\u00eda en la UDD busca optimizar las habilidades comunicativas, y rehabilitar alteraciones en la voz, audici\u00f3n, habla, lenguaje y degluci\u00f3n.","robots":{"index":"index","follow":"follow","max-snippet":"max-snippet:-1","max-image-preview":"max-image-preview:large","max-video-preview":"max-video-preview:-1"},"canonical":"https:\/\/medicina.udd.cl\/fonoaudiologia-santiago\/la-carrera\/descripcion\/mision-vision-y-objetivos\/","og_locale":"es_ES","og_type":"article","og_title":"Descripci\u00f3n de la Carrera | Fonoaudiolog\u00eda (Santiago)| Universidad del Desarrollo","og_description":"Fonoaudiolog\u00eda en la UDD busca optimizar las habilidades comunicativas, y rehabilitar alteraciones en la voz, audici\u00f3n, habla, lenguaje y degluci\u00f3n.","og_url":"https:\/\/medicina.udd.cl\/fonoaudiologia-santiago\/la-carrera\/descripcion\/mision-vision-y-objetivos\/","og_site_name":"Fonoaudiolog\u00eda","article_modified_time":"2016-09-21T17:30:44+00:00","twitter_misc":{"Tiempo de lectura":"1 minuto"},"schema":{"@context":"https:\/\/schema.org","@graph":[{"@type":"WebPage","@id":"https:\/\/medicina.udd.cl\/fonoaudiologia-santiago\/la-carrera\/descripcion\/mision-vision-y-objetivos\/","url":"https:\/\/medicina.udd.cl\/fonoaudiologia-santiago\/la-carrera\/descripcion\/mision-vision-y-objetivos\/","name":"Descripci\u00f3n de la Carrera | Fonoaudiolog\u00eda (Santiago)| Universidad del Desarrollo","isPartOf":{"@id":"https:\/\/medicina.udd.cl\/fonoaudiologia-santiago\/#website"},"datePublished":"2010-03-31T23:25:34+00:00","dateModified":"2016-09-21T17:30:44+00:00","description":"Fonoaudiolog\u00eda en la UDD busca optimizar las habilidades comunicativas, y rehabilitar alteraciones en la voz, audici\u00f3n, habla, lenguaje y degluci\u00f3n.","breadcrumb":{"@id":"https:\/\/medicina.udd.cl\/fonoaudiologia-santiago\/la-carrera\/descripcion\/mision-vision-y-objetivos\/#breadcrumb"},"inLanguage":"es","potentialAction":[{"@type":"ReadAction","target":["https:\/\/medicina.udd.cl\/fonoaudiologia-santiago\/la-carrera\/descripcion\/mision-vision-y-objetivos\/"]}]},{"@type":"BreadcrumbList","@id":"https:\/\/medicina.udd.cl\/fonoaudiologia-santiago\/la-carrera\/descripcion\/mision-vision-y-objetivos\/#breadcrumb","itemListElement":[{"@type":"ListItem","position":1,"name":"Home","item":"https:\/\/medicina.udd.cl\/fonoaudiologia-santiago\/"},{"@type":"ListItem","position":2,"name":"La Carrera","item":"https:\/\/medicina.udd.cl\/fonoaudiologia-santiago\/la-carrera\/"},{"@type":"ListItem","position":3,"name":"Descripci\u00f3n","item":"https:\/\/medicina.udd.cl\/fonoaudiologia-santiago\/la-carrera\/descripcion\/"},{"@type":"ListItem","position":4,"name":"Misi\u00f3n, Visi\u00f3n y Objetivos"}]},{"@type":"WebSite","@id":"https:\/\/medicina.udd.cl\/fonoaudiologia-santiago\/#website","url":"https:\/\/medicina.udd.cl\/fonoaudiologia-santiago\/","name":"Fonoaudiolog\u00eda","description":"Facultad de Medicina Cl\u00ednica Alemana Universidad del Desarrollo","inLanguage":"es"}]}},"_links":{"self":[{"href":"https:\/\/medicina.udd.cl\/fonoaudiologia-santiago\/wp-json\/wp\/v2\/pages\/9","targetHints":{"allow":["GET"]}}],"collection":[{"href":"https:\/\/medicina.udd.cl\/fonoaudiologia-santiago\/wp-json\/wp\/v2\/pages"}],"about":[{"href":"https:\/\/medicina.udd.cl\/fonoaudiologia-santiago\/wp-json\/wp\/v2\/types\/page"}],"author":[{"embeddable":true,"href":"https:\/\/medicina.udd.cl\/fonoaudiologia-santiago\/wp-json\/wp\/v2\/users\/1"}],"replies":[{"embeddable":true,"href":"https:\/\/medicina.udd.cl\/fonoaudiologia-santiago\/wp-json\/wp\/v2\/comments?post=9"}],"version-history":[{"count":31,"href":"https:\/\/medicina.udd.cl\/fonoaudiologia-santiago\/wp-json\/wp\/v2\/pages\/9\/revisions"}],"predecessor-version":[{"id":3542,"href":"https:\/\/medicina.udd.cl\/fonoaudiologia-santiago\/wp-json\/wp\/v2\/pages\/9\/revisions\/3542"}],"up":[{"embeddable":true,"href":"https:\/\/medicina.udd.cl\/fonoaudiologia-santiago\/wp-json\/wp\/v2\/pages\/3536"}],"wp:attachment":[{"href":"https:\/\/medicina.udd.cl\/fonoaudiologia-santiago\/wp-json\/wp\/v2\/media?parent=9"}],"curies":[{"name":"wp","href":"https:\/\/api.w.org\/{rel}","templated":true}]}}