{"id":1755,"date":"2013-07-25T23:34:50","date_gmt":"2013-07-26T03:34:50","guid":{"rendered":"http:\/\/medicina.udd.cl\/fonoaudiologia-santiago\/persona\/maria-antonella-urzua-dell-anno\/"},"modified":"2020-04-16T17:14:50","modified_gmt":"2020-04-16T21:14:50","slug":"maria-antonella-urzua-dell-anno","status":"publish","type":"person","link":"https:\/\/medicina.udd.cl\/fonoaudiologia-santiago\/persona\/maria-antonella-urzua-dell-anno\/","title":{"rendered":"Mar\u00eda Antonella  Urz\u00faa Dell' Anno"},"featured_media":4815,"template":"","people_tax":[4034,4036,4037,4035],"people_areas":[],"people_levels":[],"class_list":["post-1755","person","type-person","status-publish","has-post-thumbnail","hentry","people_tax-autoridad","people_tax-contacto","people_tax-equipo","people_tax-profesor","people_list-directivos"],"yoast_head":"<!-- This site is optimized with the Yoast SEO plugin v26.9 - https:\/\/yoast.com\/product\/yoast-seo-wordpress\/ -->\n<title>Mar\u00eda Antonella Urz\u00faa Dell&#039; Anno - Fonoaudiolog\u00eda<\/title>\n<meta name=\"robots\" content=\"index, follow, max-snippet:-1, max-image-preview:large, max-video-preview:-1\" \/>\n<link rel=\"canonical\" href=\"https:\/\/medicina.udd.cl\/fonoaudiologia-santiago\/persona\/maria-antonella-urzua-dell-anno\/\" \/>\n<meta property=\"og:locale\" content=\"es_ES\" \/>\n<meta property=\"og:type\" content=\"article\" \/>\n<meta property=\"og:title\" content=\"Mar\u00eda Antonella Urz\u00faa Dell&#039; Anno - Fonoaudiolog\u00eda\" \/>\n<meta property=\"og:url\" content=\"https:\/\/medicina.udd.cl\/fonoaudiologia-santiago\/persona\/maria-antonella-urzua-dell-anno\/\" \/>\n<meta property=\"og:site_name\" content=\"Fonoaudiolog\u00eda\" \/>\n<meta property=\"article:modified_time\" content=\"2020-04-16T21:14:50+00:00\" \/>\n<meta property=\"og:image\" content=\"https:\/\/medicina.udd.cl\/fonoaudiologia-santiago\/files\/2013\/07\/Antonella-Urz\u00faa.byn_.jpg\" \/>\n\t<meta property=\"og:image:width\" content=\"350\" \/>\n\t<meta property=\"og:image:height\" content=\"350\" \/>\n\t<meta property=\"og:image:type\" content=\"image\/jpeg\" \/>\n<script type=\"application\/ld+json\" class=\"yoast-schema-graph\">{\"@context\":\"https:\/\/schema.org\",\"@graph\":[{\"@type\":\"WebPage\",\"@id\":\"https:\/\/medicina.udd.cl\/fonoaudiologia-santiago\/persona\/maria-antonella-urzua-dell-anno\/\",\"url\":\"https:\/\/medicina.udd.cl\/fonoaudiologia-santiago\/persona\/maria-antonella-urzua-dell-anno\/\",\"name\":\"Mar\u00eda Antonella Urz\u00faa Dell' Anno - Fonoaudiolog\u00eda\",\"isPartOf\":{\"@id\":\"https:\/\/medicina.udd.cl\/fonoaudiologia-santiago\/#website\"},\"primaryImageOfPage\":{\"@id\":\"https:\/\/medicina.udd.cl\/fonoaudiologia-santiago\/persona\/maria-antonella-urzua-dell-anno\/#primaryimage\"},\"image\":{\"@id\":\"https:\/\/medicina.udd.cl\/fonoaudiologia-santiago\/persona\/maria-antonella-urzua-dell-anno\/#primaryimage\"},\"thumbnailUrl\":\"https:\/\/medicina.udd.cl\/fonoaudiologia-santiago\/files\/2013\/07\/Antonella-Urz\u00faa.byn_.jpg\",\"datePublished\":\"2013-07-26T03:34:50+00:00\",\"dateModified\":\"2020-04-16T21:14:50+00:00\",\"breadcrumb\":{\"@id\":\"https:\/\/medicina.udd.cl\/fonoaudiologia-santiago\/persona\/maria-antonella-urzua-dell-anno\/#breadcrumb\"},\"inLanguage\":\"es\",\"potentialAction\":[{\"@type\":\"ReadAction\",\"target\":[\"https:\/\/medicina.udd.cl\/fonoaudiologia-santiago\/persona\/maria-antonella-urzua-dell-anno\/\"]}]},{\"@type\":\"ImageObject\",\"inLanguage\":\"es\",\"@id\":\"https:\/\/medicina.udd.cl\/fonoaudiologia-santiago\/persona\/maria-antonella-urzua-dell-anno\/#primaryimage\",\"url\":\"https:\/\/medicina.udd.cl\/fonoaudiologia-santiago\/files\/2013\/07\/Antonella-Urz\u00faa.byn_.jpg\",\"contentUrl\":\"https:\/\/medicina.udd.cl\/fonoaudiologia-santiago\/files\/2013\/07\/Antonella-Urz\u00faa.byn_.jpg\",\"width\":350,\"height\":350,\"caption\":\"Retratos de los Colaboradores Campus Rector Ernesto Silva. En Santiago: 12\/03\/2019. Fot\u00f3grafo: Valentino Saldivart.\"},{\"@type\":\"BreadcrumbList\",\"@id\":\"https:\/\/medicina.udd.cl\/fonoaudiologia-santiago\/persona\/maria-antonella-urzua-dell-anno\/#breadcrumb\",\"itemListElement\":[{\"@type\":\"ListItem\",\"position\":1,\"name\":\"Home\",\"item\":\"https:\/\/medicina.udd.cl\/fonoaudiologia-santiago\/\"},{\"@type\":\"ListItem\",\"position\":2,\"name\":\"Personas\",\"item\":\"https:\/\/medicina.udd.cl\/fonoaudiologia-santiago\/persona\/\"},{\"@type\":\"ListItem\",\"position\":3,\"name\":\"Mar\u00eda Antonella Urz\u00faa Dell&#8217; Anno\"}]},{\"@type\":\"WebSite\",\"@id\":\"https:\/\/medicina.udd.cl\/fonoaudiologia-santiago\/#website\",\"url\":\"https:\/\/medicina.udd.cl\/fonoaudiologia-santiago\/\",\"name\":\"Fonoaudiolog\u00eda\",\"description\":\"Facultad de Medicina Cl\u00ednica Alemana Universidad del Desarrollo\",\"inLanguage\":\"es\"}]}<\/script>\n<!-- \/ Yoast SEO plugin. -->","yoast_head_json":{"title":"Mar\u00eda Antonella Urz\u00faa Dell' Anno - Fonoaudiolog\u00eda","robots":{"index":"index","follow":"follow","max-snippet":"max-snippet:-1","max-image-preview":"max-image-preview:large","max-video-preview":"max-video-preview:-1"},"canonical":"https:\/\/medicina.udd.cl\/fonoaudiologia-santiago\/persona\/maria-antonella-urzua-dell-anno\/","og_locale":"es_ES","og_type":"article","og_title":"Mar\u00eda Antonella Urz\u00faa Dell' Anno - Fonoaudiolog\u00eda","og_url":"https:\/\/medicina.udd.cl\/fonoaudiologia-santiago\/persona\/maria-antonella-urzua-dell-anno\/","og_site_name":"Fonoaudiolog\u00eda","article_modified_time":"2020-04-16T21:14:50+00:00","og_image":[{"width":350,"height":350,"url":"https:\/\/medicina.udd.cl\/fonoaudiologia-santiago\/files\/2013\/07\/Antonella-Urz\u00faa.byn_.jpg","type":"image\/jpeg"}],"schema":{"@context":"https:\/\/schema.org","@graph":[{"@type":"WebPage","@id":"https:\/\/medicina.udd.cl\/fonoaudiologia-santiago\/persona\/maria-antonella-urzua-dell-anno\/","url":"https:\/\/medicina.udd.cl\/fonoaudiologia-santiago\/persona\/maria-antonella-urzua-dell-anno\/","name":"Mar\u00eda Antonella Urz\u00faa Dell' Anno - Fonoaudiolog\u00eda","isPartOf":{"@id":"https:\/\/medicina.udd.cl\/fonoaudiologia-santiago\/#website"},"primaryImageOfPage":{"@id":"https:\/\/medicina.udd.cl\/fonoaudiologia-santiago\/persona\/maria-antonella-urzua-dell-anno\/#primaryimage"},"image":{"@id":"https:\/\/medicina.udd.cl\/fonoaudiologia-santiago\/persona\/maria-antonella-urzua-dell-anno\/#primaryimage"},"thumbnailUrl":"https:\/\/medicina.udd.cl\/fonoaudiologia-santiago\/files\/2013\/07\/Antonella-Urz\u00faa.byn_.jpg","datePublished":"2013-07-26T03:34:50+00:00","dateModified":"2020-04-16T21:14:50+00:00","breadcrumb":{"@id":"https:\/\/medicina.udd.cl\/fonoaudiologia-santiago\/persona\/maria-antonella-urzua-dell-anno\/#breadcrumb"},"inLanguage":"es","potentialAction":[{"@type":"ReadAction","target":["https:\/\/medicina.udd.cl\/fonoaudiologia-santiago\/persona\/maria-antonella-urzua-dell-anno\/"]}]},{"@type":"ImageObject","inLanguage":"es","@id":"https:\/\/medicina.udd.cl\/fonoaudiologia-santiago\/persona\/maria-antonella-urzua-dell-anno\/#primaryimage","url":"https:\/\/medicina.udd.cl\/fonoaudiologia-santiago\/files\/2013\/07\/Antonella-Urz\u00faa.byn_.jpg","contentUrl":"https:\/\/medicina.udd.cl\/fonoaudiologia-santiago\/files\/2013\/07\/Antonella-Urz\u00faa.byn_.jpg","width":350,"height":350,"caption":"Retratos de los Colaboradores Campus Rector Ernesto Silva. En Santiago: 12\/03\/2019. Fot\u00f3grafo: Valentino Saldivart."},{"@type":"BreadcrumbList","@id":"https:\/\/medicina.udd.cl\/fonoaudiologia-santiago\/persona\/maria-antonella-urzua-dell-anno\/#breadcrumb","itemListElement":[{"@type":"ListItem","position":1,"name":"Home","item":"https:\/\/medicina.udd.cl\/fonoaudiologia-santiago\/"},{"@type":"ListItem","position":2,"name":"Personas","item":"https:\/\/medicina.udd.cl\/fonoaudiologia-santiago\/persona\/"},{"@type":"ListItem","position":3,"name":"Mar\u00eda Antonella Urz\u00faa Dell&#8217; Anno"}]},{"@type":"WebSite","@id":"https:\/\/medicina.udd.cl\/fonoaudiologia-santiago\/#website","url":"https:\/\/medicina.udd.cl\/fonoaudiologia-santiago\/","name":"Fonoaudiolog\u00eda","description":"Facultad de Medicina Cl\u00ednica Alemana Universidad del Desarrollo","inLanguage":"es"}]}},"label":"Mar\u00eda Antonella  Urz\u00faa Dell' Anno","role":"Coordinadora Acad\u00e9mica","thumbnail_url":"https:\/\/medicina.udd.cl\/fonoaudiologia-santiago\/files\/2013\/07\/Antonella-Urz\u00faa.byn_.jpg","email":"maurzua@udd.cl","tel_job":"","content":{"rendered":"<div class=\"person-modal person-modal--scl\">\n\t<header class=\"person-modal__header\">\n\t\t<div class=\"person-modal__bg\"><\/div>\n\t\t<div class=\"modal-container\">\n\t\t\t\t\t\t<div class=\"person-modal__media\">\n\t\t\t\t<img width=\"350\" height=\"350\" src=\"https:\/\/medicina.udd.cl\/fonoaudiologia-santiago\/files\/2013\/07\/Antonella-Urz\u00faa.byn_.jpg\" class=\"person-modal__image wp-post-image\" alt=\"\" decoding=\"async\" loading=\"lazy\" srcset=\"https:\/\/medicina.udd.cl\/fonoaudiologia-santiago\/files\/2013\/07\/Antonella-Urz\u00faa.byn_.jpg 350w, https:\/\/medicina.udd.cl\/fonoaudiologia-santiago\/files\/2013\/07\/Antonella-Urz\u00faa.byn_-150x150.jpg 150w, https:\/\/medicina.udd.cl\/fonoaudiologia-santiago\/files\/2013\/07\/Antonella-Urz\u00faa.byn_-300x300.jpg 300w, https:\/\/medicina.udd.cl\/fonoaudiologia-santiago\/files\/2013\/07\/Antonella-Urz\u00faa.byn_-62x62.jpg 62w, https:\/\/medicina.udd.cl\/fonoaudiologia-santiago\/files\/2013\/07\/Antonella-Urz\u00faa.byn_-250x250.jpg 250w, https:\/\/medicina.udd.cl\/fonoaudiologia-santiago\/files\/2013\/07\/Antonella-Urz\u00faa.byn_-126x126.jpg 126w\" sizes=\"auto, (max-width: 350px) 100vw, 350px\" \/>\t\t\t<\/div>\n\t\t\t\t\t\t<div class=\"person-modal__data\">\n\t\t\t\t<h1 class=\"person-modal__name\">Mar\u00eda Antonella  Urz\u00faa Dell&#8217; Anno<\/h1>\n\t\t\t\t\t\t\t<span class=\"person-modal__description\">Coordinadora Acad\u00e9mica<\/span>\n\t\t\t\t\t\t\t\t\t\t\t\t\t<a href=\"mailto:&#109;a&#117;rz&#117;a&#064;&#117;d&#100;.cl\" class=\"person-modal__email\">mau&#114;z&#117;a&#64;u&#100;d.&#99;&#108;<\/a>\n\t\t\t\t\t\t\t\t\t<\/div>\n\t\t<\/div>\n\t<\/header>\n\t<div class=\"modal-container\">\n\t\t\t<div class=\"person-modal__content text\">\n\t\t\t\t\t\t\t\t\t\t<ul>\n<li><span>Fonoaudi\u00f3loga, Universidad de Chile<\/span><\/li>\n<li><span>Mag\u00edster en Estrategias de Intervenci\u00f3n en Salud Mental Infantil, Universidad del Desarrollo<\/span><\/li>\n<li>Perfeccionamientos<strong>\u00a0<\/strong><span>en Italia y Estados Unidos<\/span><\/li>\n<li>Experiencia laboral<span>\u00a0en el \u00e1rea de trastornos de la comunicaci\u00f3n y el lenguaje infanto-juvenil<\/span><\/li>\n<\/ul>\n<p>&nbsp;<\/p>\n\t\t<\/div>\n\t<\/div>\n<\/div>\n"},"identifier":"26219cfd901db0f703d9df4a39b52ea54ee58bce","has_credential":[],"given_name":"Mar\u00eda Antonella ","family_name":"Urz\u00faa Dell' Anno","name":"Mar\u00eda Antonella  Urz\u00faa Dell' Anno","job_title":"Coordinadora Acad\u00e9mica","telephone":"","note":"","im":"","_self_schedule":null,"_links":{"self":[{"href":"https:\/\/medicina.udd.cl\/fonoaudiologia-santiago\/wp-json\/wp\/v2\/people\/1755","targetHints":{"allow":["GET"]}}],"collection":[{"href":"https:\/\/medicina.udd.cl\/fonoaudiologia-santiago\/wp-json\/wp\/v2\/people"}],"about":[{"href":"https:\/\/medicina.udd.cl\/fonoaudiologia-santiago\/wp-json\/wp\/v2\/types\/person"}],"wp:featuredmedia":[{"embeddable":true,"href":"https:\/\/medicina.udd.cl\/fonoaudiologia-santiago\/wp-json\/wp\/v2\/media\/4815"}],"wp:attachment":[{"href":"https:\/\/medicina.udd.cl\/fonoaudiologia-santiago\/wp-json\/wp\/v2\/media?parent=1755"}],"wp:term":[{"taxonomy":"people_tax","embeddable":true,"href":"https:\/\/medicina.udd.cl\/fonoaudiologia-santiago\/wp-json\/wp\/v2\/people_tax?post=1755"},{"taxonomy":"people_areas","embeddable":true,"href":"https:\/\/medicina.udd.cl\/fonoaudiologia-santiago\/wp-json\/wp\/v2\/people_areas?post=1755"},{"taxonomy":"people_levels","embeddable":true,"href":"https:\/\/medicina.udd.cl\/fonoaudiologia-santiago\/wp-json\/wp\/v2\/people_levels?post=1755"}],"curies":[{"name":"wp","href":"https:\/\/api.w.org\/{rel}","templated":true}]}}

María Antonella  Urzúa Dell' Anno

<!-- This site is optimized with the Yoast SEO plugin v26.9 - https://yoast.com/product/yoast-seo-wordpress/ -->
<title>María Antonella Urzúa Dell&#039; Anno - Fonoaudiología</title>
<meta name="robots" content="index, follow, max-snippet:-1, max-image-preview:large, max-video-preview:-1" />
<link rel="canonical" href="https://medicina.udd.cl/fonoaudiologia-santiago/persona/maria-antonella-urzua-dell-anno/" />
<meta property="og:locale" content="es_ES" />
<meta property="og:type" content="article" />
<meta property="og:title" content="María Antonella Urzúa Dell&#039; Anno - Fonoaudiología" />
<meta property="og:url" content="https://medicina.udd.cl/fonoaudiologia-santiago/persona/maria-antonella-urzua-dell-anno/" />
<meta property="og:site_name" content="Fonoaudiología" />
<meta property="article:modified_time" content="2020-04-16T21:14:50+00:00" />
<meta property="og:image" content="https://medicina.udd.cl/fonoaudiologia-santiago/files/2013/07/Antonella-Urzúa.byn_.jpg" />
	<meta property="og:image:width" content="350" />
	<meta property="og:image:height" content="350" />
	<meta property="og:image:type" content="image/jpeg" />
<script type="application/ld+json" class="yoast-schema-graph">{"@context":"https://schema.org","@graph":[{"@type":"WebPage","@id":"https://medicina.udd.cl/fonoaudiologia-santiago/persona/maria-antonella-urzua-dell-anno/","url":"https://medicina.udd.cl/fonoaudiologia-santiago/persona/maria-antonella-urzua-dell-anno/","name":"María Antonella Urzúa Dell' Anno - Fonoaudiología","isPartOf":{"@id":"https://medicina.udd.cl/fonoaudiologia-santiago/#website"},"primaryImageOfPage":{"@id":"https://medicina.udd.cl/fonoaudiologia-santiago/persona/maria-antonella-urzua-dell-anno/#primaryimage"},"image":{"@id":"https://medicina.udd.cl/fonoaudiologia-santiago/persona/maria-antonella-urzua-dell-anno/#primaryimage"},"thumbnailUrl":"https://medicina.udd.cl/fonoaudiologia-santiago/files/2013/07/Antonella-Urzúa.byn_.jpg","datePublished":"2013-07-26T03:34:50+00:00","dateModified":"2020-04-16T21:14:50+00:00","breadcrumb":{"@id":"https://medicina.udd.cl/fonoaudiologia-santiago/persona/maria-antonella-urzua-dell-anno/#breadcrumb"},"inLanguage":"es","potentialAction":[{"@type":"ReadAction","target":["https://medicina.udd.cl/fonoaudiologia-santiago/persona/maria-antonella-urzua-dell-anno/"]}]},{"@type":"ImageObject","inLanguage":"es","@id":"https://medicina.udd.cl/fonoaudiologia-santiago/persona/maria-antonella-urzua-dell-anno/#primaryimage","url":"https://medicina.udd.cl/fonoaudiologia-santiago/files/2013/07/Antonella-Urzúa.byn_.jpg","contentUrl":"https://medicina.udd.cl/fonoaudiologia-santiago/files/2013/07/Antonella-Urzúa.byn_.jpg","width":350,"height":350,"caption":"Retratos de los Colaboradores Campus Rector Ernesto Silva. En Santiago: 12/03/2019. Fotógrafo: Valentino Saldivart."},{"@type":"BreadcrumbList","@id":"https://medicina.udd.cl/fonoaudiologia-santiago/persona/maria-antonella-urzua-dell-anno/#breadcrumb","itemListElement":[{"@type":"ListItem","position":1,"name":"Home","item":"https://medicina.udd.cl/fonoaudiologia-santiago/"},{"@type":"ListItem","position":2,"name":"Personas","item":"https://medicina.udd.cl/fonoaudiologia-santiago/persona/"},{"@type":"ListItem","position":3,"name":"María Antonella Urzúa Dell&#8217; Anno"}]},{"@type":"WebSite","@id":"https://medicina.udd.cl/fonoaudiologia-santiago/#website","url":"https://medicina.udd.cl/fonoaudiologia-santiago/","name":"Fonoaudiología","description":"Facultad de Medicina Clínica Alemana Universidad del Desarrollo","inLanguage":"es"}]}</script>
<!-- / Yoast SEO plugin. -->

María Antonella Urzúa Dell' Anno - Fonoaudiología

Fonoaudiología

https://medicina.udd.cl/fonoaudiologia-santiago/files/2013/07/Antonella-Urzúa.byn_.jpg

Retratos de los Colaboradores Campus Rector Ernesto Silva. En Santiago: 12/03/2019. Fotógrafo: Valentino Saldivart.

María Antonella Urzúa Dell&#8217; Anno

Facultad de Medicina Clínica Alemana Universidad del Desarrollo

Coordinadora Académica

<div class="person-modal person-modal--scl">
	<header class="person-modal__header">
		<div class="person-modal__bg"></div>
		<div class="modal-container">
						<div class="person-modal__media">
				<img width="350" height="350" src="https://medicina.udd.cl/fonoaudiologia-santiago/files/2013/07/Antonella-Urzúa.byn_.jpg" class="person-modal__image wp-post-image" alt="" decoding="async" loading="lazy" srcset="https://medicina.udd.cl/fonoaudiologia-santiago/files/2013/07/Antonella-Urzúa.byn_.jpg 350w, https://medicina.udd.cl/fonoaudiologia-santiago/files/2013/07/Antonella-Urzúa.byn_-150x150.jpg 150w, https://medicina.udd.cl/fonoaudiologia-santiago/files/2013/07/Antonella-Urzúa.byn_-300x300.jpg 300w, https://medicina.udd.cl/fonoaudiologia-santiago/files/2013/07/Antonella-Urzúa.byn_-62x62.jpg 62w, https://medicina.udd.cl/fonoaudiologia-santiago/files/2013/07/Antonella-Urzúa.byn_-250x250.jpg 250w, https://medicina.udd.cl/fonoaudiologia-santiago/files/2013/07/Antonella-Urzúa.byn_-126x126.jpg 126w" sizes="auto, (max-width: 350px) 100vw, 350px" />			</div>
						<div class="person-modal__data">
				<h1 class="person-modal__name">María Antonella  Urzúa Dell&#8217; Anno</h1>
							<span class="person-modal__description">Coordinadora Académica</span>
													<a href="mailto:&#109;a&#117;rz&#117;a&#064;&#117;d&#100;.cl" class="person-modal__email">mau&#114;z&#117;a&#64;u&#100;d.&#99;&#108;</a>
									</div>
		</div>
	</header>
	<div class="modal-container">
			<div class="person-modal__content text">
										<ul>
<li><span>Fonoaudióloga, Universidad de Chile</span></li>
<li><span>Magíster en Estrategias de Intervención en Salud Mental Infantil, Universidad del Desarrollo</span></li>
<li>Perfeccionamientos<strong> </strong><span>en Italia y Estados Unidos</span></li>
<li>Experiencia laboral<span> en el área de trastornos de la comunicación y el lenguaje infanto-juvenil</span></li>
</ul>
<p>&nbsp;</p>
		</div>
	</div>
</div>

María Antonella

Urzúa Dell' Anno
