{"id":1765,"date":"2013-07-25T23:34:53","date_gmt":"2013-07-26T03:34:53","guid":{"rendered":"http:\/\/medicina.udd.cl\/fonoaudiologia-santiago\/persona\/rodrigo-trujillo-manriquez\/"},"modified":"2020-06-19T11:21:59","modified_gmt":"2020-06-19T15:21:59","slug":"rodrigo-trujillo-manriquez","status":"publish","type":"person","link":"https:\/\/medicina.udd.cl\/fonoaudiologia-santiago\/persona\/rodrigo-trujillo-manriquez\/","title":{"rendered":"Rodrigo  Trujillo Manr\u00edquez"},"featured_media":4811,"template":"","people_tax":[4034,4037],"people_areas":[],"people_levels":[],"class_list":["post-1765","person","type-person","status-publish","has-post-thumbnail","hentry","people_tax-autoridad","people_tax-equipo","people_list-docentes"],"yoast_head":"<!-- This site is optimized with the Yoast SEO plugin v26.9 - https:\/\/yoast.com\/product\/yoast-seo-wordpress\/ -->\n<title>Rodrigo Trujillo Manr\u00edquez - Fonoaudiolog\u00eda<\/title>\n<meta name=\"robots\" content=\"index, follow, max-snippet:-1, max-image-preview:large, max-video-preview:-1\" \/>\n<link rel=\"canonical\" href=\"https:\/\/medicina.udd.cl\/fonoaudiologia-santiago\/persona\/rodrigo-trujillo-manriquez\/\" \/>\n<meta property=\"og:locale\" content=\"es_ES\" \/>\n<meta property=\"og:type\" content=\"article\" \/>\n<meta property=\"og:title\" content=\"Rodrigo Trujillo Manr\u00edquez - Fonoaudiolog\u00eda\" \/>\n<meta property=\"og:url\" content=\"https:\/\/medicina.udd.cl\/fonoaudiologia-santiago\/persona\/rodrigo-trujillo-manriquez\/\" \/>\n<meta property=\"og:site_name\" content=\"Fonoaudiolog\u00eda\" \/>\n<meta property=\"article:modified_time\" content=\"2020-06-19T15:21:59+00:00\" \/>\n<meta property=\"og:image\" content=\"https:\/\/medicina.udd.cl\/fonoaudiologia-santiago\/files\/2013\/07\/RODRIGO-TRUJILLO.byn_.jpg\" \/>\n\t<meta property=\"og:image:width\" content=\"4272\" \/>\n\t<meta property=\"og:image:height\" content=\"2848\" \/>\n\t<meta property=\"og:image:type\" content=\"image\/jpeg\" \/>\n<script type=\"application\/ld+json\" class=\"yoast-schema-graph\">{\"@context\":\"https:\/\/schema.org\",\"@graph\":[{\"@type\":\"WebPage\",\"@id\":\"https:\/\/medicina.udd.cl\/fonoaudiologia-santiago\/persona\/rodrigo-trujillo-manriquez\/\",\"url\":\"https:\/\/medicina.udd.cl\/fonoaudiologia-santiago\/persona\/rodrigo-trujillo-manriquez\/\",\"name\":\"Rodrigo Trujillo Manr\u00edquez - Fonoaudiolog\u00eda\",\"isPartOf\":{\"@id\":\"https:\/\/medicina.udd.cl\/fonoaudiologia-santiago\/#website\"},\"primaryImageOfPage\":{\"@id\":\"https:\/\/medicina.udd.cl\/fonoaudiologia-santiago\/persona\/rodrigo-trujillo-manriquez\/#primaryimage\"},\"image\":{\"@id\":\"https:\/\/medicina.udd.cl\/fonoaudiologia-santiago\/persona\/rodrigo-trujillo-manriquez\/#primaryimage\"},\"thumbnailUrl\":\"https:\/\/medicina.udd.cl\/fonoaudiologia-santiago\/files\/2013\/07\/RODRIGO-TRUJILLO.byn_.jpg\",\"datePublished\":\"2013-07-26T03:34:53+00:00\",\"dateModified\":\"2020-06-19T15:21:59+00:00\",\"breadcrumb\":{\"@id\":\"https:\/\/medicina.udd.cl\/fonoaudiologia-santiago\/persona\/rodrigo-trujillo-manriquez\/#breadcrumb\"},\"inLanguage\":\"es\",\"potentialAction\":[{\"@type\":\"ReadAction\",\"target\":[\"https:\/\/medicina.udd.cl\/fonoaudiologia-santiago\/persona\/rodrigo-trujillo-manriquez\/\"]}]},{\"@type\":\"ImageObject\",\"inLanguage\":\"es\",\"@id\":\"https:\/\/medicina.udd.cl\/fonoaudiologia-santiago\/persona\/rodrigo-trujillo-manriquez\/#primaryimage\",\"url\":\"https:\/\/medicina.udd.cl\/fonoaudiologia-santiago\/files\/2013\/07\/RODRIGO-TRUJILLO.byn_.jpg\",\"contentUrl\":\"https:\/\/medicina.udd.cl\/fonoaudiologia-santiago\/files\/2013\/07\/RODRIGO-TRUJILLO.byn_.jpg\",\"width\":4272,\"height\":2848},{\"@type\":\"BreadcrumbList\",\"@id\":\"https:\/\/medicina.udd.cl\/fonoaudiologia-santiago\/persona\/rodrigo-trujillo-manriquez\/#breadcrumb\",\"itemListElement\":[{\"@type\":\"ListItem\",\"position\":1,\"name\":\"Home\",\"item\":\"https:\/\/medicina.udd.cl\/fonoaudiologia-santiago\/\"},{\"@type\":\"ListItem\",\"position\":2,\"name\":\"Personas\",\"item\":\"https:\/\/medicina.udd.cl\/fonoaudiologia-santiago\/persona\/\"},{\"@type\":\"ListItem\",\"position\":3,\"name\":\"Rodrigo Trujillo Manr\u00edquez\"}]},{\"@type\":\"WebSite\",\"@id\":\"https:\/\/medicina.udd.cl\/fonoaudiologia-santiago\/#website\",\"url\":\"https:\/\/medicina.udd.cl\/fonoaudiologia-santiago\/\",\"name\":\"Fonoaudiolog\u00eda\",\"description\":\"Facultad de Medicina Cl\u00ednica Alemana Universidad del Desarrollo\",\"inLanguage\":\"es\"}]}<\/script>\n<!-- \/ Yoast SEO plugin. -->","yoast_head_json":{"title":"Rodrigo Trujillo Manr\u00edquez - Fonoaudiolog\u00eda","robots":{"index":"index","follow":"follow","max-snippet":"max-snippet:-1","max-image-preview":"max-image-preview:large","max-video-preview":"max-video-preview:-1"},"canonical":"https:\/\/medicina.udd.cl\/fonoaudiologia-santiago\/persona\/rodrigo-trujillo-manriquez\/","og_locale":"es_ES","og_type":"article","og_title":"Rodrigo Trujillo Manr\u00edquez - Fonoaudiolog\u00eda","og_url":"https:\/\/medicina.udd.cl\/fonoaudiologia-santiago\/persona\/rodrigo-trujillo-manriquez\/","og_site_name":"Fonoaudiolog\u00eda","article_modified_time":"2020-06-19T15:21:59+00:00","og_image":[{"width":4272,"height":2848,"url":"https:\/\/medicina.udd.cl\/fonoaudiologia-santiago\/files\/2013\/07\/RODRIGO-TRUJILLO.byn_.jpg","type":"image\/jpeg"}],"schema":{"@context":"https:\/\/schema.org","@graph":[{"@type":"WebPage","@id":"https:\/\/medicina.udd.cl\/fonoaudiologia-santiago\/persona\/rodrigo-trujillo-manriquez\/","url":"https:\/\/medicina.udd.cl\/fonoaudiologia-santiago\/persona\/rodrigo-trujillo-manriquez\/","name":"Rodrigo Trujillo Manr\u00edquez - Fonoaudiolog\u00eda","isPartOf":{"@id":"https:\/\/medicina.udd.cl\/fonoaudiologia-santiago\/#website"},"primaryImageOfPage":{"@id":"https:\/\/medicina.udd.cl\/fonoaudiologia-santiago\/persona\/rodrigo-trujillo-manriquez\/#primaryimage"},"image":{"@id":"https:\/\/medicina.udd.cl\/fonoaudiologia-santiago\/persona\/rodrigo-trujillo-manriquez\/#primaryimage"},"thumbnailUrl":"https:\/\/medicina.udd.cl\/fonoaudiologia-santiago\/files\/2013\/07\/RODRIGO-TRUJILLO.byn_.jpg","datePublished":"2013-07-26T03:34:53+00:00","dateModified":"2020-06-19T15:21:59+00:00","breadcrumb":{"@id":"https:\/\/medicina.udd.cl\/fonoaudiologia-santiago\/persona\/rodrigo-trujillo-manriquez\/#breadcrumb"},"inLanguage":"es","potentialAction":[{"@type":"ReadAction","target":["https:\/\/medicina.udd.cl\/fonoaudiologia-santiago\/persona\/rodrigo-trujillo-manriquez\/"]}]},{"@type":"ImageObject","inLanguage":"es","@id":"https:\/\/medicina.udd.cl\/fonoaudiologia-santiago\/persona\/rodrigo-trujillo-manriquez\/#primaryimage","url":"https:\/\/medicina.udd.cl\/fonoaudiologia-santiago\/files\/2013\/07\/RODRIGO-TRUJILLO.byn_.jpg","contentUrl":"https:\/\/medicina.udd.cl\/fonoaudiologia-santiago\/files\/2013\/07\/RODRIGO-TRUJILLO.byn_.jpg","width":4272,"height":2848},{"@type":"BreadcrumbList","@id":"https:\/\/medicina.udd.cl\/fonoaudiologia-santiago\/persona\/rodrigo-trujillo-manriquez\/#breadcrumb","itemListElement":[{"@type":"ListItem","position":1,"name":"Home","item":"https:\/\/medicina.udd.cl\/fonoaudiologia-santiago\/"},{"@type":"ListItem","position":2,"name":"Personas","item":"https:\/\/medicina.udd.cl\/fonoaudiologia-santiago\/persona\/"},{"@type":"ListItem","position":3,"name":"Rodrigo Trujillo Manr\u00edquez"}]},{"@type":"WebSite","@id":"https:\/\/medicina.udd.cl\/fonoaudiologia-santiago\/#website","url":"https:\/\/medicina.udd.cl\/fonoaudiologia-santiago\/","name":"Fonoaudiolog\u00eda","description":"Facultad de Medicina Cl\u00ednica Alemana Universidad del Desarrollo","inLanguage":"es"}]}},"label":"Rodrigo  Trujillo Manr\u00edquez","role":"Coordinador \u00c1rea Ling\u00fc\u00edstica","thumbnail_url":"https:\/\/medicina.udd.cl\/fonoaudiologia-santiago\/files\/2013\/07\/RODRIGO-TRUJILLO.byn_-500x500.jpg","email":"rtrujillom@udd.cl","tel_job":"","content":{"rendered":"<div class=\"person-modal person-modal--scl\">\n\t<header class=\"person-modal__header\">\n\t\t<div class=\"person-modal__bg\"><\/div>\n\t\t<div class=\"modal-container\">\n\t\t\t\t\t\t<div class=\"person-modal__media\">\n\t\t\t\t<img width=\"500\" height=\"500\" src=\"https:\/\/medicina.udd.cl\/fonoaudiologia-santiago\/files\/2013\/07\/RODRIGO-TRUJILLO.byn_-500x500.jpg\" class=\"person-modal__image wp-post-image\" alt=\"\" decoding=\"async\" loading=\"lazy\" srcset=\"https:\/\/medicina.udd.cl\/fonoaudiologia-santiago\/files\/2013\/07\/RODRIGO-TRUJILLO.byn_-500x500.jpg 500w, https:\/\/medicina.udd.cl\/fonoaudiologia-santiago\/files\/2013\/07\/RODRIGO-TRUJILLO.byn_-150x150.jpg 150w, https:\/\/medicina.udd.cl\/fonoaudiologia-santiago\/files\/2013\/07\/RODRIGO-TRUJILLO.byn_-62x62.jpg 62w, https:\/\/medicina.udd.cl\/fonoaudiologia-santiago\/files\/2013\/07\/RODRIGO-TRUJILLO.byn_-750x750.jpg 750w, https:\/\/medicina.udd.cl\/fonoaudiologia-santiago\/files\/2013\/07\/RODRIGO-TRUJILLO.byn_-250x250.jpg 250w, https:\/\/medicina.udd.cl\/fonoaudiologia-santiago\/files\/2013\/07\/RODRIGO-TRUJILLO.byn_-126x126.jpg 126w\" sizes=\"auto, (max-width: 500px) 100vw, 500px\" \/>\t\t\t<\/div>\n\t\t\t\t\t\t<div class=\"person-modal__data\">\n\t\t\t\t<h1 class=\"person-modal__name\">Rodrigo  Trujillo Manr\u00edquez<\/h1>\n\t\t\t\t\t\t\t<span class=\"person-modal__description\">Coordinador \u00c1rea Ling\u00fc\u00edstica<\/span>\n\t\t\t\t\t\t\t\t\t\t\t\t\t<a href=\"mailto:rtr&#117;&#106;&#105;l&#108;&#111;m&#064;u&#100;&#100;.cl\" class=\"person-modal__email\">&#114;tr&#117;j&#105;ll&#111;m&#64;ud&#100;&#46;cl<\/a>\n\t\t\t\t\t\t\t\t\t<\/div>\n\t\t<\/div>\n\t<\/header>\n\t<div class=\"modal-container\">\n\t\t\t<div class=\"person-modal__content text\">\n\t\t\t\t\t\t\t\t\t\t<ul>\n<li class=\"MsoNormal\"><span lang=\"ES-CL\">Licenciado en Letras Pontificia Universidad Cat\u00f3lica de Chile<\/span><\/li>\n<\/ul>\n<ul>\n<li class=\"MsoNormal\"><span lang=\"ES-CL\">Fonoaudi\u00f3logo Universidad de Chile<\/span><\/li>\n<\/ul>\n<ul>\n<li class=\"MsoNormal\"><span lang=\"ES-CL\">Magister\u00a0en Arte terapia Universidad del Desarrollo<\/span><\/li>\n<\/ul>\n<ul>\n<li class=\"MsoNormal\"><span lang=\"ES-CL\">Diplomado en ling\u00fc\u00edstica aplicada a la psiquiatria\u00a0Universidad de Chile<\/span><\/li>\n<\/ul>\n<ul>\n<li class=\"MsoNormal\"><span lang=\"ES-CL\">Diplomado en Teatro Aplicado Pontificia Universidad Cat\u00f3lica de Chile<\/span><\/li>\n<\/ul>\n<ul>\n<li class=\"MsoNormal\"><span lang=\"ES-CL\">Coordinador y docente \u00e1rea ling\u00fc\u00edstica Universidad del Desarrollo<\/span><\/li>\n<\/ul>\n\t\t<\/div>\n\t<\/div>\n<\/div>\n"},"identifier":"00569d2ba87213cc41a8022dad6e012d22f8e137","has_credential":[],"given_name":"Rodrigo ","family_name":"Trujillo Manr\u00edquez","name":"Rodrigo  Trujillo Manr\u00edquez","job_title":"Coordinador \u00c1rea Ling\u00fc\u00edstica","telephone":"","note":"","im":"","_self_schedule":null,"_links":{"self":[{"href":"https:\/\/medicina.udd.cl\/fonoaudiologia-santiago\/wp-json\/wp\/v2\/people\/1765","targetHints":{"allow":["GET"]}}],"collection":[{"href":"https:\/\/medicina.udd.cl\/fonoaudiologia-santiago\/wp-json\/wp\/v2\/people"}],"about":[{"href":"https:\/\/medicina.udd.cl\/fonoaudiologia-santiago\/wp-json\/wp\/v2\/types\/person"}],"wp:featuredmedia":[{"embeddable":true,"href":"https:\/\/medicina.udd.cl\/fonoaudiologia-santiago\/wp-json\/wp\/v2\/media\/4811"}],"wp:attachment":[{"href":"https:\/\/medicina.udd.cl\/fonoaudiologia-santiago\/wp-json\/wp\/v2\/media?parent=1765"}],"wp:term":[{"taxonomy":"people_tax","embeddable":true,"href":"https:\/\/medicina.udd.cl\/fonoaudiologia-santiago\/wp-json\/wp\/v2\/people_tax?post=1765"},{"taxonomy":"people_areas","embeddable":true,"href":"https:\/\/medicina.udd.cl\/fonoaudiologia-santiago\/wp-json\/wp\/v2\/people_areas?post=1765"},{"taxonomy":"people_levels","embeddable":true,"href":"https:\/\/medicina.udd.cl\/fonoaudiologia-santiago\/wp-json\/wp\/v2\/people_levels?post=1765"}],"curies":[{"name":"wp","href":"https:\/\/api.w.org\/{rel}","templated":true}]}}

Rodrigo  Trujillo Manríquez

<!-- This site is optimized with the Yoast SEO plugin v26.9 - https://yoast.com/product/yoast-seo-wordpress/ -->
<title>Rodrigo Trujillo Manríquez - Fonoaudiología</title>
<meta name="robots" content="index, follow, max-snippet:-1, max-image-preview:large, max-video-preview:-1" />
<link rel="canonical" href="https://medicina.udd.cl/fonoaudiologia-santiago/persona/rodrigo-trujillo-manriquez/" />
<meta property="og:locale" content="es_ES" />
<meta property="og:type" content="article" />
<meta property="og:title" content="Rodrigo Trujillo Manríquez - Fonoaudiología" />
<meta property="og:url" content="https://medicina.udd.cl/fonoaudiologia-santiago/persona/rodrigo-trujillo-manriquez/" />
<meta property="og:site_name" content="Fonoaudiología" />
<meta property="article:modified_time" content="2020-06-19T15:21:59+00:00" />
<meta property="og:image" content="https://medicina.udd.cl/fonoaudiologia-santiago/files/2013/07/RODRIGO-TRUJILLO.byn_.jpg" />
	<meta property="og:image:width" content="4272" />
	<meta property="og:image:height" content="2848" />
	<meta property="og:image:type" content="image/jpeg" />
<script type="application/ld+json" class="yoast-schema-graph">{"@context":"https://schema.org","@graph":[{"@type":"WebPage","@id":"https://medicina.udd.cl/fonoaudiologia-santiago/persona/rodrigo-trujillo-manriquez/","url":"https://medicina.udd.cl/fonoaudiologia-santiago/persona/rodrigo-trujillo-manriquez/","name":"Rodrigo Trujillo Manríquez - Fonoaudiología","isPartOf":{"@id":"https://medicina.udd.cl/fonoaudiologia-santiago/#website"},"primaryImageOfPage":{"@id":"https://medicina.udd.cl/fonoaudiologia-santiago/persona/rodrigo-trujillo-manriquez/#primaryimage"},"image":{"@id":"https://medicina.udd.cl/fonoaudiologia-santiago/persona/rodrigo-trujillo-manriquez/#primaryimage"},"thumbnailUrl":"https://medicina.udd.cl/fonoaudiologia-santiago/files/2013/07/RODRIGO-TRUJILLO.byn_.jpg","datePublished":"2013-07-26T03:34:53+00:00","dateModified":"2020-06-19T15:21:59+00:00","breadcrumb":{"@id":"https://medicina.udd.cl/fonoaudiologia-santiago/persona/rodrigo-trujillo-manriquez/#breadcrumb"},"inLanguage":"es","potentialAction":[{"@type":"ReadAction","target":["https://medicina.udd.cl/fonoaudiologia-santiago/persona/rodrigo-trujillo-manriquez/"]}]},{"@type":"ImageObject","inLanguage":"es","@id":"https://medicina.udd.cl/fonoaudiologia-santiago/persona/rodrigo-trujillo-manriquez/#primaryimage","url":"https://medicina.udd.cl/fonoaudiologia-santiago/files/2013/07/RODRIGO-TRUJILLO.byn_.jpg","contentUrl":"https://medicina.udd.cl/fonoaudiologia-santiago/files/2013/07/RODRIGO-TRUJILLO.byn_.jpg","width":4272,"height":2848},{"@type":"BreadcrumbList","@id":"https://medicina.udd.cl/fonoaudiologia-santiago/persona/rodrigo-trujillo-manriquez/#breadcrumb","itemListElement":[{"@type":"ListItem","position":1,"name":"Home","item":"https://medicina.udd.cl/fonoaudiologia-santiago/"},{"@type":"ListItem","position":2,"name":"Personas","item":"https://medicina.udd.cl/fonoaudiologia-santiago/persona/"},{"@type":"ListItem","position":3,"name":"Rodrigo Trujillo Manríquez"}]},{"@type":"WebSite","@id":"https://medicina.udd.cl/fonoaudiologia-santiago/#website","url":"https://medicina.udd.cl/fonoaudiologia-santiago/","name":"Fonoaudiología","description":"Facultad de Medicina Clínica Alemana Universidad del Desarrollo","inLanguage":"es"}]}</script>
<!-- / Yoast SEO plugin. -->

Rodrigo Trujillo Manríquez - Fonoaudiología

Fonoaudiología

Rodrigo Trujillo Manríquez

Facultad de Medicina Clínica Alemana Universidad del Desarrollo

Coordinador Área Lingüística

<div class="person-modal person-modal--scl">
	<header class="person-modal__header">
		<div class="person-modal__bg"></div>
		<div class="modal-container">
						<div class="person-modal__media">
				<img width="500" height="500" src="https://medicina.udd.cl/fonoaudiologia-santiago/files/2013/07/RODRIGO-TRUJILLO.byn_-500x500.jpg" class="person-modal__image wp-post-image" alt="" decoding="async" loading="lazy" srcset="https://medicina.udd.cl/fonoaudiologia-santiago/files/2013/07/RODRIGO-TRUJILLO.byn_-500x500.jpg 500w, https://medicina.udd.cl/fonoaudiologia-santiago/files/2013/07/RODRIGO-TRUJILLO.byn_-150x150.jpg 150w, https://medicina.udd.cl/fonoaudiologia-santiago/files/2013/07/RODRIGO-TRUJILLO.byn_-62x62.jpg 62w, https://medicina.udd.cl/fonoaudiologia-santiago/files/2013/07/RODRIGO-TRUJILLO.byn_-750x750.jpg 750w, https://medicina.udd.cl/fonoaudiologia-santiago/files/2013/07/RODRIGO-TRUJILLO.byn_-250x250.jpg 250w, https://medicina.udd.cl/fonoaudiologia-santiago/files/2013/07/RODRIGO-TRUJILLO.byn_-126x126.jpg 126w" sizes="auto, (max-width: 500px) 100vw, 500px" />			</div>
						<div class="person-modal__data">
				<h1 class="person-modal__name">Rodrigo  Trujillo Manríquez</h1>
							<span class="person-modal__description">Coordinador Área Lingüística</span>
													<a href="mailto:rtr&#117;&#106;&#105;l&#108;&#111;m&#064;u&#100;&#100;.cl" class="person-modal__email">&#114;tr&#117;j&#105;ll&#111;m&#64;ud&#100;&#46;cl</a>
									</div>
		</div>
	</header>
	<div class="modal-container">
			<div class="person-modal__content text">
										<ul>
<li class="MsoNormal"><span lang="ES-CL">Licenciado en Letras Pontificia Universidad Católica de Chile</span></li>
</ul>
<ul>
<li class="MsoNormal"><span lang="ES-CL">Fonoaudiólogo Universidad de Chile</span></li>
</ul>
<ul>
<li class="MsoNormal"><span lang="ES-CL">Magister en Arte terapia Universidad del Desarrollo</span></li>
</ul>
<ul>
<li class="MsoNormal"><span lang="ES-CL">Diplomado en lingüística aplicada a la psiquiatria Universidad de Chile</span></li>
</ul>
<ul>
<li class="MsoNormal"><span lang="ES-CL">Diplomado en Teatro Aplicado Pontificia Universidad Católica de Chile</span></li>
</ul>
<ul>
<li class="MsoNormal"><span lang="ES-CL">Coordinador y docente área lingüística Universidad del Desarrollo</span></li>
</ul>
		</div>
	</div>
</div>

Trujillo Manríquez
