{"id":1781,"date":"2013-07-25T23:35:05","date_gmt":"2013-07-26T03:35:05","guid":{"rendered":"http:\/\/medicina.udd.cl\/fonoaudiologia-santiago\/persona\/paulina-kunstmann\/"},"modified":"2020-06-19T11:16:16","modified_gmt":"2020-06-19T15:16:16","slug":"paulina-kunstmann","status":"publish","type":"person","link":"https:\/\/medicina.udd.cl\/fonoaudiologia-santiago\/persona\/paulina-kunstmann\/","title":{"rendered":"Valeria Gonz\u00e1lez Benvenutto"},"featured_media":4807,"template":"","people_tax":[4034,4037],"people_areas":[],"people_levels":[],"class_list":["post-1781","person","type-person","status-publish","has-post-thumbnail","hentry","people_tax-autoridad","people_tax-equipo","people_list-docentes"],"yoast_head":"<!-- This site is optimized with the Yoast SEO plugin v26.9 - https:\/\/yoast.com\/product\/yoast-seo-wordpress\/ -->\n<title>Valeria Gonz\u00e1lez Benvenutto - Fonoaudiolog\u00eda<\/title>\n<meta name=\"robots\" content=\"index, follow, max-snippet:-1, max-image-preview:large, max-video-preview:-1\" \/>\n<link rel=\"canonical\" href=\"https:\/\/medicina.udd.cl\/fonoaudiologia-santiago\/persona\/paulina-kunstmann\/\" \/>\n<meta property=\"og:locale\" content=\"es_ES\" \/>\n<meta property=\"og:type\" content=\"article\" \/>\n<meta property=\"og:title\" content=\"Valeria Gonz\u00e1lez Benvenutto - Fonoaudiolog\u00eda\" \/>\n<meta property=\"og:url\" content=\"https:\/\/medicina.udd.cl\/fonoaudiologia-santiago\/persona\/paulina-kunstmann\/\" \/>\n<meta property=\"og:site_name\" content=\"Fonoaudiolog\u00eda\" \/>\n<meta property=\"article:modified_time\" content=\"2020-06-19T15:16:16+00:00\" \/>\n<meta property=\"og:image\" content=\"https:\/\/medicina.udd.cl\/fonoaudiologia-santiago\/files\/2013\/07\/VALERIA-GONZALEZ.byn_.jpg\" \/>\n\t<meta property=\"og:image:width\" content=\"354\" \/>\n\t<meta property=\"og:image:height\" content=\"388\" \/>\n\t<meta property=\"og:image:type\" content=\"image\/jpeg\" \/>\n<script type=\"application\/ld+json\" class=\"yoast-schema-graph\">{\"@context\":\"https:\/\/schema.org\",\"@graph\":[{\"@type\":\"WebPage\",\"@id\":\"https:\/\/medicina.udd.cl\/fonoaudiologia-santiago\/persona\/paulina-kunstmann\/\",\"url\":\"https:\/\/medicina.udd.cl\/fonoaudiologia-santiago\/persona\/paulina-kunstmann\/\",\"name\":\"Valeria Gonz\u00e1lez Benvenutto - Fonoaudiolog\u00eda\",\"isPartOf\":{\"@id\":\"https:\/\/medicina.udd.cl\/fonoaudiologia-santiago\/#website\"},\"primaryImageOfPage\":{\"@id\":\"https:\/\/medicina.udd.cl\/fonoaudiologia-santiago\/persona\/paulina-kunstmann\/#primaryimage\"},\"image\":{\"@id\":\"https:\/\/medicina.udd.cl\/fonoaudiologia-santiago\/persona\/paulina-kunstmann\/#primaryimage\"},\"thumbnailUrl\":\"https:\/\/medicina.udd.cl\/fonoaudiologia-santiago\/files\/2013\/07\/VALERIA-GONZALEZ.byn_.jpg\",\"datePublished\":\"2013-07-26T03:35:05+00:00\",\"dateModified\":\"2020-06-19T15:16:16+00:00\",\"breadcrumb\":{\"@id\":\"https:\/\/medicina.udd.cl\/fonoaudiologia-santiago\/persona\/paulina-kunstmann\/#breadcrumb\"},\"inLanguage\":\"es\",\"potentialAction\":[{\"@type\":\"ReadAction\",\"target\":[\"https:\/\/medicina.udd.cl\/fonoaudiologia-santiago\/persona\/paulina-kunstmann\/\"]}]},{\"@type\":\"ImageObject\",\"inLanguage\":\"es\",\"@id\":\"https:\/\/medicina.udd.cl\/fonoaudiologia-santiago\/persona\/paulina-kunstmann\/#primaryimage\",\"url\":\"https:\/\/medicina.udd.cl\/fonoaudiologia-santiago\/files\/2013\/07\/VALERIA-GONZALEZ.byn_.jpg\",\"contentUrl\":\"https:\/\/medicina.udd.cl\/fonoaudiologia-santiago\/files\/2013\/07\/VALERIA-GONZALEZ.byn_.jpg\",\"width\":354,\"height\":388},{\"@type\":\"BreadcrumbList\",\"@id\":\"https:\/\/medicina.udd.cl\/fonoaudiologia-santiago\/persona\/paulina-kunstmann\/#breadcrumb\",\"itemListElement\":[{\"@type\":\"ListItem\",\"position\":1,\"name\":\"Home\",\"item\":\"https:\/\/medicina.udd.cl\/fonoaudiologia-santiago\/\"},{\"@type\":\"ListItem\",\"position\":2,\"name\":\"Personas\",\"item\":\"https:\/\/medicina.udd.cl\/fonoaudiologia-santiago\/persona\/\"},{\"@type\":\"ListItem\",\"position\":3,\"name\":\"Valeria Gonz\u00e1lez Benvenutto\"}]},{\"@type\":\"WebSite\",\"@id\":\"https:\/\/medicina.udd.cl\/fonoaudiologia-santiago\/#website\",\"url\":\"https:\/\/medicina.udd.cl\/fonoaudiologia-santiago\/\",\"name\":\"Fonoaudiolog\u00eda\",\"description\":\"Facultad de Medicina Cl\u00ednica Alemana Universidad del Desarrollo\",\"inLanguage\":\"es\"}]}<\/script>\n<!-- \/ Yoast SEO plugin. -->","yoast_head_json":{"title":"Valeria Gonz\u00e1lez Benvenutto - Fonoaudiolog\u00eda","robots":{"index":"index","follow":"follow","max-snippet":"max-snippet:-1","max-image-preview":"max-image-preview:large","max-video-preview":"max-video-preview:-1"},"canonical":"https:\/\/medicina.udd.cl\/fonoaudiologia-santiago\/persona\/paulina-kunstmann\/","og_locale":"es_ES","og_type":"article","og_title":"Valeria Gonz\u00e1lez Benvenutto - Fonoaudiolog\u00eda","og_url":"https:\/\/medicina.udd.cl\/fonoaudiologia-santiago\/persona\/paulina-kunstmann\/","og_site_name":"Fonoaudiolog\u00eda","article_modified_time":"2020-06-19T15:16:16+00:00","og_image":[{"width":354,"height":388,"url":"https:\/\/medicina.udd.cl\/fonoaudiologia-santiago\/files\/2013\/07\/VALERIA-GONZALEZ.byn_.jpg","type":"image\/jpeg"}],"schema":{"@context":"https:\/\/schema.org","@graph":[{"@type":"WebPage","@id":"https:\/\/medicina.udd.cl\/fonoaudiologia-santiago\/persona\/paulina-kunstmann\/","url":"https:\/\/medicina.udd.cl\/fonoaudiologia-santiago\/persona\/paulina-kunstmann\/","name":"Valeria Gonz\u00e1lez Benvenutto - Fonoaudiolog\u00eda","isPartOf":{"@id":"https:\/\/medicina.udd.cl\/fonoaudiologia-santiago\/#website"},"primaryImageOfPage":{"@id":"https:\/\/medicina.udd.cl\/fonoaudiologia-santiago\/persona\/paulina-kunstmann\/#primaryimage"},"image":{"@id":"https:\/\/medicina.udd.cl\/fonoaudiologia-santiago\/persona\/paulina-kunstmann\/#primaryimage"},"thumbnailUrl":"https:\/\/medicina.udd.cl\/fonoaudiologia-santiago\/files\/2013\/07\/VALERIA-GONZALEZ.byn_.jpg","datePublished":"2013-07-26T03:35:05+00:00","dateModified":"2020-06-19T15:16:16+00:00","breadcrumb":{"@id":"https:\/\/medicina.udd.cl\/fonoaudiologia-santiago\/persona\/paulina-kunstmann\/#breadcrumb"},"inLanguage":"es","potentialAction":[{"@type":"ReadAction","target":["https:\/\/medicina.udd.cl\/fonoaudiologia-santiago\/persona\/paulina-kunstmann\/"]}]},{"@type":"ImageObject","inLanguage":"es","@id":"https:\/\/medicina.udd.cl\/fonoaudiologia-santiago\/persona\/paulina-kunstmann\/#primaryimage","url":"https:\/\/medicina.udd.cl\/fonoaudiologia-santiago\/files\/2013\/07\/VALERIA-GONZALEZ.byn_.jpg","contentUrl":"https:\/\/medicina.udd.cl\/fonoaudiologia-santiago\/files\/2013\/07\/VALERIA-GONZALEZ.byn_.jpg","width":354,"height":388},{"@type":"BreadcrumbList","@id":"https:\/\/medicina.udd.cl\/fonoaudiologia-santiago\/persona\/paulina-kunstmann\/#breadcrumb","itemListElement":[{"@type":"ListItem","position":1,"name":"Home","item":"https:\/\/medicina.udd.cl\/fonoaudiologia-santiago\/"},{"@type":"ListItem","position":2,"name":"Personas","item":"https:\/\/medicina.udd.cl\/fonoaudiologia-santiago\/persona\/"},{"@type":"ListItem","position":3,"name":"Valeria Gonz\u00e1lez Benvenutto"}]},{"@type":"WebSite","@id":"https:\/\/medicina.udd.cl\/fonoaudiologia-santiago\/#website","url":"https:\/\/medicina.udd.cl\/fonoaudiologia-santiago\/","name":"Fonoaudiolog\u00eda","description":"Facultad de Medicina Cl\u00ednica Alemana Universidad del Desarrollo","inLanguage":"es"}]}},"label":"Valeria Gonz\u00e1lez Benvenutto","role":"Coordinadora \u00c1rea Comunicaci\u00f3n y Degluci\u00f3n Adultos","thumbnail_url":"https:\/\/medicina.udd.cl\/fonoaudiologia-santiago\/files\/2013\/07\/VALERIA-GONZALEZ.byn_.jpg","email":"valeriagonzalez@udd.cl","tel_job":"","content":{"rendered":"<div class=\"person-modal person-modal--scl\">\n\t<header class=\"person-modal__header\">\n\t\t<div class=\"person-modal__bg\"><\/div>\n\t\t<div class=\"modal-container\">\n\t\t\t\t\t\t<div class=\"person-modal__media\">\n\t\t\t\t<img width=\"354\" height=\"388\" src=\"https:\/\/medicina.udd.cl\/fonoaudiologia-santiago\/files\/2013\/07\/VALERIA-GONZALEZ.byn_.jpg\" class=\"person-modal__image wp-post-image\" alt=\"\" decoding=\"async\" loading=\"lazy\" srcset=\"https:\/\/medicina.udd.cl\/fonoaudiologia-santiago\/files\/2013\/07\/VALERIA-GONZALEZ.byn_.jpg 354w, https:\/\/medicina.udd.cl\/fonoaudiologia-santiago\/files\/2013\/07\/VALERIA-GONZALEZ.byn_-274x300.jpg 274w\" sizes=\"auto, (max-width: 354px) 100vw, 354px\" \/>\t\t\t<\/div>\n\t\t\t\t\t\t<div class=\"person-modal__data\">\n\t\t\t\t<h1 class=\"person-modal__name\">Valeria Gonz\u00e1lez Benvenutto<\/h1>\n\t\t\t\t\t\t\t<span class=\"person-modal__description\">Coordinadora \u00c1rea Comunicaci\u00f3n y Degluci\u00f3n Adultos<\/span>\n\t\t\t\t\t\t\t\t\t\t\t\t\t<a href=\"mailto:&#118;al&#101;r&#105;&#097;&#103;&#111;&#110;&#122;al&#101;z&#064;u&#100;&#100;.cl\" class=\"person-modal__email\">&#118;&#97;leriagon&#122;al&#101;&#122;&#64;u&#100;&#100;&#46;c&#108;<\/a>\n\t\t\t\t\t\t\t\t\t<\/div>\n\t\t<\/div>\n\t<\/header>\n\t<div class=\"modal-container\">\n\t\t\t<div class=\"person-modal__content text\">\n\t\t\t\t\t\t\t\t\t\t<ul>\n<li class=\"MsoNormal\"><span lang=\"ES-CL\"><span>\u00a0 <\/span>Fonoaudi\u00f3loga (Universidad Mayor)<\/span><\/li>\n<\/ul>\n<ul>\n<li class=\"MsoNormal\"><span lang=\"ES-CL\"><span>\u00a0<\/span><span>\u00a0<\/span>Especialista en trastornos de lenguaje, habla y degluci\u00f3n de origen neurol\u00f3gico\u00a0<\/span>en el adulto (Universidad de Chile)<\/li>\n<\/ul>\n<ul>\n<li class=\"MsoNormal\"><span lang=\"ES-CL\"><span>\u00a0 <\/span>Diplomada en Neuropsicolog\u00eda cl\u00ednica y demencias (Universidad de Chile)<\/span><\/li>\n<\/ul>\n<ul>\n<li class=\"MsoNormal\"><span lang=\"ES-CL\"><span>\u00a0 <\/span>Diplomada en Educaci\u00f3n en docencia cl\u00ednica (Universidad del Desarrollo)<\/span><\/li>\n<\/ul>\n<ul>\n<li class=\"MsoNormal\"><span lang=\"ES-CL\"><span>\u00a0 <\/span>Coordinadora y Docente \u00c1rea Adulto, carrera Fonoaudiolog\u00eda UDD<\/span><\/li>\n<\/ul>\n\t\t<\/div>\n\t<\/div>\n<\/div>\n"},"identifier":"e3f2e280e28c6fae24dd4c6d76c67715d39a88ab","has_credential":[],"given_name":"Valeria","family_name":"Gonz\u00e1lez Benvenutto","name":"Valeria Gonz\u00e1lez Benvenutto","job_title":"Coordinadora \u00c1rea Comunicaci\u00f3n y Degluci\u00f3n Adultos","telephone":"","note":"","im":"","_self_schedule":null,"_links":{"self":[{"href":"https:\/\/medicina.udd.cl\/fonoaudiologia-santiago\/wp-json\/wp\/v2\/people\/1781","targetHints":{"allow":["GET"]}}],"collection":[{"href":"https:\/\/medicina.udd.cl\/fonoaudiologia-santiago\/wp-json\/wp\/v2\/people"}],"about":[{"href":"https:\/\/medicina.udd.cl\/fonoaudiologia-santiago\/wp-json\/wp\/v2\/types\/person"}],"wp:featuredmedia":[{"embeddable":true,"href":"https:\/\/medicina.udd.cl\/fonoaudiologia-santiago\/wp-json\/wp\/v2\/media\/4807"}],"wp:attachment":[{"href":"https:\/\/medicina.udd.cl\/fonoaudiologia-santiago\/wp-json\/wp\/v2\/media?parent=1781"}],"wp:term":[{"taxonomy":"people_tax","embeddable":true,"href":"https:\/\/medicina.udd.cl\/fonoaudiologia-santiago\/wp-json\/wp\/v2\/people_tax?post=1781"},{"taxonomy":"people_areas","embeddable":true,"href":"https:\/\/medicina.udd.cl\/fonoaudiologia-santiago\/wp-json\/wp\/v2\/people_areas?post=1781"},{"taxonomy":"people_levels","embeddable":true,"href":"https:\/\/medicina.udd.cl\/fonoaudiologia-santiago\/wp-json\/wp\/v2\/people_levels?post=1781"}],"curies":[{"name":"wp","href":"https:\/\/api.w.org\/{rel}","templated":true}]}}

Valeria González Benvenutto

<!-- This site is optimized with the Yoast SEO plugin v26.9 - https://yoast.com/product/yoast-seo-wordpress/ -->
<title>Valeria González Benvenutto - Fonoaudiología</title>
<meta name="robots" content="index, follow, max-snippet:-1, max-image-preview:large, max-video-preview:-1" />
<link rel="canonical" href="https://medicina.udd.cl/fonoaudiologia-santiago/persona/paulina-kunstmann/" />
<meta property="og:locale" content="es_ES" />
<meta property="og:type" content="article" />
<meta property="og:title" content="Valeria González Benvenutto - Fonoaudiología" />
<meta property="og:url" content="https://medicina.udd.cl/fonoaudiologia-santiago/persona/paulina-kunstmann/" />
<meta property="og:site_name" content="Fonoaudiología" />
<meta property="article:modified_time" content="2020-06-19T15:16:16+00:00" />
<meta property="og:image" content="https://medicina.udd.cl/fonoaudiologia-santiago/files/2013/07/VALERIA-GONZALEZ.byn_.jpg" />
	<meta property="og:image:width" content="354" />
	<meta property="og:image:height" content="388" />
	<meta property="og:image:type" content="image/jpeg" />
<script type="application/ld+json" class="yoast-schema-graph">{"@context":"https://schema.org","@graph":[{"@type":"WebPage","@id":"https://medicina.udd.cl/fonoaudiologia-santiago/persona/paulina-kunstmann/","url":"https://medicina.udd.cl/fonoaudiologia-santiago/persona/paulina-kunstmann/","name":"Valeria González Benvenutto - Fonoaudiología","isPartOf":{"@id":"https://medicina.udd.cl/fonoaudiologia-santiago/#website"},"primaryImageOfPage":{"@id":"https://medicina.udd.cl/fonoaudiologia-santiago/persona/paulina-kunstmann/#primaryimage"},"image":{"@id":"https://medicina.udd.cl/fonoaudiologia-santiago/persona/paulina-kunstmann/#primaryimage"},"thumbnailUrl":"https://medicina.udd.cl/fonoaudiologia-santiago/files/2013/07/VALERIA-GONZALEZ.byn_.jpg","datePublished":"2013-07-26T03:35:05+00:00","dateModified":"2020-06-19T15:16:16+00:00","breadcrumb":{"@id":"https://medicina.udd.cl/fonoaudiologia-santiago/persona/paulina-kunstmann/#breadcrumb"},"inLanguage":"es","potentialAction":[{"@type":"ReadAction","target":["https://medicina.udd.cl/fonoaudiologia-santiago/persona/paulina-kunstmann/"]}]},{"@type":"ImageObject","inLanguage":"es","@id":"https://medicina.udd.cl/fonoaudiologia-santiago/persona/paulina-kunstmann/#primaryimage","url":"https://medicina.udd.cl/fonoaudiologia-santiago/files/2013/07/VALERIA-GONZALEZ.byn_.jpg","contentUrl":"https://medicina.udd.cl/fonoaudiologia-santiago/files/2013/07/VALERIA-GONZALEZ.byn_.jpg","width":354,"height":388},{"@type":"BreadcrumbList","@id":"https://medicina.udd.cl/fonoaudiologia-santiago/persona/paulina-kunstmann/#breadcrumb","itemListElement":[{"@type":"ListItem","position":1,"name":"Home","item":"https://medicina.udd.cl/fonoaudiologia-santiago/"},{"@type":"ListItem","position":2,"name":"Personas","item":"https://medicina.udd.cl/fonoaudiologia-santiago/persona/"},{"@type":"ListItem","position":3,"name":"Valeria González Benvenutto"}]},{"@type":"WebSite","@id":"https://medicina.udd.cl/fonoaudiologia-santiago/#website","url":"https://medicina.udd.cl/fonoaudiologia-santiago/","name":"Fonoaudiología","description":"Facultad de Medicina Clínica Alemana Universidad del Desarrollo","inLanguage":"es"}]}</script>
<!-- / Yoast SEO plugin. -->

Valeria González Benvenutto - Fonoaudiología

Fonoaudiología

Facultad de Medicina Clínica Alemana Universidad del Desarrollo

Coordinadora Área Comunicación y Deglución Adultos

<div class="person-modal person-modal--scl">
	<header class="person-modal__header">
		<div class="person-modal__bg"></div>
		<div class="modal-container">
						<div class="person-modal__media">
				<img width="354" height="388" src="https://medicina.udd.cl/fonoaudiologia-santiago/files/2013/07/VALERIA-GONZALEZ.byn_.jpg" class="person-modal__image wp-post-image" alt="" decoding="async" loading="lazy" srcset="https://medicina.udd.cl/fonoaudiologia-santiago/files/2013/07/VALERIA-GONZALEZ.byn_.jpg 354w, https://medicina.udd.cl/fonoaudiologia-santiago/files/2013/07/VALERIA-GONZALEZ.byn_-274x300.jpg 274w" sizes="auto, (max-width: 354px) 100vw, 354px" />			</div>
						<div class="person-modal__data">
				<h1 class="person-modal__name">Valeria González Benvenutto</h1>
							<span class="person-modal__description">Coordinadora Área Comunicación y Deglución Adultos</span>
													<a href="mailto:&#118;al&#101;r&#105;&#097;&#103;&#111;&#110;&#122;al&#101;z&#064;u&#100;&#100;.cl" class="person-modal__email">&#118;&#97;leriagon&#122;al&#101;&#122;&#64;u&#100;&#100;&#46;c&#108;</a>
									</div>
		</div>
	</header>
	<div class="modal-container">
			<div class="person-modal__content text">
										<ul>
<li class="MsoNormal"><span lang="ES-CL"><span>  </span>Fonoaudióloga (Universidad Mayor)</span></li>
</ul>
<ul>
<li class="MsoNormal"><span lang="ES-CL"><span> </span><span> </span>Especialista en trastornos de lenguaje, habla y deglución de origen neurológico </span>en el adulto (Universidad de Chile)</li>
</ul>
<ul>
<li class="MsoNormal"><span lang="ES-CL"><span>  </span>Diplomada en Neuropsicología clínica y demencias (Universidad de Chile)</span></li>
</ul>
<ul>
<li class="MsoNormal"><span lang="ES-CL"><span>  </span>Diplomada en Educación en docencia clínica (Universidad del Desarrollo)</span></li>
</ul>
<ul>
<li class="MsoNormal"><span lang="ES-CL"><span>  </span>Coordinadora y Docente Área Adulto, carrera Fonoaudiología UDD</span></li>
</ul>
		</div>
	</div>
</div>

González Benvenutto
