{"id":1783,"date":"2013-07-25T23:35:07","date_gmt":"2013-07-26T03:35:07","guid":{"rendered":"http:\/\/medicina.udd.cl\/fonoaudiologia-santiago\/persona\/paulina-fernandez\/"},"modified":"2020-07-23T14:32:04","modified_gmt":"2020-07-23T18:32:04","slug":"paulina-fernandez","status":"publish","type":"person","link":"https:\/\/medicina.udd.cl\/fonoaudiologia-santiago\/persona\/paulina-fernandez\/","title":{"rendered":"Paulina  Fern\u00e1ndez Aracena"},"featured_media":4809,"template":"","people_tax":[4034,4037],"people_areas":[],"people_levels":[],"class_list":["post-1783","person","type-person","status-publish","has-post-thumbnail","hentry","people_tax-autoridad","people_tax-equipo","people_list-docentes"],"yoast_head":"<!-- This site is optimized with the Yoast SEO plugin v26.9 - https:\/\/yoast.com\/product\/yoast-seo-wordpress\/ -->\n<title>Paulina Fern\u00e1ndez Aracena - Fonoaudiolog\u00eda<\/title>\n<meta name=\"robots\" content=\"index, follow, max-snippet:-1, max-image-preview:large, max-video-preview:-1\" \/>\n<link rel=\"canonical\" href=\"https:\/\/medicina.udd.cl\/fonoaudiologia-santiago\/persona\/paulina-fernandez\/\" \/>\n<meta property=\"og:locale\" content=\"es_ES\" \/>\n<meta property=\"og:type\" content=\"article\" \/>\n<meta property=\"og:title\" content=\"Paulina Fern\u00e1ndez Aracena - Fonoaudiolog\u00eda\" \/>\n<meta property=\"og:url\" content=\"https:\/\/medicina.udd.cl\/fonoaudiologia-santiago\/persona\/paulina-fernandez\/\" \/>\n<meta property=\"og:site_name\" content=\"Fonoaudiolog\u00eda\" \/>\n<meta property=\"article:modified_time\" content=\"2020-07-23T18:32:04+00:00\" \/>\n<meta property=\"og:image\" content=\"https:\/\/medicina.udd.cl\/fonoaudiologia-santiago\/files\/2013\/07\/PAULINA-FERNANDEZ.byn_.jpg\" \/>\n\t<meta property=\"og:image:width\" content=\"281\" \/>\n\t<meta property=\"og:image:height\" content=\"338\" \/>\n\t<meta property=\"og:image:type\" content=\"image\/jpeg\" \/>\n<script type=\"application\/ld+json\" class=\"yoast-schema-graph\">{\"@context\":\"https:\/\/schema.org\",\"@graph\":[{\"@type\":\"WebPage\",\"@id\":\"https:\/\/medicina.udd.cl\/fonoaudiologia-santiago\/persona\/paulina-fernandez\/\",\"url\":\"https:\/\/medicina.udd.cl\/fonoaudiologia-santiago\/persona\/paulina-fernandez\/\",\"name\":\"Paulina Fern\u00e1ndez Aracena - Fonoaudiolog\u00eda\",\"isPartOf\":{\"@id\":\"https:\/\/medicina.udd.cl\/fonoaudiologia-santiago\/#website\"},\"primaryImageOfPage\":{\"@id\":\"https:\/\/medicina.udd.cl\/fonoaudiologia-santiago\/persona\/paulina-fernandez\/#primaryimage\"},\"image\":{\"@id\":\"https:\/\/medicina.udd.cl\/fonoaudiologia-santiago\/persona\/paulina-fernandez\/#primaryimage\"},\"thumbnailUrl\":\"https:\/\/medicina.udd.cl\/fonoaudiologia-santiago\/files\/2013\/07\/PAULINA-FERNANDEZ.byn_.jpg\",\"datePublished\":\"2013-07-26T03:35:07+00:00\",\"dateModified\":\"2020-07-23T18:32:04+00:00\",\"breadcrumb\":{\"@id\":\"https:\/\/medicina.udd.cl\/fonoaudiologia-santiago\/persona\/paulina-fernandez\/#breadcrumb\"},\"inLanguage\":\"es\",\"potentialAction\":[{\"@type\":\"ReadAction\",\"target\":[\"https:\/\/medicina.udd.cl\/fonoaudiologia-santiago\/persona\/paulina-fernandez\/\"]}]},{\"@type\":\"ImageObject\",\"inLanguage\":\"es\",\"@id\":\"https:\/\/medicina.udd.cl\/fonoaudiologia-santiago\/persona\/paulina-fernandez\/#primaryimage\",\"url\":\"https:\/\/medicina.udd.cl\/fonoaudiologia-santiago\/files\/2013\/07\/PAULINA-FERNANDEZ.byn_.jpg\",\"contentUrl\":\"https:\/\/medicina.udd.cl\/fonoaudiologia-santiago\/files\/2013\/07\/PAULINA-FERNANDEZ.byn_.jpg\",\"width\":281,\"height\":338},{\"@type\":\"BreadcrumbList\",\"@id\":\"https:\/\/medicina.udd.cl\/fonoaudiologia-santiago\/persona\/paulina-fernandez\/#breadcrumb\",\"itemListElement\":[{\"@type\":\"ListItem\",\"position\":1,\"name\":\"Home\",\"item\":\"https:\/\/medicina.udd.cl\/fonoaudiologia-santiago\/\"},{\"@type\":\"ListItem\",\"position\":2,\"name\":\"Personas\",\"item\":\"https:\/\/medicina.udd.cl\/fonoaudiologia-santiago\/persona\/\"},{\"@type\":\"ListItem\",\"position\":3,\"name\":\"Paulina Fern\u00e1ndez Aracena\"}]},{\"@type\":\"WebSite\",\"@id\":\"https:\/\/medicina.udd.cl\/fonoaudiologia-santiago\/#website\",\"url\":\"https:\/\/medicina.udd.cl\/fonoaudiologia-santiago\/\",\"name\":\"Fonoaudiolog\u00eda\",\"description\":\"Facultad de Medicina Cl\u00ednica Alemana Universidad del Desarrollo\",\"inLanguage\":\"es\"}]}<\/script>\n<!-- \/ Yoast SEO plugin. -->","yoast_head_json":{"title":"Paulina Fern\u00e1ndez Aracena - Fonoaudiolog\u00eda","robots":{"index":"index","follow":"follow","max-snippet":"max-snippet:-1","max-image-preview":"max-image-preview:large","max-video-preview":"max-video-preview:-1"},"canonical":"https:\/\/medicina.udd.cl\/fonoaudiologia-santiago\/persona\/paulina-fernandez\/","og_locale":"es_ES","og_type":"article","og_title":"Paulina Fern\u00e1ndez Aracena - Fonoaudiolog\u00eda","og_url":"https:\/\/medicina.udd.cl\/fonoaudiologia-santiago\/persona\/paulina-fernandez\/","og_site_name":"Fonoaudiolog\u00eda","article_modified_time":"2020-07-23T18:32:04+00:00","og_image":[{"width":281,"height":338,"url":"https:\/\/medicina.udd.cl\/fonoaudiologia-santiago\/files\/2013\/07\/PAULINA-FERNANDEZ.byn_.jpg","type":"image\/jpeg"}],"schema":{"@context":"https:\/\/schema.org","@graph":[{"@type":"WebPage","@id":"https:\/\/medicina.udd.cl\/fonoaudiologia-santiago\/persona\/paulina-fernandez\/","url":"https:\/\/medicina.udd.cl\/fonoaudiologia-santiago\/persona\/paulina-fernandez\/","name":"Paulina Fern\u00e1ndez Aracena - Fonoaudiolog\u00eda","isPartOf":{"@id":"https:\/\/medicina.udd.cl\/fonoaudiologia-santiago\/#website"},"primaryImageOfPage":{"@id":"https:\/\/medicina.udd.cl\/fonoaudiologia-santiago\/persona\/paulina-fernandez\/#primaryimage"},"image":{"@id":"https:\/\/medicina.udd.cl\/fonoaudiologia-santiago\/persona\/paulina-fernandez\/#primaryimage"},"thumbnailUrl":"https:\/\/medicina.udd.cl\/fonoaudiologia-santiago\/files\/2013\/07\/PAULINA-FERNANDEZ.byn_.jpg","datePublished":"2013-07-26T03:35:07+00:00","dateModified":"2020-07-23T18:32:04+00:00","breadcrumb":{"@id":"https:\/\/medicina.udd.cl\/fonoaudiologia-santiago\/persona\/paulina-fernandez\/#breadcrumb"},"inLanguage":"es","potentialAction":[{"@type":"ReadAction","target":["https:\/\/medicina.udd.cl\/fonoaudiologia-santiago\/persona\/paulina-fernandez\/"]}]},{"@type":"ImageObject","inLanguage":"es","@id":"https:\/\/medicina.udd.cl\/fonoaudiologia-santiago\/persona\/paulina-fernandez\/#primaryimage","url":"https:\/\/medicina.udd.cl\/fonoaudiologia-santiago\/files\/2013\/07\/PAULINA-FERNANDEZ.byn_.jpg","contentUrl":"https:\/\/medicina.udd.cl\/fonoaudiologia-santiago\/files\/2013\/07\/PAULINA-FERNANDEZ.byn_.jpg","width":281,"height":338},{"@type":"BreadcrumbList","@id":"https:\/\/medicina.udd.cl\/fonoaudiologia-santiago\/persona\/paulina-fernandez\/#breadcrumb","itemListElement":[{"@type":"ListItem","position":1,"name":"Home","item":"https:\/\/medicina.udd.cl\/fonoaudiologia-santiago\/"},{"@type":"ListItem","position":2,"name":"Personas","item":"https:\/\/medicina.udd.cl\/fonoaudiologia-santiago\/persona\/"},{"@type":"ListItem","position":3,"name":"Paulina Fern\u00e1ndez Aracena"}]},{"@type":"WebSite","@id":"https:\/\/medicina.udd.cl\/fonoaudiologia-santiago\/#website","url":"https:\/\/medicina.udd.cl\/fonoaudiologia-santiago\/","name":"Fonoaudiolog\u00eda","description":"Facultad de Medicina Cl\u00ednica Alemana Universidad del Desarrollo","inLanguage":"es"}]}},"label":"Paulina  Fern\u00e1ndez Aracena","role":"Coordinadora del \u00c1rea del Lenguaje Infantil-Juvenil","thumbnail_url":"https:\/\/medicina.udd.cl\/fonoaudiologia-santiago\/files\/2013\/07\/PAULINA-FERNANDEZ.byn_.jpg","email":"paulinafernandez@udd.cl","tel_job":"","content":{"rendered":"<div class=\"person-modal person-modal--scl\">\n\t<header class=\"person-modal__header\">\n\t\t<div class=\"person-modal__bg\"><\/div>\n\t\t<div class=\"modal-container\">\n\t\t\t\t\t\t<div class=\"person-modal__media\">\n\t\t\t\t<img width=\"281\" height=\"338\" src=\"https:\/\/medicina.udd.cl\/fonoaudiologia-santiago\/files\/2013\/07\/PAULINA-FERNANDEZ.byn_.jpg\" class=\"person-modal__image wp-post-image\" alt=\"\" decoding=\"async\" loading=\"lazy\" srcset=\"https:\/\/medicina.udd.cl\/fonoaudiologia-santiago\/files\/2013\/07\/PAULINA-FERNANDEZ.byn_.jpg 281w, https:\/\/medicina.udd.cl\/fonoaudiologia-santiago\/files\/2013\/07\/PAULINA-FERNANDEZ.byn_-249x300.jpg 249w\" sizes=\"auto, (max-width: 281px) 100vw, 281px\" \/>\t\t\t<\/div>\n\t\t\t\t\t\t<div class=\"person-modal__data\">\n\t\t\t\t<h1 class=\"person-modal__name\">Paulina  Fern\u00e1ndez Aracena<\/h1>\n\t\t\t\t\t\t\t<span class=\"person-modal__description\">Coordinadora del \u00c1rea del Lenguaje Infantil-Juvenil<\/span>\n\t\t\t\t\t\t\t\t\t\t\t\t\t<a href=\"mailto:paulin&#097;&#102;erna&#110;&#100;&#101;&#122;&#064;u&#100;d.&#099;l\" class=\"person-modal__email\">&#112;a&#117;lin&#97;fer&#110;&#97;ndez&#64;&#117;&#100;d.c&#108;<\/a>\n\t\t\t\t\t\t\t\t\t<\/div>\n\t\t<\/div>\n\t<\/header>\n\t<div class=\"modal-container\">\n\t\t\t<div class=\"person-modal__content text\">\n\t\t\t\t\t\t\t\t\t\t<ul>\n<li class=\"MsoNormal\"><span>Fonoaudi\u00f3loga de la Universidad de Chile<\/span><\/li>\n<\/ul>\n<ul>\n<li class=\"MsoNormal\"><span>Diplomada en Educaci\u00f3n en Docencia Cl\u00ednica<span>\u00a0 <\/span>Universidad del Desarrollo<\/span><\/li>\n<\/ul>\n<ul>\n<li class=\"MsoNormal\"><span>Mag\u00edster (c) en Psicolog\u00eda Educacional Universidad del Desarrollo<span>\u00a0 <\/span><\/span><\/li>\n<\/ul>\n<ul>\n<li class=\"MsoNormal\"><span>Experiencia de 17 a\u00f1os en el \u00e1mbito educativo, trabajando para la inclusi\u00f3n de ni\u00f1os, ni\u00f1as y j\u00f3venes con alteraciones del lenguaje y la comunicaci\u00f3n.<\/span><\/li>\n<\/ul>\n\t\t<\/div>\n\t<\/div>\n<\/div>\n"},"identifier":"4c1638de76f1f54eeb28c7ff724c3fd4f68ea767","has_credential":[],"given_name":"Paulina ","family_name":"Fern\u00e1ndez Aracena","name":"Paulina  Fern\u00e1ndez Aracena","job_title":"Coordinadora del \u00c1rea del Lenguaje Infantil-Juvenil","telephone":"","note":"","im":"","_self_schedule":null,"_links":{"self":[{"href":"https:\/\/medicina.udd.cl\/fonoaudiologia-santiago\/wp-json\/wp\/v2\/people\/1783","targetHints":{"allow":["GET"]}}],"collection":[{"href":"https:\/\/medicina.udd.cl\/fonoaudiologia-santiago\/wp-json\/wp\/v2\/people"}],"about":[{"href":"https:\/\/medicina.udd.cl\/fonoaudiologia-santiago\/wp-json\/wp\/v2\/types\/person"}],"wp:featuredmedia":[{"embeddable":true,"href":"https:\/\/medicina.udd.cl\/fonoaudiologia-santiago\/wp-json\/wp\/v2\/media\/4809"}],"wp:attachment":[{"href":"https:\/\/medicina.udd.cl\/fonoaudiologia-santiago\/wp-json\/wp\/v2\/media?parent=1783"}],"wp:term":[{"taxonomy":"people_tax","embeddable":true,"href":"https:\/\/medicina.udd.cl\/fonoaudiologia-santiago\/wp-json\/wp\/v2\/people_tax?post=1783"},{"taxonomy":"people_areas","embeddable":true,"href":"https:\/\/medicina.udd.cl\/fonoaudiologia-santiago\/wp-json\/wp\/v2\/people_areas?post=1783"},{"taxonomy":"people_levels","embeddable":true,"href":"https:\/\/medicina.udd.cl\/fonoaudiologia-santiago\/wp-json\/wp\/v2\/people_levels?post=1783"}],"curies":[{"name":"wp","href":"https:\/\/api.w.org\/{rel}","templated":true}]}}

Paulina  Fernández Aracena

<!-- This site is optimized with the Yoast SEO plugin v26.9 - https://yoast.com/product/yoast-seo-wordpress/ -->
<title>Paulina Fernández Aracena - Fonoaudiología</title>
<meta name="robots" content="index, follow, max-snippet:-1, max-image-preview:large, max-video-preview:-1" />
<link rel="canonical" href="https://medicina.udd.cl/fonoaudiologia-santiago/persona/paulina-fernandez/" />
<meta property="og:locale" content="es_ES" />
<meta property="og:type" content="article" />
<meta property="og:title" content="Paulina Fernández Aracena - Fonoaudiología" />
<meta property="og:url" content="https://medicina.udd.cl/fonoaudiologia-santiago/persona/paulina-fernandez/" />
<meta property="og:site_name" content="Fonoaudiología" />
<meta property="article:modified_time" content="2020-07-23T18:32:04+00:00" />
<meta property="og:image" content="https://medicina.udd.cl/fonoaudiologia-santiago/files/2013/07/PAULINA-FERNANDEZ.byn_.jpg" />
	<meta property="og:image:width" content="281" />
	<meta property="og:image:height" content="338" />
	<meta property="og:image:type" content="image/jpeg" />
<script type="application/ld+json" class="yoast-schema-graph">{"@context":"https://schema.org","@graph":[{"@type":"WebPage","@id":"https://medicina.udd.cl/fonoaudiologia-santiago/persona/paulina-fernandez/","url":"https://medicina.udd.cl/fonoaudiologia-santiago/persona/paulina-fernandez/","name":"Paulina Fernández Aracena - Fonoaudiología","isPartOf":{"@id":"https://medicina.udd.cl/fonoaudiologia-santiago/#website"},"primaryImageOfPage":{"@id":"https://medicina.udd.cl/fonoaudiologia-santiago/persona/paulina-fernandez/#primaryimage"},"image":{"@id":"https://medicina.udd.cl/fonoaudiologia-santiago/persona/paulina-fernandez/#primaryimage"},"thumbnailUrl":"https://medicina.udd.cl/fonoaudiologia-santiago/files/2013/07/PAULINA-FERNANDEZ.byn_.jpg","datePublished":"2013-07-26T03:35:07+00:00","dateModified":"2020-07-23T18:32:04+00:00","breadcrumb":{"@id":"https://medicina.udd.cl/fonoaudiologia-santiago/persona/paulina-fernandez/#breadcrumb"},"inLanguage":"es","potentialAction":[{"@type":"ReadAction","target":["https://medicina.udd.cl/fonoaudiologia-santiago/persona/paulina-fernandez/"]}]},{"@type":"ImageObject","inLanguage":"es","@id":"https://medicina.udd.cl/fonoaudiologia-santiago/persona/paulina-fernandez/#primaryimage","url":"https://medicina.udd.cl/fonoaudiologia-santiago/files/2013/07/PAULINA-FERNANDEZ.byn_.jpg","contentUrl":"https://medicina.udd.cl/fonoaudiologia-santiago/files/2013/07/PAULINA-FERNANDEZ.byn_.jpg","width":281,"height":338},{"@type":"BreadcrumbList","@id":"https://medicina.udd.cl/fonoaudiologia-santiago/persona/paulina-fernandez/#breadcrumb","itemListElement":[{"@type":"ListItem","position":1,"name":"Home","item":"https://medicina.udd.cl/fonoaudiologia-santiago/"},{"@type":"ListItem","position":2,"name":"Personas","item":"https://medicina.udd.cl/fonoaudiologia-santiago/persona/"},{"@type":"ListItem","position":3,"name":"Paulina Fernández Aracena"}]},{"@type":"WebSite","@id":"https://medicina.udd.cl/fonoaudiologia-santiago/#website","url":"https://medicina.udd.cl/fonoaudiologia-santiago/","name":"Fonoaudiología","description":"Facultad de Medicina Clínica Alemana Universidad del Desarrollo","inLanguage":"es"}]}</script>
<!-- / Yoast SEO plugin. -->

Paulina Fernández Aracena - Fonoaudiología

Fonoaudiología

Paulina Fernández Aracena

Facultad de Medicina Clínica Alemana Universidad del Desarrollo

Coordinadora del Área del Lenguaje Infantil-Juvenil

<div class="person-modal person-modal--scl">
	<header class="person-modal__header">
		<div class="person-modal__bg"></div>
		<div class="modal-container">
						<div class="person-modal__media">
				<img width="281" height="338" src="https://medicina.udd.cl/fonoaudiologia-santiago/files/2013/07/PAULINA-FERNANDEZ.byn_.jpg" class="person-modal__image wp-post-image" alt="" decoding="async" loading="lazy" srcset="https://medicina.udd.cl/fonoaudiologia-santiago/files/2013/07/PAULINA-FERNANDEZ.byn_.jpg 281w, https://medicina.udd.cl/fonoaudiologia-santiago/files/2013/07/PAULINA-FERNANDEZ.byn_-249x300.jpg 249w" sizes="auto, (max-width: 281px) 100vw, 281px" />			</div>
						<div class="person-modal__data">
				<h1 class="person-modal__name">Paulina  Fernández Aracena</h1>
							<span class="person-modal__description">Coordinadora del Área del Lenguaje Infantil-Juvenil</span>
													<a href="mailto:paulin&#097;&#102;erna&#110;&#100;&#101;&#122;&#064;u&#100;d.&#099;l" class="person-modal__email">&#112;a&#117;lin&#97;fer&#110;&#97;ndez&#64;&#117;&#100;d.c&#108;</a>
									</div>
		</div>
	</header>
	<div class="modal-container">
			<div class="person-modal__content text">
										<ul>
<li class="MsoNormal"><span>Fonoaudióloga de la Universidad de Chile</span></li>
</ul>
<ul>
<li class="MsoNormal"><span>Diplomada en Educación en Docencia Clínica<span>  </span>Universidad del Desarrollo</span></li>
</ul>
<ul>
<li class="MsoNormal"><span>Magíster (c) en Psicología Educacional Universidad del Desarrollo<span>  </span></span></li>
</ul>
<ul>
<li class="MsoNormal"><span>Experiencia de 17 años en el ámbito educativo, trabajando para la inclusión de niños, niñas y jóvenes con alteraciones del lenguaje y la comunicación.</span></li>
</ul>
		</div>
	</div>
</div>

Fernández Aracena
