{"id":2588,"date":"2015-03-19T17:48:00","date_gmt":"2015-03-19T20:48:00","guid":{"rendered":"http:\/\/medicina.udd.cl\/fonoaudiologia-santiago\/?post_type=person&#038;p=2588"},"modified":"2020-06-19T11:17:40","modified_gmt":"2020-06-19T15:17:40","slug":"maria-soledad-cuesta-garcia","status":"publish","type":"person","link":"https:\/\/medicina.udd.cl\/fonoaudiologia-santiago\/persona\/maria-soledad-cuesta-garcia\/","title":{"rendered":"Mar\u00eda Soledad Cuesta Garc\u00eda"},"featured_media":4793,"template":"","people_tax":[4034,4037],"people_areas":[],"people_levels":[],"class_list":["post-2588","person","type-person","status-publish","has-post-thumbnail","hentry","people_tax-autoridad","people_tax-equipo","people_list-docentes"],"yoast_head":"<!-- This site is optimized with the Yoast SEO plugin v26.9 - https:\/\/yoast.com\/product\/yoast-seo-wordpress\/ -->\n<title>Mar\u00eda Soledad Cuesta Garc\u00eda - Fonoaudiolog\u00eda<\/title>\n<meta name=\"robots\" content=\"index, follow, max-snippet:-1, max-image-preview:large, max-video-preview:-1\" \/>\n<link rel=\"canonical\" href=\"https:\/\/medicina.udd.cl\/fonoaudiologia-santiago\/persona\/maria-soledad-cuesta-garcia\/\" \/>\n<meta property=\"og:locale\" content=\"es_ES\" \/>\n<meta property=\"og:type\" content=\"article\" \/>\n<meta property=\"og:title\" content=\"Mar\u00eda Soledad Cuesta Garc\u00eda - Fonoaudiolog\u00eda\" \/>\n<meta property=\"og:url\" content=\"https:\/\/medicina.udd.cl\/fonoaudiologia-santiago\/persona\/maria-soledad-cuesta-garcia\/\" \/>\n<meta property=\"og:site_name\" content=\"Fonoaudiolog\u00eda\" \/>\n<meta property=\"article:modified_time\" content=\"2020-06-19T15:17:40+00:00\" \/>\n<meta property=\"og:image\" content=\"https:\/\/medicina.udd.cl\/fonoaudiologia-santiago\/files\/2015\/03\/SOLEDAD-CUESTA.byn_.jpg\" \/>\n\t<meta property=\"og:image:width\" content=\"314\" \/>\n\t<meta property=\"og:image:height\" content=\"309\" \/>\n\t<meta property=\"og:image:type\" content=\"image\/jpeg\" \/>\n<script type=\"application\/ld+json\" class=\"yoast-schema-graph\">{\"@context\":\"https:\/\/schema.org\",\"@graph\":[{\"@type\":\"WebPage\",\"@id\":\"https:\/\/medicina.udd.cl\/fonoaudiologia-santiago\/persona\/maria-soledad-cuesta-garcia\/\",\"url\":\"https:\/\/medicina.udd.cl\/fonoaudiologia-santiago\/persona\/maria-soledad-cuesta-garcia\/\",\"name\":\"Mar\u00eda Soledad Cuesta Garc\u00eda - Fonoaudiolog\u00eda\",\"isPartOf\":{\"@id\":\"https:\/\/medicina.udd.cl\/fonoaudiologia-santiago\/#website\"},\"primaryImageOfPage\":{\"@id\":\"https:\/\/medicina.udd.cl\/fonoaudiologia-santiago\/persona\/maria-soledad-cuesta-garcia\/#primaryimage\"},\"image\":{\"@id\":\"https:\/\/medicina.udd.cl\/fonoaudiologia-santiago\/persona\/maria-soledad-cuesta-garcia\/#primaryimage\"},\"thumbnailUrl\":\"https:\/\/medicina.udd.cl\/fonoaudiologia-santiago\/files\/2015\/03\/SOLEDAD-CUESTA.byn_.jpg\",\"datePublished\":\"2015-03-19T20:48:00+00:00\",\"dateModified\":\"2020-06-19T15:17:40+00:00\",\"breadcrumb\":{\"@id\":\"https:\/\/medicina.udd.cl\/fonoaudiologia-santiago\/persona\/maria-soledad-cuesta-garcia\/#breadcrumb\"},\"inLanguage\":\"es\",\"potentialAction\":[{\"@type\":\"ReadAction\",\"target\":[\"https:\/\/medicina.udd.cl\/fonoaudiologia-santiago\/persona\/maria-soledad-cuesta-garcia\/\"]}]},{\"@type\":\"ImageObject\",\"inLanguage\":\"es\",\"@id\":\"https:\/\/medicina.udd.cl\/fonoaudiologia-santiago\/persona\/maria-soledad-cuesta-garcia\/#primaryimage\",\"url\":\"https:\/\/medicina.udd.cl\/fonoaudiologia-santiago\/files\/2015\/03\/SOLEDAD-CUESTA.byn_.jpg\",\"contentUrl\":\"https:\/\/medicina.udd.cl\/fonoaudiologia-santiago\/files\/2015\/03\/SOLEDAD-CUESTA.byn_.jpg\",\"width\":314,\"height\":309},{\"@type\":\"BreadcrumbList\",\"@id\":\"https:\/\/medicina.udd.cl\/fonoaudiologia-santiago\/persona\/maria-soledad-cuesta-garcia\/#breadcrumb\",\"itemListElement\":[{\"@type\":\"ListItem\",\"position\":1,\"name\":\"Home\",\"item\":\"https:\/\/medicina.udd.cl\/fonoaudiologia-santiago\/\"},{\"@type\":\"ListItem\",\"position\":2,\"name\":\"Personas\",\"item\":\"https:\/\/medicina.udd.cl\/fonoaudiologia-santiago\/persona\/\"},{\"@type\":\"ListItem\",\"position\":3,\"name\":\"Mar\u00eda Soledad Cuesta Garc\u00eda\"}]},{\"@type\":\"WebSite\",\"@id\":\"https:\/\/medicina.udd.cl\/fonoaudiologia-santiago\/#website\",\"url\":\"https:\/\/medicina.udd.cl\/fonoaudiologia-santiago\/\",\"name\":\"Fonoaudiolog\u00eda\",\"description\":\"Facultad de Medicina Cl\u00ednica Alemana Universidad del Desarrollo\",\"inLanguage\":\"es\"}]}<\/script>\n<!-- \/ Yoast SEO plugin. -->","yoast_head_json":{"title":"Mar\u00eda Soledad Cuesta Garc\u00eda - Fonoaudiolog\u00eda","robots":{"index":"index","follow":"follow","max-snippet":"max-snippet:-1","max-image-preview":"max-image-preview:large","max-video-preview":"max-video-preview:-1"},"canonical":"https:\/\/medicina.udd.cl\/fonoaudiologia-santiago\/persona\/maria-soledad-cuesta-garcia\/","og_locale":"es_ES","og_type":"article","og_title":"Mar\u00eda Soledad Cuesta Garc\u00eda - Fonoaudiolog\u00eda","og_url":"https:\/\/medicina.udd.cl\/fonoaudiologia-santiago\/persona\/maria-soledad-cuesta-garcia\/","og_site_name":"Fonoaudiolog\u00eda","article_modified_time":"2020-06-19T15:17:40+00:00","og_image":[{"width":314,"height":309,"url":"https:\/\/medicina.udd.cl\/fonoaudiologia-santiago\/files\/2015\/03\/SOLEDAD-CUESTA.byn_.jpg","type":"image\/jpeg"}],"schema":{"@context":"https:\/\/schema.org","@graph":[{"@type":"WebPage","@id":"https:\/\/medicina.udd.cl\/fonoaudiologia-santiago\/persona\/maria-soledad-cuesta-garcia\/","url":"https:\/\/medicina.udd.cl\/fonoaudiologia-santiago\/persona\/maria-soledad-cuesta-garcia\/","name":"Mar\u00eda Soledad Cuesta Garc\u00eda - Fonoaudiolog\u00eda","isPartOf":{"@id":"https:\/\/medicina.udd.cl\/fonoaudiologia-santiago\/#website"},"primaryImageOfPage":{"@id":"https:\/\/medicina.udd.cl\/fonoaudiologia-santiago\/persona\/maria-soledad-cuesta-garcia\/#primaryimage"},"image":{"@id":"https:\/\/medicina.udd.cl\/fonoaudiologia-santiago\/persona\/maria-soledad-cuesta-garcia\/#primaryimage"},"thumbnailUrl":"https:\/\/medicina.udd.cl\/fonoaudiologia-santiago\/files\/2015\/03\/SOLEDAD-CUESTA.byn_.jpg","datePublished":"2015-03-19T20:48:00+00:00","dateModified":"2020-06-19T15:17:40+00:00","breadcrumb":{"@id":"https:\/\/medicina.udd.cl\/fonoaudiologia-santiago\/persona\/maria-soledad-cuesta-garcia\/#breadcrumb"},"inLanguage":"es","potentialAction":[{"@type":"ReadAction","target":["https:\/\/medicina.udd.cl\/fonoaudiologia-santiago\/persona\/maria-soledad-cuesta-garcia\/"]}]},{"@type":"ImageObject","inLanguage":"es","@id":"https:\/\/medicina.udd.cl\/fonoaudiologia-santiago\/persona\/maria-soledad-cuesta-garcia\/#primaryimage","url":"https:\/\/medicina.udd.cl\/fonoaudiologia-santiago\/files\/2015\/03\/SOLEDAD-CUESTA.byn_.jpg","contentUrl":"https:\/\/medicina.udd.cl\/fonoaudiologia-santiago\/files\/2015\/03\/SOLEDAD-CUESTA.byn_.jpg","width":314,"height":309},{"@type":"BreadcrumbList","@id":"https:\/\/medicina.udd.cl\/fonoaudiologia-santiago\/persona\/maria-soledad-cuesta-garcia\/#breadcrumb","itemListElement":[{"@type":"ListItem","position":1,"name":"Home","item":"https:\/\/medicina.udd.cl\/fonoaudiologia-santiago\/"},{"@type":"ListItem","position":2,"name":"Personas","item":"https:\/\/medicina.udd.cl\/fonoaudiologia-santiago\/persona\/"},{"@type":"ListItem","position":3,"name":"Mar\u00eda Soledad Cuesta Garc\u00eda"}]},{"@type":"WebSite","@id":"https:\/\/medicina.udd.cl\/fonoaudiologia-santiago\/#website","url":"https:\/\/medicina.udd.cl\/fonoaudiologia-santiago\/","name":"Fonoaudiolog\u00eda","description":"Facultad de Medicina Cl\u00ednica Alemana Universidad del Desarrollo","inLanguage":"es"}]}},"label":"Mar\u00eda Soledad Cuesta Garc\u00eda","role":"Docente \u00c1rea Lenguaje Infanto - Juvenil","thumbnail_url":"https:\/\/medicina.udd.cl\/fonoaudiologia-santiago\/files\/2015\/03\/SOLEDAD-CUESTA.byn_.jpg","email":"mscuesta@udd.cl","tel_job":"","content":{"rendered":"<div class=\"person-modal person-modal--scl\">\n\t<header class=\"person-modal__header\">\n\t\t<div class=\"person-modal__bg\"><\/div>\n\t\t<div class=\"modal-container\">\n\t\t\t\t\t\t<div class=\"person-modal__media\">\n\t\t\t\t<img width=\"314\" height=\"309\" src=\"https:\/\/medicina.udd.cl\/fonoaudiologia-santiago\/files\/2015\/03\/SOLEDAD-CUESTA.byn_.jpg\" class=\"person-modal__image wp-post-image\" alt=\"\" decoding=\"async\" loading=\"lazy\" srcset=\"https:\/\/medicina.udd.cl\/fonoaudiologia-santiago\/files\/2015\/03\/SOLEDAD-CUESTA.byn_.jpg 314w, https:\/\/medicina.udd.cl\/fonoaudiologia-santiago\/files\/2015\/03\/SOLEDAD-CUESTA.byn_-300x295.jpg 300w, https:\/\/medicina.udd.cl\/fonoaudiologia-santiago\/files\/2015\/03\/SOLEDAD-CUESTA.byn_-62x62.jpg 62w\" sizes=\"auto, (max-width: 314px) 100vw, 314px\" \/>\t\t\t<\/div>\n\t\t\t\t\t\t<div class=\"person-modal__data\">\n\t\t\t\t<h1 class=\"person-modal__name\">Mar\u00eda Soledad Cuesta Garc\u00eda<\/h1>\n\t\t\t\t\t\t\t<span class=\"person-modal__description\">Docente \u00c1rea Lenguaje Infanto - Juvenil<\/span>\n\t\t\t\t\t\t\t\t\t\t\t\t\t<a href=\"mailto:&#109;s&#099;&#117;&#101;&#115;&#116;a&#064;&#117;dd&#046;c&#108;\" class=\"person-modal__email\">m&#115;c&#117;&#101;&#115;&#116;a&#64;&#117;dd&#46;&#99;l<\/a>\n\t\t\t\t\t\t\t\t\t<\/div>\n\t\t<\/div>\n\t<\/header>\n\t<div class=\"modal-container\">\n\t\t\t<div class=\"person-modal__content text\">\n\t\t\t\t\t\t\t\t\t\t<ul>\n<li class=\"MsoNormal\"><span lang=\"ES\">Docente del \u00c1rea del Lenguaje Infantil-Juvenil <\/span><\/li>\n<\/ul>\n<ul>\n<li class=\"MsoNormal\"><span lang=\"ES\">Fonoaudi\u00f3loga de la Universidad de Chile.<\/span><\/li>\n<\/ul>\n<ul>\n<li class=\"MsoNormal\"><span lang=\"ES\">Diplomada en Neurobiolog\u00eda del Desarrollo, Facultad de Medicina Cl\u00ednica Alemana Universidad del Desarrollo.<\/span><\/li>\n<\/ul>\n<ul>\n<li class=\"MsoNormal\"><b><span lang=\"ES\">Experiencia:<\/span><\/b><span lang=\"ES\"> 23 a\u00f1os de trabajo cl\u00ednico con ni\u00f1os y adolescentes con trastornos en el neurodesarrollo. Desde el a\u00f1o 2000 hasta la fecha <\/span><span lang=\"ES-CL\">forma parte del equipo de neurorehabilitaci\u00f3n infantil del Centro Amancay, realizando evaluaci\u00f3n del lenguaje, habla, degluci\u00f3n y comunicaci\u00f3n aumentativa y alternativa. <\/span><\/li>\n<\/ul>\n\t\t<\/div>\n\t<\/div>\n<\/div>\n"},"identifier":"4757ab35c858fafb25a51c8f243cf62b8d7d0a37","has_credential":[],"given_name":"Mar\u00eda Soledad","family_name":"Cuesta Garc\u00eda","name":"Mar\u00eda Soledad Cuesta Garc\u00eda","job_title":"Docente \u00c1rea Lenguaje Infanto - Juvenil","telephone":"","note":"","im":"","_self_schedule":null,"_links":{"self":[{"href":"https:\/\/medicina.udd.cl\/fonoaudiologia-santiago\/wp-json\/wp\/v2\/people\/2588","targetHints":{"allow":["GET"]}}],"collection":[{"href":"https:\/\/medicina.udd.cl\/fonoaudiologia-santiago\/wp-json\/wp\/v2\/people"}],"about":[{"href":"https:\/\/medicina.udd.cl\/fonoaudiologia-santiago\/wp-json\/wp\/v2\/types\/person"}],"wp:featuredmedia":[{"embeddable":true,"href":"https:\/\/medicina.udd.cl\/fonoaudiologia-santiago\/wp-json\/wp\/v2\/media\/4793"}],"wp:attachment":[{"href":"https:\/\/medicina.udd.cl\/fonoaudiologia-santiago\/wp-json\/wp\/v2\/media?parent=2588"}],"wp:term":[{"taxonomy":"people_tax","embeddable":true,"href":"https:\/\/medicina.udd.cl\/fonoaudiologia-santiago\/wp-json\/wp\/v2\/people_tax?post=2588"},{"taxonomy":"people_areas","embeddable":true,"href":"https:\/\/medicina.udd.cl\/fonoaudiologia-santiago\/wp-json\/wp\/v2\/people_areas?post=2588"},{"taxonomy":"people_levels","embeddable":true,"href":"https:\/\/medicina.udd.cl\/fonoaudiologia-santiago\/wp-json\/wp\/v2\/people_levels?post=2588"}],"curies":[{"name":"wp","href":"https:\/\/api.w.org\/{rel}","templated":true}]}}

María Soledad Cuesta García

<!-- This site is optimized with the Yoast SEO plugin v26.9 - https://yoast.com/product/yoast-seo-wordpress/ -->
<title>María Soledad Cuesta García - Fonoaudiología</title>
<meta name="robots" content="index, follow, max-snippet:-1, max-image-preview:large, max-video-preview:-1" />
<link rel="canonical" href="https://medicina.udd.cl/fonoaudiologia-santiago/persona/maria-soledad-cuesta-garcia/" />
<meta property="og:locale" content="es_ES" />
<meta property="og:type" content="article" />
<meta property="og:title" content="María Soledad Cuesta García - Fonoaudiología" />
<meta property="og:url" content="https://medicina.udd.cl/fonoaudiologia-santiago/persona/maria-soledad-cuesta-garcia/" />
<meta property="og:site_name" content="Fonoaudiología" />
<meta property="article:modified_time" content="2020-06-19T15:17:40+00:00" />
<meta property="og:image" content="https://medicina.udd.cl/fonoaudiologia-santiago/files/2015/03/SOLEDAD-CUESTA.byn_.jpg" />
	<meta property="og:image:width" content="314" />
	<meta property="og:image:height" content="309" />
	<meta property="og:image:type" content="image/jpeg" />
<script type="application/ld+json" class="yoast-schema-graph">{"@context":"https://schema.org","@graph":[{"@type":"WebPage","@id":"https://medicina.udd.cl/fonoaudiologia-santiago/persona/maria-soledad-cuesta-garcia/","url":"https://medicina.udd.cl/fonoaudiologia-santiago/persona/maria-soledad-cuesta-garcia/","name":"María Soledad Cuesta García - Fonoaudiología","isPartOf":{"@id":"https://medicina.udd.cl/fonoaudiologia-santiago/#website"},"primaryImageOfPage":{"@id":"https://medicina.udd.cl/fonoaudiologia-santiago/persona/maria-soledad-cuesta-garcia/#primaryimage"},"image":{"@id":"https://medicina.udd.cl/fonoaudiologia-santiago/persona/maria-soledad-cuesta-garcia/#primaryimage"},"thumbnailUrl":"https://medicina.udd.cl/fonoaudiologia-santiago/files/2015/03/SOLEDAD-CUESTA.byn_.jpg","datePublished":"2015-03-19T20:48:00+00:00","dateModified":"2020-06-19T15:17:40+00:00","breadcrumb":{"@id":"https://medicina.udd.cl/fonoaudiologia-santiago/persona/maria-soledad-cuesta-garcia/#breadcrumb"},"inLanguage":"es","potentialAction":[{"@type":"ReadAction","target":["https://medicina.udd.cl/fonoaudiologia-santiago/persona/maria-soledad-cuesta-garcia/"]}]},{"@type":"ImageObject","inLanguage":"es","@id":"https://medicina.udd.cl/fonoaudiologia-santiago/persona/maria-soledad-cuesta-garcia/#primaryimage","url":"https://medicina.udd.cl/fonoaudiologia-santiago/files/2015/03/SOLEDAD-CUESTA.byn_.jpg","contentUrl":"https://medicina.udd.cl/fonoaudiologia-santiago/files/2015/03/SOLEDAD-CUESTA.byn_.jpg","width":314,"height":309},{"@type":"BreadcrumbList","@id":"https://medicina.udd.cl/fonoaudiologia-santiago/persona/maria-soledad-cuesta-garcia/#breadcrumb","itemListElement":[{"@type":"ListItem","position":1,"name":"Home","item":"https://medicina.udd.cl/fonoaudiologia-santiago/"},{"@type":"ListItem","position":2,"name":"Personas","item":"https://medicina.udd.cl/fonoaudiologia-santiago/persona/"},{"@type":"ListItem","position":3,"name":"María Soledad Cuesta García"}]},{"@type":"WebSite","@id":"https://medicina.udd.cl/fonoaudiologia-santiago/#website","url":"https://medicina.udd.cl/fonoaudiologia-santiago/","name":"Fonoaudiología","description":"Facultad de Medicina Clínica Alemana Universidad del Desarrollo","inLanguage":"es"}]}</script>
<!-- / Yoast SEO plugin. -->

María Soledad Cuesta García - Fonoaudiología

Fonoaudiología

Facultad de Medicina Clínica Alemana Universidad del Desarrollo

Docente Área Lenguaje Infanto - Juvenil

<div class="person-modal person-modal--scl">
	<header class="person-modal__header">
		<div class="person-modal__bg"></div>
		<div class="modal-container">
						<div class="person-modal__media">
				<img width="314" height="309" src="https://medicina.udd.cl/fonoaudiologia-santiago/files/2015/03/SOLEDAD-CUESTA.byn_.jpg" class="person-modal__image wp-post-image" alt="" decoding="async" loading="lazy" srcset="https://medicina.udd.cl/fonoaudiologia-santiago/files/2015/03/SOLEDAD-CUESTA.byn_.jpg 314w, https://medicina.udd.cl/fonoaudiologia-santiago/files/2015/03/SOLEDAD-CUESTA.byn_-300x295.jpg 300w, https://medicina.udd.cl/fonoaudiologia-santiago/files/2015/03/SOLEDAD-CUESTA.byn_-62x62.jpg 62w" sizes="auto, (max-width: 314px) 100vw, 314px" />			</div>
						<div class="person-modal__data">
				<h1 class="person-modal__name">María Soledad Cuesta García</h1>
							<span class="person-modal__description">Docente Área Lenguaje Infanto - Juvenil</span>
													<a href="mailto:&#109;s&#099;&#117;&#101;&#115;&#116;a&#064;&#117;dd&#046;c&#108;" class="person-modal__email">m&#115;c&#117;&#101;&#115;&#116;a&#64;&#117;dd&#46;&#99;l</a>
									</div>
		</div>
	</header>
	<div class="modal-container">
			<div class="person-modal__content text">
										<ul>
<li class="MsoNormal"><span lang="ES">Docente del Área del Lenguaje Infantil-Juvenil </span></li>
</ul>
<ul>
<li class="MsoNormal"><span lang="ES">Fonoaudióloga de la Universidad de Chile.</span></li>
</ul>
<ul>
<li class="MsoNormal"><span lang="ES">Diplomada en Neurobiología del Desarrollo, Facultad de Medicina Clínica Alemana Universidad del Desarrollo.</span></li>
</ul>
<ul>
<li class="MsoNormal"><b><span lang="ES">Experiencia:</span></b><span lang="ES"> 23 años de trabajo clínico con niños y adolescentes con trastornos en el neurodesarrollo. Desde el año 2000 hasta la fecha </span><span lang="ES-CL">forma parte del equipo de neurorehabilitación infantil del Centro Amancay, realizando evaluación del lenguaje, habla, deglución y comunicación aumentativa y alternativa. </span></li>
</ul>
		</div>
	</div>
</div>

María Soledad

Cuesta García
