{"id":2599,"date":"2015-03-19T17:54:22","date_gmt":"2015-03-19T20:54:22","guid":{"rendered":"http:\/\/medicina.udd.cl\/fonoaudiologia-santiago\/?post_type=person&#038;p=2599"},"modified":"2020-06-19T11:25:00","modified_gmt":"2020-06-19T15:25:00","slug":"sofia-aranda-olivares","status":"publish","type":"person","link":"https:\/\/medicina.udd.cl\/fonoaudiologia-santiago\/persona\/sofia-aranda-olivares\/","title":{"rendered":"Sof\u00eda Aranda Olivares"},"featured_media":4794,"template":"","people_tax":[4034,4037],"people_areas":[],"people_levels":[],"class_list":["post-2599","person","type-person","status-publish","has-post-thumbnail","hentry","people_tax-autoridad","people_tax-equipo","people_list-docentes"],"yoast_head":"<!-- This site is optimized with the Yoast SEO plugin v26.9 - https:\/\/yoast.com\/product\/yoast-seo-wordpress\/ -->\n<title>Sof\u00eda Aranda Olivares - Fonoaudiolog\u00eda<\/title>\n<meta name=\"robots\" content=\"index, follow, max-snippet:-1, max-image-preview:large, max-video-preview:-1\" \/>\n<link rel=\"canonical\" href=\"https:\/\/medicina.udd.cl\/fonoaudiologia-santiago\/persona\/sofia-aranda-olivares\/\" \/>\n<meta property=\"og:locale\" content=\"es_ES\" \/>\n<meta property=\"og:type\" content=\"article\" \/>\n<meta property=\"og:title\" content=\"Sof\u00eda Aranda Olivares - Fonoaudiolog\u00eda\" \/>\n<meta property=\"og:url\" content=\"https:\/\/medicina.udd.cl\/fonoaudiologia-santiago\/persona\/sofia-aranda-olivares\/\" \/>\n<meta property=\"og:site_name\" content=\"Fonoaudiolog\u00eda\" \/>\n<meta property=\"article:modified_time\" content=\"2020-06-19T15:25:00+00:00\" \/>\n<meta property=\"og:image\" content=\"https:\/\/medicina.udd.cl\/fonoaudiologia-santiago\/files\/2015\/03\/SOFIA-ARANDA.byn_.jpg\" \/>\n\t<meta property=\"og:image:width\" content=\"354\" \/>\n\t<meta property=\"og:image:height\" content=\"387\" \/>\n\t<meta property=\"og:image:type\" content=\"image\/jpeg\" \/>\n<script type=\"application\/ld+json\" class=\"yoast-schema-graph\">{\"@context\":\"https:\/\/schema.org\",\"@graph\":[{\"@type\":\"WebPage\",\"@id\":\"https:\/\/medicina.udd.cl\/fonoaudiologia-santiago\/persona\/sofia-aranda-olivares\/\",\"url\":\"https:\/\/medicina.udd.cl\/fonoaudiologia-santiago\/persona\/sofia-aranda-olivares\/\",\"name\":\"Sof\u00eda Aranda Olivares - Fonoaudiolog\u00eda\",\"isPartOf\":{\"@id\":\"https:\/\/medicina.udd.cl\/fonoaudiologia-santiago\/#website\"},\"primaryImageOfPage\":{\"@id\":\"https:\/\/medicina.udd.cl\/fonoaudiologia-santiago\/persona\/sofia-aranda-olivares\/#primaryimage\"},\"image\":{\"@id\":\"https:\/\/medicina.udd.cl\/fonoaudiologia-santiago\/persona\/sofia-aranda-olivares\/#primaryimage\"},\"thumbnailUrl\":\"https:\/\/medicina.udd.cl\/fonoaudiologia-santiago\/files\/2015\/03\/SOFIA-ARANDA.byn_.jpg\",\"datePublished\":\"2015-03-19T20:54:22+00:00\",\"dateModified\":\"2020-06-19T15:25:00+00:00\",\"breadcrumb\":{\"@id\":\"https:\/\/medicina.udd.cl\/fonoaudiologia-santiago\/persona\/sofia-aranda-olivares\/#breadcrumb\"},\"inLanguage\":\"es\",\"potentialAction\":[{\"@type\":\"ReadAction\",\"target\":[\"https:\/\/medicina.udd.cl\/fonoaudiologia-santiago\/persona\/sofia-aranda-olivares\/\"]}]},{\"@type\":\"ImageObject\",\"inLanguage\":\"es\",\"@id\":\"https:\/\/medicina.udd.cl\/fonoaudiologia-santiago\/persona\/sofia-aranda-olivares\/#primaryimage\",\"url\":\"https:\/\/medicina.udd.cl\/fonoaudiologia-santiago\/files\/2015\/03\/SOFIA-ARANDA.byn_.jpg\",\"contentUrl\":\"https:\/\/medicina.udd.cl\/fonoaudiologia-santiago\/files\/2015\/03\/SOFIA-ARANDA.byn_.jpg\",\"width\":354,\"height\":387},{\"@type\":\"BreadcrumbList\",\"@id\":\"https:\/\/medicina.udd.cl\/fonoaudiologia-santiago\/persona\/sofia-aranda-olivares\/#breadcrumb\",\"itemListElement\":[{\"@type\":\"ListItem\",\"position\":1,\"name\":\"Home\",\"item\":\"https:\/\/medicina.udd.cl\/fonoaudiologia-santiago\/\"},{\"@type\":\"ListItem\",\"position\":2,\"name\":\"Personas\",\"item\":\"https:\/\/medicina.udd.cl\/fonoaudiologia-santiago\/persona\/\"},{\"@type\":\"ListItem\",\"position\":3,\"name\":\"Sof\u00eda Aranda Olivares\"}]},{\"@type\":\"WebSite\",\"@id\":\"https:\/\/medicina.udd.cl\/fonoaudiologia-santiago\/#website\",\"url\":\"https:\/\/medicina.udd.cl\/fonoaudiologia-santiago\/\",\"name\":\"Fonoaudiolog\u00eda\",\"description\":\"Facultad de Medicina Cl\u00ednica Alemana Universidad del Desarrollo\",\"inLanguage\":\"es\"}]}<\/script>\n<!-- \/ Yoast SEO plugin. -->","yoast_head_json":{"title":"Sof\u00eda Aranda Olivares - Fonoaudiolog\u00eda","robots":{"index":"index","follow":"follow","max-snippet":"max-snippet:-1","max-image-preview":"max-image-preview:large","max-video-preview":"max-video-preview:-1"},"canonical":"https:\/\/medicina.udd.cl\/fonoaudiologia-santiago\/persona\/sofia-aranda-olivares\/","og_locale":"es_ES","og_type":"article","og_title":"Sof\u00eda Aranda Olivares - Fonoaudiolog\u00eda","og_url":"https:\/\/medicina.udd.cl\/fonoaudiologia-santiago\/persona\/sofia-aranda-olivares\/","og_site_name":"Fonoaudiolog\u00eda","article_modified_time":"2020-06-19T15:25:00+00:00","og_image":[{"width":354,"height":387,"url":"https:\/\/medicina.udd.cl\/fonoaudiologia-santiago\/files\/2015\/03\/SOFIA-ARANDA.byn_.jpg","type":"image\/jpeg"}],"schema":{"@context":"https:\/\/schema.org","@graph":[{"@type":"WebPage","@id":"https:\/\/medicina.udd.cl\/fonoaudiologia-santiago\/persona\/sofia-aranda-olivares\/","url":"https:\/\/medicina.udd.cl\/fonoaudiologia-santiago\/persona\/sofia-aranda-olivares\/","name":"Sof\u00eda Aranda Olivares - Fonoaudiolog\u00eda","isPartOf":{"@id":"https:\/\/medicina.udd.cl\/fonoaudiologia-santiago\/#website"},"primaryImageOfPage":{"@id":"https:\/\/medicina.udd.cl\/fonoaudiologia-santiago\/persona\/sofia-aranda-olivares\/#primaryimage"},"image":{"@id":"https:\/\/medicina.udd.cl\/fonoaudiologia-santiago\/persona\/sofia-aranda-olivares\/#primaryimage"},"thumbnailUrl":"https:\/\/medicina.udd.cl\/fonoaudiologia-santiago\/files\/2015\/03\/SOFIA-ARANDA.byn_.jpg","datePublished":"2015-03-19T20:54:22+00:00","dateModified":"2020-06-19T15:25:00+00:00","breadcrumb":{"@id":"https:\/\/medicina.udd.cl\/fonoaudiologia-santiago\/persona\/sofia-aranda-olivares\/#breadcrumb"},"inLanguage":"es","potentialAction":[{"@type":"ReadAction","target":["https:\/\/medicina.udd.cl\/fonoaudiologia-santiago\/persona\/sofia-aranda-olivares\/"]}]},{"@type":"ImageObject","inLanguage":"es","@id":"https:\/\/medicina.udd.cl\/fonoaudiologia-santiago\/persona\/sofia-aranda-olivares\/#primaryimage","url":"https:\/\/medicina.udd.cl\/fonoaudiologia-santiago\/files\/2015\/03\/SOFIA-ARANDA.byn_.jpg","contentUrl":"https:\/\/medicina.udd.cl\/fonoaudiologia-santiago\/files\/2015\/03\/SOFIA-ARANDA.byn_.jpg","width":354,"height":387},{"@type":"BreadcrumbList","@id":"https:\/\/medicina.udd.cl\/fonoaudiologia-santiago\/persona\/sofia-aranda-olivares\/#breadcrumb","itemListElement":[{"@type":"ListItem","position":1,"name":"Home","item":"https:\/\/medicina.udd.cl\/fonoaudiologia-santiago\/"},{"@type":"ListItem","position":2,"name":"Personas","item":"https:\/\/medicina.udd.cl\/fonoaudiologia-santiago\/persona\/"},{"@type":"ListItem","position":3,"name":"Sof\u00eda Aranda Olivares"}]},{"@type":"WebSite","@id":"https:\/\/medicina.udd.cl\/fonoaudiologia-santiago\/#website","url":"https:\/\/medicina.udd.cl\/fonoaudiologia-santiago\/","name":"Fonoaudiolog\u00eda","description":"Facultad de Medicina Cl\u00ednica Alemana Universidad del Desarrollo","inLanguage":"es"}]}},"label":"Sof\u00eda Aranda Olivares","role":"Docente \u00c1rea Comunicaci\u00f3n y Degluci\u00f3n Adultos","thumbnail_url":"https:\/\/medicina.udd.cl\/fonoaudiologia-santiago\/files\/2015\/03\/SOFIA-ARANDA.byn_.jpg","email":"sofiaaranda@udd.cl","tel_job":"","content":{"rendered":"<div class=\"person-modal person-modal--scl\">\n\t<header class=\"person-modal__header\">\n\t\t<div class=\"person-modal__bg\"><\/div>\n\t\t<div class=\"modal-container\">\n\t\t\t\t\t\t<div class=\"person-modal__media\">\n\t\t\t\t<img width=\"354\" height=\"387\" src=\"https:\/\/medicina.udd.cl\/fonoaudiologia-santiago\/files\/2015\/03\/SOFIA-ARANDA.byn_.jpg\" class=\"person-modal__image wp-post-image\" alt=\"\" decoding=\"async\" loading=\"lazy\" srcset=\"https:\/\/medicina.udd.cl\/fonoaudiologia-santiago\/files\/2015\/03\/SOFIA-ARANDA.byn_.jpg 354w, https:\/\/medicina.udd.cl\/fonoaudiologia-santiago\/files\/2015\/03\/SOFIA-ARANDA.byn_-274x300.jpg 274w\" sizes=\"auto, (max-width: 354px) 100vw, 354px\" \/>\t\t\t<\/div>\n\t\t\t\t\t\t<div class=\"person-modal__data\">\n\t\t\t\t<h1 class=\"person-modal__name\">Sof\u00eda Aranda Olivares<\/h1>\n\t\t\t\t\t\t\t<span class=\"person-modal__description\">Docente \u00c1rea Comunicaci\u00f3n y Degluci\u00f3n Adultos<\/span>\n\t\t\t\t\t\t\t\t\t\t\t\t\t<a href=\"mailto:&#115;o&#102;i&#097;a&#114;anda&#064;u&#100;d&#046;&#099;&#108;\" class=\"person-modal__email\">s&#111;fiaa&#114;&#97;nda&#64;&#117;&#100;d&#46;c&#108;<\/a>\n\t\t\t\t\t\t\t\t\t<\/div>\n\t\t<\/div>\n\t<\/header>\n\t<div class=\"modal-container\">\n\t\t\t<div class=\"person-modal__content text\">\n\t\t\t\t\t\t\t\t\t\t<ul>\n<li class=\"MsoNormal\"><span lang=\"ES-CL\">Fonoaudi\u00f3loga (Universidad Mayor)<\/span><\/li>\n<\/ul>\n<ul>\n<li class=\"MsoNormal\"><span lang=\"ES-CL\"><span>\u00a0<\/span>Magister en Estrategias de Intervenci\u00f3n Vocal (Facultad de Medicina, Cl\u00ednica<span>\u00a0\u00a0\u00a0\u00a0 <\/span>Alemana Universidad del Desarrollo)<\/span><\/li>\n<\/ul>\n<ul>\n<li class=\"MsoNormal\"><span lang=\"ES-CL\">Diplomada en Neuropsicolog\u00eda y Neuropsiquiatr\u00eda Adultos (Pontificia Universidad Cat\u00f3lica de Chile)<\/span><\/li>\n<\/ul>\n<ul>\n<li class=\"MsoNormal\"><span lang=\"ES-CL\">Diplomada en Trastornos de la Degluci\u00f3n y Alimentaci\u00f3n Oral (Universidad de Chile)<\/span><\/li>\n<\/ul>\n<ul>\n<li class=\"MsoNormal\"><span lang=\"ES-CL\">Diplomada en Bioestad\u00edstica\u00a0B\u00e1sica\u00a0(Pontificia Universidad Cat\u00f3lica de Chile)<\/span><\/li>\n<\/ul>\n<ul>\n<li class=\"MsoNormal\"><span lang=\"ES-CL\">Docente \u00c1rea Adulto, Carrera Fonoaudiolog\u00eda UDD<\/span><\/li>\n<\/ul>\n\t\t<\/div>\n\t<\/div>\n<\/div>\n"},"identifier":"9899d4ee999b61e7d0233c9a2970f9e76130bed0","has_credential":[],"given_name":"Sof\u00eda","family_name":"Aranda Olivares","name":"Sof\u00eda Aranda Olivares","job_title":"Docente \u00c1rea Comunicaci\u00f3n y Degluci\u00f3n Adultos","telephone":"","note":"","im":"","_self_schedule":null,"_links":{"self":[{"href":"https:\/\/medicina.udd.cl\/fonoaudiologia-santiago\/wp-json\/wp\/v2\/people\/2599","targetHints":{"allow":["GET"]}}],"collection":[{"href":"https:\/\/medicina.udd.cl\/fonoaudiologia-santiago\/wp-json\/wp\/v2\/people"}],"about":[{"href":"https:\/\/medicina.udd.cl\/fonoaudiologia-santiago\/wp-json\/wp\/v2\/types\/person"}],"wp:featuredmedia":[{"embeddable":true,"href":"https:\/\/medicina.udd.cl\/fonoaudiologia-santiago\/wp-json\/wp\/v2\/media\/4794"}],"wp:attachment":[{"href":"https:\/\/medicina.udd.cl\/fonoaudiologia-santiago\/wp-json\/wp\/v2\/media?parent=2599"}],"wp:term":[{"taxonomy":"people_tax","embeddable":true,"href":"https:\/\/medicina.udd.cl\/fonoaudiologia-santiago\/wp-json\/wp\/v2\/people_tax?post=2599"},{"taxonomy":"people_areas","embeddable":true,"href":"https:\/\/medicina.udd.cl\/fonoaudiologia-santiago\/wp-json\/wp\/v2\/people_areas?post=2599"},{"taxonomy":"people_levels","embeddable":true,"href":"https:\/\/medicina.udd.cl\/fonoaudiologia-santiago\/wp-json\/wp\/v2\/people_levels?post=2599"}],"curies":[{"name":"wp","href":"https:\/\/api.w.org\/{rel}","templated":true}]}}

Sofía Aranda Olivares

<!-- This site is optimized with the Yoast SEO plugin v26.9 - https://yoast.com/product/yoast-seo-wordpress/ -->
<title>Sofía Aranda Olivares - Fonoaudiología</title>
<meta name="robots" content="index, follow, max-snippet:-1, max-image-preview:large, max-video-preview:-1" />
<link rel="canonical" href="https://medicina.udd.cl/fonoaudiologia-santiago/persona/sofia-aranda-olivares/" />
<meta property="og:locale" content="es_ES" />
<meta property="og:type" content="article" />
<meta property="og:title" content="Sofía Aranda Olivares - Fonoaudiología" />
<meta property="og:url" content="https://medicina.udd.cl/fonoaudiologia-santiago/persona/sofia-aranda-olivares/" />
<meta property="og:site_name" content="Fonoaudiología" />
<meta property="article:modified_time" content="2020-06-19T15:25:00+00:00" />
<meta property="og:image" content="https://medicina.udd.cl/fonoaudiologia-santiago/files/2015/03/SOFIA-ARANDA.byn_.jpg" />
	<meta property="og:image:width" content="354" />
	<meta property="og:image:height" content="387" />
	<meta property="og:image:type" content="image/jpeg" />
<script type="application/ld+json" class="yoast-schema-graph">{"@context":"https://schema.org","@graph":[{"@type":"WebPage","@id":"https://medicina.udd.cl/fonoaudiologia-santiago/persona/sofia-aranda-olivares/","url":"https://medicina.udd.cl/fonoaudiologia-santiago/persona/sofia-aranda-olivares/","name":"Sofía Aranda Olivares - Fonoaudiología","isPartOf":{"@id":"https://medicina.udd.cl/fonoaudiologia-santiago/#website"},"primaryImageOfPage":{"@id":"https://medicina.udd.cl/fonoaudiologia-santiago/persona/sofia-aranda-olivares/#primaryimage"},"image":{"@id":"https://medicina.udd.cl/fonoaudiologia-santiago/persona/sofia-aranda-olivares/#primaryimage"},"thumbnailUrl":"https://medicina.udd.cl/fonoaudiologia-santiago/files/2015/03/SOFIA-ARANDA.byn_.jpg","datePublished":"2015-03-19T20:54:22+00:00","dateModified":"2020-06-19T15:25:00+00:00","breadcrumb":{"@id":"https://medicina.udd.cl/fonoaudiologia-santiago/persona/sofia-aranda-olivares/#breadcrumb"},"inLanguage":"es","potentialAction":[{"@type":"ReadAction","target":["https://medicina.udd.cl/fonoaudiologia-santiago/persona/sofia-aranda-olivares/"]}]},{"@type":"ImageObject","inLanguage":"es","@id":"https://medicina.udd.cl/fonoaudiologia-santiago/persona/sofia-aranda-olivares/#primaryimage","url":"https://medicina.udd.cl/fonoaudiologia-santiago/files/2015/03/SOFIA-ARANDA.byn_.jpg","contentUrl":"https://medicina.udd.cl/fonoaudiologia-santiago/files/2015/03/SOFIA-ARANDA.byn_.jpg","width":354,"height":387},{"@type":"BreadcrumbList","@id":"https://medicina.udd.cl/fonoaudiologia-santiago/persona/sofia-aranda-olivares/#breadcrumb","itemListElement":[{"@type":"ListItem","position":1,"name":"Home","item":"https://medicina.udd.cl/fonoaudiologia-santiago/"},{"@type":"ListItem","position":2,"name":"Personas","item":"https://medicina.udd.cl/fonoaudiologia-santiago/persona/"},{"@type":"ListItem","position":3,"name":"Sofía Aranda Olivares"}]},{"@type":"WebSite","@id":"https://medicina.udd.cl/fonoaudiologia-santiago/#website","url":"https://medicina.udd.cl/fonoaudiologia-santiago/","name":"Fonoaudiología","description":"Facultad de Medicina Clínica Alemana Universidad del Desarrollo","inLanguage":"es"}]}</script>
<!-- / Yoast SEO plugin. -->

Sofía Aranda Olivares - Fonoaudiología

Fonoaudiología

Facultad de Medicina Clínica Alemana Universidad del Desarrollo

Docente Área Comunicación y Deglución Adultos

<div class="person-modal person-modal--scl">
	<header class="person-modal__header">
		<div class="person-modal__bg"></div>
		<div class="modal-container">
						<div class="person-modal__media">
				<img width="354" height="387" src="https://medicina.udd.cl/fonoaudiologia-santiago/files/2015/03/SOFIA-ARANDA.byn_.jpg" class="person-modal__image wp-post-image" alt="" decoding="async" loading="lazy" srcset="https://medicina.udd.cl/fonoaudiologia-santiago/files/2015/03/SOFIA-ARANDA.byn_.jpg 354w, https://medicina.udd.cl/fonoaudiologia-santiago/files/2015/03/SOFIA-ARANDA.byn_-274x300.jpg 274w" sizes="auto, (max-width: 354px) 100vw, 354px" />			</div>
						<div class="person-modal__data">
				<h1 class="person-modal__name">Sofía Aranda Olivares</h1>
							<span class="person-modal__description">Docente Área Comunicación y Deglución Adultos</span>
													<a href="mailto:&#115;o&#102;i&#097;a&#114;anda&#064;u&#100;d&#046;&#099;&#108;" class="person-modal__email">s&#111;fiaa&#114;&#97;nda&#64;&#117;&#100;d&#46;c&#108;</a>
									</div>
		</div>
	</header>
	<div class="modal-container">
			<div class="person-modal__content text">
										<ul>
<li class="MsoNormal"><span lang="ES-CL">Fonoaudióloga (Universidad Mayor)</span></li>
</ul>
<ul>
<li class="MsoNormal"><span lang="ES-CL"><span> </span>Magister en Estrategias de Intervención Vocal (Facultad de Medicina, Clínica<span>     </span>Alemana Universidad del Desarrollo)</span></li>
</ul>
<ul>
<li class="MsoNormal"><span lang="ES-CL">Diplomada en Neuropsicología y Neuropsiquiatría Adultos (Pontificia Universidad Católica de Chile)</span></li>
</ul>
<ul>
<li class="MsoNormal"><span lang="ES-CL">Diplomada en Trastornos de la Deglución y Alimentación Oral (Universidad de Chile)</span></li>
</ul>
<ul>
<li class="MsoNormal"><span lang="ES-CL">Diplomada en Bioestadística Básica (Pontificia Universidad Católica de Chile)</span></li>
</ul>
<ul>
<li class="MsoNormal"><span lang="ES-CL">Docente Área Adulto, Carrera Fonoaudiología UDD</span></li>
</ul>
		</div>
	</div>
</div>

Sofía
