{"id":3115,"date":"2016-03-11T15:29:00","date_gmt":"2016-03-11T18:29:00","guid":{"rendered":"http:\/\/medicina.udd.cl\/fonoaudiologia-santiago\/?post_type=person&#038;p=3115"},"modified":"2024-05-27T14:45:11","modified_gmt":"2024-05-27T18:45:11","slug":"maria-ignacia-martinez-valle","status":"publish","type":"person","link":"https:\/\/medicina.udd.cl\/fonoaudiologia-santiago\/persona\/maria-ignacia-martinez-valle\/","title":{"rendered":"Mar\u00eda Ignacia  Mart\u00ednez Valle"},"featured_media":4797,"template":"","people_tax":[4037],"people_areas":[],"people_levels":[],"class_list":["post-3115","person","type-person","status-publish","has-post-thumbnail","hentry","people_tax-equipo","people_list-docentes"],"yoast_head":"<!-- This site is optimized with the Yoast SEO plugin v26.9 - https:\/\/yoast.com\/product\/yoast-seo-wordpress\/ -->\n<title>Mar\u00eda Ignacia Mart\u00ednez Valle - Fonoaudiolog\u00eda<\/title>\n<meta name=\"robots\" content=\"index, follow, max-snippet:-1, max-image-preview:large, max-video-preview:-1\" \/>\n<link rel=\"canonical\" href=\"https:\/\/medicina.udd.cl\/fonoaudiologia-santiago\/persona\/maria-ignacia-martinez-valle\/\" \/>\n<meta property=\"og:locale\" content=\"es_ES\" \/>\n<meta property=\"og:type\" content=\"article\" \/>\n<meta property=\"og:title\" content=\"Mar\u00eda Ignacia Mart\u00ednez Valle - Fonoaudiolog\u00eda\" \/>\n<meta property=\"og:url\" content=\"https:\/\/medicina.udd.cl\/fonoaudiologia-santiago\/persona\/maria-ignacia-martinez-valle\/\" \/>\n<meta property=\"og:site_name\" content=\"Fonoaudiolog\u00eda\" \/>\n<meta property=\"article:modified_time\" content=\"2024-05-27T18:45:11+00:00\" \/>\n<meta property=\"og:image\" content=\"https:\/\/medicina.udd.cl\/fonoaudiologia-santiago\/files\/2016\/03\/IGNACIA-MARTINEZ-VALLE.byn_.jpg\" \/>\n\t<meta property=\"og:image:width\" content=\"434\" \/>\n\t<meta property=\"og:image:height\" content=\"402\" \/>\n\t<meta property=\"og:image:type\" content=\"image\/jpeg\" \/>\n<meta name=\"twitter:label1\" content=\"Tiempo de lectura\" \/>\n\t<meta name=\"twitter:data1\" content=\"1 minuto\" \/>\n<script type=\"application\/ld+json\" class=\"yoast-schema-graph\">{\"@context\":\"https:\/\/schema.org\",\"@graph\":[{\"@type\":\"WebPage\",\"@id\":\"https:\/\/medicina.udd.cl\/fonoaudiologia-santiago\/persona\/maria-ignacia-martinez-valle\/\",\"url\":\"https:\/\/medicina.udd.cl\/fonoaudiologia-santiago\/persona\/maria-ignacia-martinez-valle\/\",\"name\":\"Mar\u00eda Ignacia Mart\u00ednez Valle - Fonoaudiolog\u00eda\",\"isPartOf\":{\"@id\":\"https:\/\/medicina.udd.cl\/fonoaudiologia-santiago\/#website\"},\"primaryImageOfPage\":{\"@id\":\"https:\/\/medicina.udd.cl\/fonoaudiologia-santiago\/persona\/maria-ignacia-martinez-valle\/#primaryimage\"},\"image\":{\"@id\":\"https:\/\/medicina.udd.cl\/fonoaudiologia-santiago\/persona\/maria-ignacia-martinez-valle\/#primaryimage\"},\"thumbnailUrl\":\"https:\/\/medicina.udd.cl\/fonoaudiologia-santiago\/files\/2016\/03\/IGNACIA-MARTINEZ-VALLE.byn_.jpg\",\"datePublished\":\"2016-03-11T18:29:00+00:00\",\"dateModified\":\"2024-05-27T18:45:11+00:00\",\"breadcrumb\":{\"@id\":\"https:\/\/medicina.udd.cl\/fonoaudiologia-santiago\/persona\/maria-ignacia-martinez-valle\/#breadcrumb\"},\"inLanguage\":\"es\",\"potentialAction\":[{\"@type\":\"ReadAction\",\"target\":[\"https:\/\/medicina.udd.cl\/fonoaudiologia-santiago\/persona\/maria-ignacia-martinez-valle\/\"]}]},{\"@type\":\"ImageObject\",\"inLanguage\":\"es\",\"@id\":\"https:\/\/medicina.udd.cl\/fonoaudiologia-santiago\/persona\/maria-ignacia-martinez-valle\/#primaryimage\",\"url\":\"https:\/\/medicina.udd.cl\/fonoaudiologia-santiago\/files\/2016\/03\/IGNACIA-MARTINEZ-VALLE.byn_.jpg\",\"contentUrl\":\"https:\/\/medicina.udd.cl\/fonoaudiologia-santiago\/files\/2016\/03\/IGNACIA-MARTINEZ-VALLE.byn_.jpg\",\"width\":434,\"height\":402},{\"@type\":\"BreadcrumbList\",\"@id\":\"https:\/\/medicina.udd.cl\/fonoaudiologia-santiago\/persona\/maria-ignacia-martinez-valle\/#breadcrumb\",\"itemListElement\":[{\"@type\":\"ListItem\",\"position\":1,\"name\":\"Home\",\"item\":\"https:\/\/medicina.udd.cl\/fonoaudiologia-santiago\/\"},{\"@type\":\"ListItem\",\"position\":2,\"name\":\"Personas\",\"item\":\"https:\/\/medicina.udd.cl\/fonoaudiologia-santiago\/persona\/\"},{\"@type\":\"ListItem\",\"position\":3,\"name\":\"Mar\u00eda Ignacia Mart\u00ednez Valle\"}]},{\"@type\":\"WebSite\",\"@id\":\"https:\/\/medicina.udd.cl\/fonoaudiologia-santiago\/#website\",\"url\":\"https:\/\/medicina.udd.cl\/fonoaudiologia-santiago\/\",\"name\":\"Fonoaudiolog\u00eda\",\"description\":\"Facultad de Medicina Cl\u00ednica Alemana Universidad del Desarrollo\",\"inLanguage\":\"es\"}]}<\/script>\n<!-- \/ Yoast SEO plugin. -->","yoast_head_json":{"title":"Mar\u00eda Ignacia Mart\u00ednez Valle - Fonoaudiolog\u00eda","robots":{"index":"index","follow":"follow","max-snippet":"max-snippet:-1","max-image-preview":"max-image-preview:large","max-video-preview":"max-video-preview:-1"},"canonical":"https:\/\/medicina.udd.cl\/fonoaudiologia-santiago\/persona\/maria-ignacia-martinez-valle\/","og_locale":"es_ES","og_type":"article","og_title":"Mar\u00eda Ignacia Mart\u00ednez Valle - Fonoaudiolog\u00eda","og_url":"https:\/\/medicina.udd.cl\/fonoaudiologia-santiago\/persona\/maria-ignacia-martinez-valle\/","og_site_name":"Fonoaudiolog\u00eda","article_modified_time":"2024-05-27T18:45:11+00:00","og_image":[{"width":434,"height":402,"url":"https:\/\/medicina.udd.cl\/fonoaudiologia-santiago\/files\/2016\/03\/IGNACIA-MARTINEZ-VALLE.byn_.jpg","type":"image\/jpeg"}],"twitter_misc":{"Tiempo de lectura":"1 minuto"},"schema":{"@context":"https:\/\/schema.org","@graph":[{"@type":"WebPage","@id":"https:\/\/medicina.udd.cl\/fonoaudiologia-santiago\/persona\/maria-ignacia-martinez-valle\/","url":"https:\/\/medicina.udd.cl\/fonoaudiologia-santiago\/persona\/maria-ignacia-martinez-valle\/","name":"Mar\u00eda Ignacia Mart\u00ednez Valle - Fonoaudiolog\u00eda","isPartOf":{"@id":"https:\/\/medicina.udd.cl\/fonoaudiologia-santiago\/#website"},"primaryImageOfPage":{"@id":"https:\/\/medicina.udd.cl\/fonoaudiologia-santiago\/persona\/maria-ignacia-martinez-valle\/#primaryimage"},"image":{"@id":"https:\/\/medicina.udd.cl\/fonoaudiologia-santiago\/persona\/maria-ignacia-martinez-valle\/#primaryimage"},"thumbnailUrl":"https:\/\/medicina.udd.cl\/fonoaudiologia-santiago\/files\/2016\/03\/IGNACIA-MARTINEZ-VALLE.byn_.jpg","datePublished":"2016-03-11T18:29:00+00:00","dateModified":"2024-05-27T18:45:11+00:00","breadcrumb":{"@id":"https:\/\/medicina.udd.cl\/fonoaudiologia-santiago\/persona\/maria-ignacia-martinez-valle\/#breadcrumb"},"inLanguage":"es","potentialAction":[{"@type":"ReadAction","target":["https:\/\/medicina.udd.cl\/fonoaudiologia-santiago\/persona\/maria-ignacia-martinez-valle\/"]}]},{"@type":"ImageObject","inLanguage":"es","@id":"https:\/\/medicina.udd.cl\/fonoaudiologia-santiago\/persona\/maria-ignacia-martinez-valle\/#primaryimage","url":"https:\/\/medicina.udd.cl\/fonoaudiologia-santiago\/files\/2016\/03\/IGNACIA-MARTINEZ-VALLE.byn_.jpg","contentUrl":"https:\/\/medicina.udd.cl\/fonoaudiologia-santiago\/files\/2016\/03\/IGNACIA-MARTINEZ-VALLE.byn_.jpg","width":434,"height":402},{"@type":"BreadcrumbList","@id":"https:\/\/medicina.udd.cl\/fonoaudiologia-santiago\/persona\/maria-ignacia-martinez-valle\/#breadcrumb","itemListElement":[{"@type":"ListItem","position":1,"name":"Home","item":"https:\/\/medicina.udd.cl\/fonoaudiologia-santiago\/"},{"@type":"ListItem","position":2,"name":"Personas","item":"https:\/\/medicina.udd.cl\/fonoaudiologia-santiago\/persona\/"},{"@type":"ListItem","position":3,"name":"Mar\u00eda Ignacia Mart\u00ednez Valle"}]},{"@type":"WebSite","@id":"https:\/\/medicina.udd.cl\/fonoaudiologia-santiago\/#website","url":"https:\/\/medicina.udd.cl\/fonoaudiologia-santiago\/","name":"Fonoaudiolog\u00eda","description":"Facultad de Medicina Cl\u00ednica Alemana Universidad del Desarrollo","inLanguage":"es"}]}},"label":"Mar\u00eda Ignacia  Mart\u00ednez Valle","role":"Docente \u00c1rea de Audiolog\u00eda","thumbnail_url":"https:\/\/medicina.udd.cl\/fonoaudiologia-santiago\/files\/2016\/03\/IGNACIA-MARTINEZ-VALLE.byn_.jpg","email":"mamartinezv@udd.cl","tel_job":"","content":{"rendered":"<div class=\"person-modal person-modal--scl\">\n\t<header class=\"person-modal__header\">\n\t\t<div class=\"person-modal__bg\"><\/div>\n\t\t<div class=\"modal-container\">\n\t\t\t\t\t\t<div class=\"person-modal__media\">\n\t\t\t\t<img width=\"434\" height=\"402\" src=\"https:\/\/medicina.udd.cl\/fonoaudiologia-santiago\/files\/2016\/03\/IGNACIA-MARTINEZ-VALLE.byn_.jpg\" class=\"person-modal__image wp-post-image\" alt=\"\" decoding=\"async\" loading=\"lazy\" srcset=\"https:\/\/medicina.udd.cl\/fonoaudiologia-santiago\/files\/2016\/03\/IGNACIA-MARTINEZ-VALLE.byn_.jpg 434w, https:\/\/medicina.udd.cl\/fonoaudiologia-santiago\/files\/2016\/03\/IGNACIA-MARTINEZ-VALLE.byn_-300x278.jpg 300w\" sizes=\"auto, (max-width: 434px) 100vw, 434px\" \/>\t\t\t<\/div>\n\t\t\t\t\t\t<div class=\"person-modal__data\">\n\t\t\t\t<h1 class=\"person-modal__name\">Mar\u00eda Ignacia  Mart\u00ednez Valle<\/h1>\n\t\t\t\t\t\t\t<span class=\"person-modal__description\">Docente \u00c1rea de Audiolog\u00eda<\/span>\n\t\t\t\t\t\t\t\t\t\t\t\t\t<a href=\"mailto:&#109;&#097;&#109;&#097;r&#116;inezv&#064;u&#100;&#100;&#046;c&#108;\" class=\"person-modal__email\">ma&#109;&#97;&#114;t&#105;&#110;ez&#118;&#64;&#117;&#100;&#100;.&#99;l<\/a>\n\t\t\t\t\t\t\t\t\t<\/div>\n\t\t<\/div>\n\t<\/header>\n\t<div class=\"modal-container\">\n\t\t\t<div class=\"person-modal__content text\">\n\t\t\t\t\t\t\t\t\t\t<ul>\n<li class=\"MsoNormal\"><span lang=\"ES\">Fonoaudi\u00f3loga, Universidad Del Desarrollo.<\/span><\/li>\n<li class=\"MsoNormal\"><span lang=\"ES\">Docente \u00c1rea Audiolog\u00eda, Universidad del Desarrollo.<\/span><\/li>\n<li class=\"MsoNormal\"><span lang=\"ES-CL\">Tutora cl\u00ednica habilitaci\u00f3n profesional \u00e1rea audiolog\u00eda.\u00a0<\/span><\/li>\n<li class=\"MsoNormal\"><span lang=\"ES\">Diplomado en Audiolog\u00eda Cl\u00ednica, Universidad de Chile.<\/span><\/li>\n<li class=\"MsoNormal\"><span lang=\"ES\">Diplomado en Educaci\u00f3n en Docencia Cl\u00ednica, Facultad de Medicina Cl\u00ednica Alemana Universidad del Desarrollo.<\/span><\/li>\n<li class=\"MsoNormal\">MED-EL Accreditation for Hearing Implant Rehabilitation.<\/li>\n<\/ul>\n\t\t<\/div>\n\t<\/div>\n<\/div>\n"},"identifier":"9027a7d631e051a3d984f1fca028b1f9f895859d","has_credential":[],"given_name":"Mar\u00eda Ignacia ","family_name":"Mart\u00ednez Valle","name":"Mar\u00eda Ignacia  Mart\u00ednez Valle","job_title":"Docente \u00c1rea de Audiolog\u00eda","telephone":"","note":"","im":"","_self_schedule":null,"_links":{"self":[{"href":"https:\/\/medicina.udd.cl\/fonoaudiologia-santiago\/wp-json\/wp\/v2\/people\/3115","targetHints":{"allow":["GET"]}}],"collection":[{"href":"https:\/\/medicina.udd.cl\/fonoaudiologia-santiago\/wp-json\/wp\/v2\/people"}],"about":[{"href":"https:\/\/medicina.udd.cl\/fonoaudiologia-santiago\/wp-json\/wp\/v2\/types\/person"}],"wp:featuredmedia":[{"embeddable":true,"href":"https:\/\/medicina.udd.cl\/fonoaudiologia-santiago\/wp-json\/wp\/v2\/media\/4797"}],"wp:attachment":[{"href":"https:\/\/medicina.udd.cl\/fonoaudiologia-santiago\/wp-json\/wp\/v2\/media?parent=3115"}],"wp:term":[{"taxonomy":"people_tax","embeddable":true,"href":"https:\/\/medicina.udd.cl\/fonoaudiologia-santiago\/wp-json\/wp\/v2\/people_tax?post=3115"},{"taxonomy":"people_areas","embeddable":true,"href":"https:\/\/medicina.udd.cl\/fonoaudiologia-santiago\/wp-json\/wp\/v2\/people_areas?post=3115"},{"taxonomy":"people_levels","embeddable":true,"href":"https:\/\/medicina.udd.cl\/fonoaudiologia-santiago\/wp-json\/wp\/v2\/people_levels?post=3115"}],"curies":[{"name":"wp","href":"https:\/\/api.w.org\/{rel}","templated":true}]}}

María Ignacia  Martínez Valle

<!-- This site is optimized with the Yoast SEO plugin v26.9 - https://yoast.com/product/yoast-seo-wordpress/ -->
<title>María Ignacia Martínez Valle - Fonoaudiología</title>
<meta name="robots" content="index, follow, max-snippet:-1, max-image-preview:large, max-video-preview:-1" />
<link rel="canonical" href="https://medicina.udd.cl/fonoaudiologia-santiago/persona/maria-ignacia-martinez-valle/" />
<meta property="og:locale" content="es_ES" />
<meta property="og:type" content="article" />
<meta property="og:title" content="María Ignacia Martínez Valle - Fonoaudiología" />
<meta property="og:url" content="https://medicina.udd.cl/fonoaudiologia-santiago/persona/maria-ignacia-martinez-valle/" />
<meta property="og:site_name" content="Fonoaudiología" />
<meta property="article:modified_time" content="2024-05-27T18:45:11+00:00" />
<meta property="og:image" content="https://medicina.udd.cl/fonoaudiologia-santiago/files/2016/03/IGNACIA-MARTINEZ-VALLE.byn_.jpg" />
	<meta property="og:image:width" content="434" />
	<meta property="og:image:height" content="402" />
	<meta property="og:image:type" content="image/jpeg" />
<meta name="twitter:label1" content="Tiempo de lectura" />
	<meta name="twitter:data1" content="1 minuto" />
<script type="application/ld+json" class="yoast-schema-graph">{"@context":"https://schema.org","@graph":[{"@type":"WebPage","@id":"https://medicina.udd.cl/fonoaudiologia-santiago/persona/maria-ignacia-martinez-valle/","url":"https://medicina.udd.cl/fonoaudiologia-santiago/persona/maria-ignacia-martinez-valle/","name":"María Ignacia Martínez Valle - Fonoaudiología","isPartOf":{"@id":"https://medicina.udd.cl/fonoaudiologia-santiago/#website"},"primaryImageOfPage":{"@id":"https://medicina.udd.cl/fonoaudiologia-santiago/persona/maria-ignacia-martinez-valle/#primaryimage"},"image":{"@id":"https://medicina.udd.cl/fonoaudiologia-santiago/persona/maria-ignacia-martinez-valle/#primaryimage"},"thumbnailUrl":"https://medicina.udd.cl/fonoaudiologia-santiago/files/2016/03/IGNACIA-MARTINEZ-VALLE.byn_.jpg","datePublished":"2016-03-11T18:29:00+00:00","dateModified":"2024-05-27T18:45:11+00:00","breadcrumb":{"@id":"https://medicina.udd.cl/fonoaudiologia-santiago/persona/maria-ignacia-martinez-valle/#breadcrumb"},"inLanguage":"es","potentialAction":[{"@type":"ReadAction","target":["https://medicina.udd.cl/fonoaudiologia-santiago/persona/maria-ignacia-martinez-valle/"]}]},{"@type":"ImageObject","inLanguage":"es","@id":"https://medicina.udd.cl/fonoaudiologia-santiago/persona/maria-ignacia-martinez-valle/#primaryimage","url":"https://medicina.udd.cl/fonoaudiologia-santiago/files/2016/03/IGNACIA-MARTINEZ-VALLE.byn_.jpg","contentUrl":"https://medicina.udd.cl/fonoaudiologia-santiago/files/2016/03/IGNACIA-MARTINEZ-VALLE.byn_.jpg","width":434,"height":402},{"@type":"BreadcrumbList","@id":"https://medicina.udd.cl/fonoaudiologia-santiago/persona/maria-ignacia-martinez-valle/#breadcrumb","itemListElement":[{"@type":"ListItem","position":1,"name":"Home","item":"https://medicina.udd.cl/fonoaudiologia-santiago/"},{"@type":"ListItem","position":2,"name":"Personas","item":"https://medicina.udd.cl/fonoaudiologia-santiago/persona/"},{"@type":"ListItem","position":3,"name":"María Ignacia Martínez Valle"}]},{"@type":"WebSite","@id":"https://medicina.udd.cl/fonoaudiologia-santiago/#website","url":"https://medicina.udd.cl/fonoaudiologia-santiago/","name":"Fonoaudiología","description":"Facultad de Medicina Clínica Alemana Universidad del Desarrollo","inLanguage":"es"}]}</script>
<!-- / Yoast SEO plugin. -->

María Ignacia Martínez Valle - Fonoaudiología

Fonoaudiología

María Ignacia Martínez Valle

Facultad de Medicina Clínica Alemana Universidad del Desarrollo

Docente Área de Audiología

<div class="person-modal person-modal--scl">
	<header class="person-modal__header">
		<div class="person-modal__bg"></div>
		<div class="modal-container">
						<div class="person-modal__media">
				<img width="434" height="402" src="https://medicina.udd.cl/fonoaudiologia-santiago/files/2016/03/IGNACIA-MARTINEZ-VALLE.byn_.jpg" class="person-modal__image wp-post-image" alt="" decoding="async" loading="lazy" srcset="https://medicina.udd.cl/fonoaudiologia-santiago/files/2016/03/IGNACIA-MARTINEZ-VALLE.byn_.jpg 434w, https://medicina.udd.cl/fonoaudiologia-santiago/files/2016/03/IGNACIA-MARTINEZ-VALLE.byn_-300x278.jpg 300w" sizes="auto, (max-width: 434px) 100vw, 434px" />			</div>
						<div class="person-modal__data">
				<h1 class="person-modal__name">María Ignacia  Martínez Valle</h1>
							<span class="person-modal__description">Docente Área de Audiología</span>
													<a href="mailto:&#109;&#097;&#109;&#097;r&#116;inezv&#064;u&#100;&#100;&#046;c&#108;" class="person-modal__email">ma&#109;&#97;&#114;t&#105;&#110;ez&#118;&#64;&#117;&#100;&#100;.&#99;l</a>
									</div>
		</div>
	</header>
	<div class="modal-container">
			<div class="person-modal__content text">
										<ul>
<li class="MsoNormal"><span lang="ES">Fonoaudióloga, Universidad Del Desarrollo.</span></li>
<li class="MsoNormal"><span lang="ES">Docente Área Audiología, Universidad del Desarrollo.</span></li>
<li class="MsoNormal"><span lang="ES-CL">Tutora clínica habilitación profesional área audiología. </span></li>
<li class="MsoNormal"><span lang="ES">Diplomado en Audiología Clínica, Universidad de Chile.</span></li>
<li class="MsoNormal"><span lang="ES">Diplomado en Educación en Docencia Clínica, Facultad de Medicina Clínica Alemana Universidad del Desarrollo.</span></li>
<li class="MsoNormal">MED-EL Accreditation for Hearing Implant Rehabilitation.</li>
</ul>
		</div>
	</div>
</div>

María Ignacia

Martínez Valle
