{"id":3503,"date":"2016-09-05T11:22:04","date_gmt":"2016-09-05T14:22:04","guid":{"rendered":"http:\/\/medicina.udd.cl\/fonoaudiologia-santiago\/?post_type=person&#038;p=3503"},"modified":"2022-12-27T16:03:50","modified_gmt":"2022-12-27T19:03:50","slug":"claudia-gillmore-san-martin","status":"publish","type":"person","link":"https:\/\/medicina.udd.cl\/fonoaudiologia-santiago\/persona\/claudia-gillmore-san-martin\/","title":{"rendered":"Claudia Gillmore San Mart\u00edn"},"featured_media":5908,"template":"","people_tax":[4037],"people_areas":[],"people_levels":[],"class_list":["post-3503","person","type-person","status-publish","has-post-thumbnail","hentry","people_tax-equipo","people_list-docentes"],"yoast_head":"<!-- This site is optimized with the Yoast SEO plugin v26.9 - https:\/\/yoast.com\/product\/yoast-seo-wordpress\/ -->\n<title>Claudia Gillmore San Mart\u00edn - Fonoaudiolog\u00eda<\/title>\n<meta name=\"robots\" content=\"index, follow, max-snippet:-1, max-image-preview:large, max-video-preview:-1\" \/>\n<link rel=\"canonical\" href=\"https:\/\/medicina.udd.cl\/fonoaudiologia-santiago\/persona\/claudia-gillmore-san-martin\/\" \/>\n<meta property=\"og:locale\" content=\"es_ES\" \/>\n<meta property=\"og:type\" content=\"article\" \/>\n<meta property=\"og:title\" content=\"Claudia Gillmore San Mart\u00edn - Fonoaudiolog\u00eda\" \/>\n<meta property=\"og:url\" content=\"https:\/\/medicina.udd.cl\/fonoaudiologia-santiago\/persona\/claudia-gillmore-san-martin\/\" \/>\n<meta property=\"og:site_name\" content=\"Fonoaudiolog\u00eda\" \/>\n<meta property=\"article:modified_time\" content=\"2022-12-27T19:03:50+00:00\" \/>\n<meta property=\"og:image\" content=\"https:\/\/medicina.udd.cl\/fonoaudiologia-santiago\/files\/2016\/09\/claudia-guilmore-byn_.jpg\" \/>\n\t<meta property=\"og:image:width\" content=\"1696\" \/>\n\t<meta property=\"og:image:height\" content=\"1696\" \/>\n\t<meta property=\"og:image:type\" content=\"image\/jpeg\" \/>\n<script type=\"application\/ld+json\" class=\"yoast-schema-graph\">{\"@context\":\"https:\/\/schema.org\",\"@graph\":[{\"@type\":\"WebPage\",\"@id\":\"https:\/\/medicina.udd.cl\/fonoaudiologia-santiago\/persona\/claudia-gillmore-san-martin\/\",\"url\":\"https:\/\/medicina.udd.cl\/fonoaudiologia-santiago\/persona\/claudia-gillmore-san-martin\/\",\"name\":\"Claudia Gillmore San Mart\u00edn - Fonoaudiolog\u00eda\",\"isPartOf\":{\"@id\":\"https:\/\/medicina.udd.cl\/fonoaudiologia-santiago\/#website\"},\"primaryImageOfPage\":{\"@id\":\"https:\/\/medicina.udd.cl\/fonoaudiologia-santiago\/persona\/claudia-gillmore-san-martin\/#primaryimage\"},\"image\":{\"@id\":\"https:\/\/medicina.udd.cl\/fonoaudiologia-santiago\/persona\/claudia-gillmore-san-martin\/#primaryimage\"},\"thumbnailUrl\":\"https:\/\/medicina.udd.cl\/fonoaudiologia-santiago\/files\/2016\/09\/claudia-guilmore-byn_.jpg\",\"datePublished\":\"2016-09-05T14:22:04+00:00\",\"dateModified\":\"2022-12-27T19:03:50+00:00\",\"breadcrumb\":{\"@id\":\"https:\/\/medicina.udd.cl\/fonoaudiologia-santiago\/persona\/claudia-gillmore-san-martin\/#breadcrumb\"},\"inLanguage\":\"es\",\"potentialAction\":[{\"@type\":\"ReadAction\",\"target\":[\"https:\/\/medicina.udd.cl\/fonoaudiologia-santiago\/persona\/claudia-gillmore-san-martin\/\"]}]},{\"@type\":\"ImageObject\",\"inLanguage\":\"es\",\"@id\":\"https:\/\/medicina.udd.cl\/fonoaudiologia-santiago\/persona\/claudia-gillmore-san-martin\/#primaryimage\",\"url\":\"https:\/\/medicina.udd.cl\/fonoaudiologia-santiago\/files\/2016\/09\/claudia-guilmore-byn_.jpg\",\"contentUrl\":\"https:\/\/medicina.udd.cl\/fonoaudiologia-santiago\/files\/2016\/09\/claudia-guilmore-byn_.jpg\",\"width\":1696,\"height\":1696},{\"@type\":\"BreadcrumbList\",\"@id\":\"https:\/\/medicina.udd.cl\/fonoaudiologia-santiago\/persona\/claudia-gillmore-san-martin\/#breadcrumb\",\"itemListElement\":[{\"@type\":\"ListItem\",\"position\":1,\"name\":\"Home\",\"item\":\"https:\/\/medicina.udd.cl\/fonoaudiologia-santiago\/\"},{\"@type\":\"ListItem\",\"position\":2,\"name\":\"Personas\",\"item\":\"https:\/\/medicina.udd.cl\/fonoaudiologia-santiago\/persona\/\"},{\"@type\":\"ListItem\",\"position\":3,\"name\":\"Claudia Gillmore San Mart\u00edn\"}]},{\"@type\":\"WebSite\",\"@id\":\"https:\/\/medicina.udd.cl\/fonoaudiologia-santiago\/#website\",\"url\":\"https:\/\/medicina.udd.cl\/fonoaudiologia-santiago\/\",\"name\":\"Fonoaudiolog\u00eda\",\"description\":\"Facultad de Medicina Cl\u00ednica Alemana Universidad del Desarrollo\",\"inLanguage\":\"es\"}]}<\/script>\n<!-- \/ Yoast SEO plugin. -->","yoast_head_json":{"title":"Claudia Gillmore San Mart\u00edn - Fonoaudiolog\u00eda","robots":{"index":"index","follow":"follow","max-snippet":"max-snippet:-1","max-image-preview":"max-image-preview:large","max-video-preview":"max-video-preview:-1"},"canonical":"https:\/\/medicina.udd.cl\/fonoaudiologia-santiago\/persona\/claudia-gillmore-san-martin\/","og_locale":"es_ES","og_type":"article","og_title":"Claudia Gillmore San Mart\u00edn - Fonoaudiolog\u00eda","og_url":"https:\/\/medicina.udd.cl\/fonoaudiologia-santiago\/persona\/claudia-gillmore-san-martin\/","og_site_name":"Fonoaudiolog\u00eda","article_modified_time":"2022-12-27T19:03:50+00:00","og_image":[{"width":1696,"height":1696,"url":"https:\/\/medicina.udd.cl\/fonoaudiologia-santiago\/files\/2016\/09\/claudia-guilmore-byn_.jpg","type":"image\/jpeg"}],"schema":{"@context":"https:\/\/schema.org","@graph":[{"@type":"WebPage","@id":"https:\/\/medicina.udd.cl\/fonoaudiologia-santiago\/persona\/claudia-gillmore-san-martin\/","url":"https:\/\/medicina.udd.cl\/fonoaudiologia-santiago\/persona\/claudia-gillmore-san-martin\/","name":"Claudia Gillmore San Mart\u00edn - Fonoaudiolog\u00eda","isPartOf":{"@id":"https:\/\/medicina.udd.cl\/fonoaudiologia-santiago\/#website"},"primaryImageOfPage":{"@id":"https:\/\/medicina.udd.cl\/fonoaudiologia-santiago\/persona\/claudia-gillmore-san-martin\/#primaryimage"},"image":{"@id":"https:\/\/medicina.udd.cl\/fonoaudiologia-santiago\/persona\/claudia-gillmore-san-martin\/#primaryimage"},"thumbnailUrl":"https:\/\/medicina.udd.cl\/fonoaudiologia-santiago\/files\/2016\/09\/claudia-guilmore-byn_.jpg","datePublished":"2016-09-05T14:22:04+00:00","dateModified":"2022-12-27T19:03:50+00:00","breadcrumb":{"@id":"https:\/\/medicina.udd.cl\/fonoaudiologia-santiago\/persona\/claudia-gillmore-san-martin\/#breadcrumb"},"inLanguage":"es","potentialAction":[{"@type":"ReadAction","target":["https:\/\/medicina.udd.cl\/fonoaudiologia-santiago\/persona\/claudia-gillmore-san-martin\/"]}]},{"@type":"ImageObject","inLanguage":"es","@id":"https:\/\/medicina.udd.cl\/fonoaudiologia-santiago\/persona\/claudia-gillmore-san-martin\/#primaryimage","url":"https:\/\/medicina.udd.cl\/fonoaudiologia-santiago\/files\/2016\/09\/claudia-guilmore-byn_.jpg","contentUrl":"https:\/\/medicina.udd.cl\/fonoaudiologia-santiago\/files\/2016\/09\/claudia-guilmore-byn_.jpg","width":1696,"height":1696},{"@type":"BreadcrumbList","@id":"https:\/\/medicina.udd.cl\/fonoaudiologia-santiago\/persona\/claudia-gillmore-san-martin\/#breadcrumb","itemListElement":[{"@type":"ListItem","position":1,"name":"Home","item":"https:\/\/medicina.udd.cl\/fonoaudiologia-santiago\/"},{"@type":"ListItem","position":2,"name":"Personas","item":"https:\/\/medicina.udd.cl\/fonoaudiologia-santiago\/persona\/"},{"@type":"ListItem","position":3,"name":"Claudia Gillmore San Mart\u00edn"}]},{"@type":"WebSite","@id":"https:\/\/medicina.udd.cl\/fonoaudiologia-santiago\/#website","url":"https:\/\/medicina.udd.cl\/fonoaudiologia-santiago\/","name":"Fonoaudiolog\u00eda","description":"Facultad de Medicina Cl\u00ednica Alemana Universidad del Desarrollo","inLanguage":"es"}]}},"label":"Claudia Gillmore San Mart\u00edn","role":"Docente \u00c1rea Investigaci\u00f3n","thumbnail_url":"https:\/\/medicina.udd.cl\/fonoaudiologia-santiago\/files\/2016\/09\/claudia-guilmore-byn_-500x500.jpg","email":"cgillmore@udd.cl","tel_job":"","content":{"rendered":"<div class=\"person-modal person-modal--scl\">\n\t<header class=\"person-modal__header\">\n\t\t<div class=\"person-modal__bg\"><\/div>\n\t\t<div class=\"modal-container\">\n\t\t\t\t\t\t<div class=\"person-modal__media\">\n\t\t\t\t<img width=\"500\" height=\"500\" src=\"https:\/\/medicina.udd.cl\/fonoaudiologia-santiago\/files\/2016\/09\/claudia-guilmore-byn_-500x500.jpg\" class=\"person-modal__image wp-post-image\" alt=\"\" decoding=\"async\" loading=\"lazy\" srcset=\"https:\/\/medicina.udd.cl\/fonoaudiologia-santiago\/files\/2016\/09\/claudia-guilmore-byn_-500x500.jpg 500w, https:\/\/medicina.udd.cl\/fonoaudiologia-santiago\/files\/2016\/09\/claudia-guilmore-byn_-300x300.jpg 300w, https:\/\/medicina.udd.cl\/fonoaudiologia-santiago\/files\/2016\/09\/claudia-guilmore-byn_-1024x1024.jpg 1024w, https:\/\/medicina.udd.cl\/fonoaudiologia-santiago\/files\/2016\/09\/claudia-guilmore-byn_-150x150.jpg 150w, https:\/\/medicina.udd.cl\/fonoaudiologia-santiago\/files\/2016\/09\/claudia-guilmore-byn_-768x768.jpg 768w, https:\/\/medicina.udd.cl\/fonoaudiologia-santiago\/files\/2016\/09\/claudia-guilmore-byn_-62x62.jpg 62w, https:\/\/medicina.udd.cl\/fonoaudiologia-santiago\/files\/2016\/09\/claudia-guilmore-byn_-1536x1536.jpg 1536w, https:\/\/medicina.udd.cl\/fonoaudiologia-santiago\/files\/2016\/09\/claudia-guilmore-byn_-750x750.jpg 750w, https:\/\/medicina.udd.cl\/fonoaudiologia-santiago\/files\/2016\/09\/claudia-guilmore-byn_-250x250.jpg 250w, https:\/\/medicina.udd.cl\/fonoaudiologia-santiago\/files\/2016\/09\/claudia-guilmore-byn_-126x126.jpg 126w, https:\/\/medicina.udd.cl\/fonoaudiologia-santiago\/files\/2016\/09\/claudia-guilmore-byn_.jpg 1696w\" sizes=\"auto, (max-width: 500px) 100vw, 500px\" \/>\t\t\t<\/div>\n\t\t\t\t\t\t<div class=\"person-modal__data\">\n\t\t\t\t<h1 class=\"person-modal__name\">Claudia Gillmore San Mart\u00edn<\/h1>\n\t\t\t\t\t\t\t<span class=\"person-modal__description\">Docente \u00c1rea Investigaci\u00f3n<\/span>\n\t\t\t\t\t\t\t\t\t\t\t\t\t<a href=\"mailto:cg&#105;&#108;&#108;more&#064;&#117;&#100;&#100;&#046;&#099;l\" class=\"person-modal__email\">&#99;&#103;i&#108;&#108;mor&#101;&#64;&#117;&#100;d&#46;&#99;l<\/a>\n\t\t\t\t\t\t\t\t\t<\/div>\n\t\t<\/div>\n\t<\/header>\n\t<div class=\"modal-container\">\n\t\t\t<div class=\"person-modal__content text\">\n\t\t\t\t\t\t\t\t\t\t<ul>\n<li class=\"MsoNormal\"><span lang=\"ES\">Fonoaudi\u00f3loga Universidad Mayor<\/span><\/li>\n<\/ul>\n<ul>\n<li class=\"MsoNormal\"><span lang=\"ES\">\u00a0Magister en Educaci\u00f3n en Ciencias de la Salud, Universidad de Chile<\/span><\/li>\n<\/ul>\n<ul>\n<li class=\"MsoNormal\"><span lang=\"ES\">\u00a0Diplomada en Bioestad\u00edstica, Universidad Cat\u00f3lica de Chile<\/span><\/li>\n<\/ul>\n<ul>\n<li class=\"MsoNormal\"><span lang=\"ES\">\u00a0Diplomado en Psicomotricidad y Estrategias Educativas, Universidad del\u00a0<\/span>Desarrollo<\/li>\n<\/ul>\n<ul>\n<li class=\"MsoNormal\"><span lang=\"ES\">\u00a0Asesora de lactancia, Edulacta\u00a0 \u00a0\u00a0<\/span><\/li>\n<\/ul>\n<ul>\n<li class=\"MsoNormal\"><span lang=\"ES-CL\">\u00a0Certificaci\u00f3n en Estimulaci\u00f3n Temprana, de 0-3 a\u00f1os. Asociaci\u00f3n Mexicana de <\/span>Estimulaci\u00f3n Prenatal, Temprana y Acu\u00e1tica, A.C.<\/li>\n<\/ul>\n<ul>\n<li class=\"MsoNormal\"><span>Docente del \u00e1rea de Investigaci\u00f3n de la carrera<\/span><\/li>\n<li>\n<p class=\"MsoNormal\"><span>Experiencia laboral: Fonoaudi\u00f3loga en el \u00e1rea\u00a0 pedi\u00e1trica (Estimulaci\u00f3n a lactantes, preescolares y escolares).<\/span><\/p>\n<\/li>\n<\/ul>\n<p>&nbsp;<\/p>\n\t\t<\/div>\n\t<\/div>\n<\/div>\n"},"identifier":"b2c065f39c6e437bfbf90faf44ea446645a56f56","has_credential":[],"given_name":"Claudia","family_name":"Gillmore San Mart\u00edn","name":"Claudia Gillmore San Mart\u00edn","job_title":"Docente \u00c1rea Investigaci\u00f3n","telephone":"","note":"","im":"","_self_schedule":null,"_links":{"self":[{"href":"https:\/\/medicina.udd.cl\/fonoaudiologia-santiago\/wp-json\/wp\/v2\/people\/3503","targetHints":{"allow":["GET"]}}],"collection":[{"href":"https:\/\/medicina.udd.cl\/fonoaudiologia-santiago\/wp-json\/wp\/v2\/people"}],"about":[{"href":"https:\/\/medicina.udd.cl\/fonoaudiologia-santiago\/wp-json\/wp\/v2\/types\/person"}],"wp:featuredmedia":[{"embeddable":true,"href":"https:\/\/medicina.udd.cl\/fonoaudiologia-santiago\/wp-json\/wp\/v2\/media\/5908"}],"wp:attachment":[{"href":"https:\/\/medicina.udd.cl\/fonoaudiologia-santiago\/wp-json\/wp\/v2\/media?parent=3503"}],"wp:term":[{"taxonomy":"people_tax","embeddable":true,"href":"https:\/\/medicina.udd.cl\/fonoaudiologia-santiago\/wp-json\/wp\/v2\/people_tax?post=3503"},{"taxonomy":"people_areas","embeddable":true,"href":"https:\/\/medicina.udd.cl\/fonoaudiologia-santiago\/wp-json\/wp\/v2\/people_areas?post=3503"},{"taxonomy":"people_levels","embeddable":true,"href":"https:\/\/medicina.udd.cl\/fonoaudiologia-santiago\/wp-json\/wp\/v2\/people_levels?post=3503"}],"curies":[{"name":"wp","href":"https:\/\/api.w.org\/{rel}","templated":true}]}}

Claudia Gillmore San Martín

<!-- This site is optimized with the Yoast SEO plugin v26.9 - https://yoast.com/product/yoast-seo-wordpress/ -->
<title>Claudia Gillmore San Martín - Fonoaudiología</title>
<meta name="robots" content="index, follow, max-snippet:-1, max-image-preview:large, max-video-preview:-1" />
<link rel="canonical" href="https://medicina.udd.cl/fonoaudiologia-santiago/persona/claudia-gillmore-san-martin/" />
<meta property="og:locale" content="es_ES" />
<meta property="og:type" content="article" />
<meta property="og:title" content="Claudia Gillmore San Martín - Fonoaudiología" />
<meta property="og:url" content="https://medicina.udd.cl/fonoaudiologia-santiago/persona/claudia-gillmore-san-martin/" />
<meta property="og:site_name" content="Fonoaudiología" />
<meta property="article:modified_time" content="2022-12-27T19:03:50+00:00" />
<meta property="og:image" content="https://medicina.udd.cl/fonoaudiologia-santiago/files/2016/09/claudia-guilmore-byn_.jpg" />
	<meta property="og:image:width" content="1696" />
	<meta property="og:image:height" content="1696" />
	<meta property="og:image:type" content="image/jpeg" />
<script type="application/ld+json" class="yoast-schema-graph">{"@context":"https://schema.org","@graph":[{"@type":"WebPage","@id":"https://medicina.udd.cl/fonoaudiologia-santiago/persona/claudia-gillmore-san-martin/","url":"https://medicina.udd.cl/fonoaudiologia-santiago/persona/claudia-gillmore-san-martin/","name":"Claudia Gillmore San Martín - Fonoaudiología","isPartOf":{"@id":"https://medicina.udd.cl/fonoaudiologia-santiago/#website"},"primaryImageOfPage":{"@id":"https://medicina.udd.cl/fonoaudiologia-santiago/persona/claudia-gillmore-san-martin/#primaryimage"},"image":{"@id":"https://medicina.udd.cl/fonoaudiologia-santiago/persona/claudia-gillmore-san-martin/#primaryimage"},"thumbnailUrl":"https://medicina.udd.cl/fonoaudiologia-santiago/files/2016/09/claudia-guilmore-byn_.jpg","datePublished":"2016-09-05T14:22:04+00:00","dateModified":"2022-12-27T19:03:50+00:00","breadcrumb":{"@id":"https://medicina.udd.cl/fonoaudiologia-santiago/persona/claudia-gillmore-san-martin/#breadcrumb"},"inLanguage":"es","potentialAction":[{"@type":"ReadAction","target":["https://medicina.udd.cl/fonoaudiologia-santiago/persona/claudia-gillmore-san-martin/"]}]},{"@type":"ImageObject","inLanguage":"es","@id":"https://medicina.udd.cl/fonoaudiologia-santiago/persona/claudia-gillmore-san-martin/#primaryimage","url":"https://medicina.udd.cl/fonoaudiologia-santiago/files/2016/09/claudia-guilmore-byn_.jpg","contentUrl":"https://medicina.udd.cl/fonoaudiologia-santiago/files/2016/09/claudia-guilmore-byn_.jpg","width":1696,"height":1696},{"@type":"BreadcrumbList","@id":"https://medicina.udd.cl/fonoaudiologia-santiago/persona/claudia-gillmore-san-martin/#breadcrumb","itemListElement":[{"@type":"ListItem","position":1,"name":"Home","item":"https://medicina.udd.cl/fonoaudiologia-santiago/"},{"@type":"ListItem","position":2,"name":"Personas","item":"https://medicina.udd.cl/fonoaudiologia-santiago/persona/"},{"@type":"ListItem","position":3,"name":"Claudia Gillmore San Martín"}]},{"@type":"WebSite","@id":"https://medicina.udd.cl/fonoaudiologia-santiago/#website","url":"https://medicina.udd.cl/fonoaudiologia-santiago/","name":"Fonoaudiología","description":"Facultad de Medicina Clínica Alemana Universidad del Desarrollo","inLanguage":"es"}]}</script>
<!-- / Yoast SEO plugin. -->

Claudia Gillmore San Martín - Fonoaudiología

Fonoaudiología

Facultad de Medicina Clínica Alemana Universidad del Desarrollo

Docente Área Investigación

<div class="person-modal person-modal--scl">
	<header class="person-modal__header">
		<div class="person-modal__bg"></div>
		<div class="modal-container">
						<div class="person-modal__media">
				<img width="500" height="500" src="https://medicina.udd.cl/fonoaudiologia-santiago/files/2016/09/claudia-guilmore-byn_-500x500.jpg" class="person-modal__image wp-post-image" alt="" decoding="async" loading="lazy" srcset="https://medicina.udd.cl/fonoaudiologia-santiago/files/2016/09/claudia-guilmore-byn_-500x500.jpg 500w, https://medicina.udd.cl/fonoaudiologia-santiago/files/2016/09/claudia-guilmore-byn_-300x300.jpg 300w, https://medicina.udd.cl/fonoaudiologia-santiago/files/2016/09/claudia-guilmore-byn_-1024x1024.jpg 1024w, https://medicina.udd.cl/fonoaudiologia-santiago/files/2016/09/claudia-guilmore-byn_-150x150.jpg 150w, https://medicina.udd.cl/fonoaudiologia-santiago/files/2016/09/claudia-guilmore-byn_-768x768.jpg 768w, https://medicina.udd.cl/fonoaudiologia-santiago/files/2016/09/claudia-guilmore-byn_-62x62.jpg 62w, https://medicina.udd.cl/fonoaudiologia-santiago/files/2016/09/claudia-guilmore-byn_-1536x1536.jpg 1536w, https://medicina.udd.cl/fonoaudiologia-santiago/files/2016/09/claudia-guilmore-byn_-750x750.jpg 750w, https://medicina.udd.cl/fonoaudiologia-santiago/files/2016/09/claudia-guilmore-byn_-250x250.jpg 250w, https://medicina.udd.cl/fonoaudiologia-santiago/files/2016/09/claudia-guilmore-byn_-126x126.jpg 126w, https://medicina.udd.cl/fonoaudiologia-santiago/files/2016/09/claudia-guilmore-byn_.jpg 1696w" sizes="auto, (max-width: 500px) 100vw, 500px" />			</div>
						<div class="person-modal__data">
				<h1 class="person-modal__name">Claudia Gillmore San Martín</h1>
							<span class="person-modal__description">Docente Área Investigación</span>
													<a href="mailto:cg&#105;&#108;&#108;more&#064;&#117;&#100;&#100;&#046;&#099;l" class="person-modal__email">&#99;&#103;i&#108;&#108;mor&#101;&#64;&#117;&#100;d&#46;&#99;l</a>
									</div>
		</div>
	</header>
	<div class="modal-container">
			<div class="person-modal__content text">
										<ul>
<li class="MsoNormal"><span lang="ES">Fonoaudióloga Universidad Mayor</span></li>
</ul>
<ul>
<li class="MsoNormal"><span lang="ES"> Magister en Educación en Ciencias de la Salud, Universidad de Chile</span></li>
</ul>
<ul>
<li class="MsoNormal"><span lang="ES"> Diplomada en Bioestadística, Universidad Católica de Chile</span></li>
</ul>
<ul>
<li class="MsoNormal"><span lang="ES"> Diplomado en Psicomotricidad y Estrategias Educativas, Universidad del </span>Desarrollo</li>
</ul>
<ul>
<li class="MsoNormal"><span lang="ES"> Asesora de lactancia, Edulacta    </span></li>
</ul>
<ul>
<li class="MsoNormal"><span lang="ES-CL"> Certificación en Estimulación Temprana, de 0-3 años. Asociación Mexicana de </span>Estimulación Prenatal, Temprana y Acuática, A.C.</li>
</ul>
<ul>
<li class="MsoNormal"><span>Docente del área de Investigación de la carrera</span></li>
<li>
<p class="MsoNormal"><span>Experiencia laboral: Fonoaudióloga en el área  pediátrica (Estimulación a lactantes, preescolares y escolares).</span></p>
</li>
</ul>
<p>&nbsp;</p>
		</div>
	</div>
</div>

Gillmore San Martín
