{"id":4076,"date":"2018-03-29T10:56:22","date_gmt":"2018-03-29T13:56:22","guid":{"rendered":"http:\/\/medicina.udd.cl\/fonoaudiologia-santiago\/?post_type=person&#038;p=4076"},"modified":"2020-04-16T16:47:38","modified_gmt":"2020-04-16T20:47:38","slug":"ivan-zamorano-reveco","status":"publish","type":"person","link":"https:\/\/medicina.udd.cl\/fonoaudiologia-santiago\/persona\/ivan-zamorano-reveco\/","title":{"rendered":"Iv\u00e1n Zamorano Reveco"},"featured_media":4791,"template":"","people_tax":[4035],"people_areas":[],"people_levels":[],"class_list":["post-4076","person","type-person","status-publish","has-post-thumbnail","hentry","people_tax-profesor","people_list-docentes"],"yoast_head":"<!-- This site is optimized with the Yoast SEO plugin v26.9 - https:\/\/yoast.com\/product\/yoast-seo-wordpress\/ -->\n<title>Iv\u00e1n Zamorano Reveco - Fonoaudiolog\u00eda<\/title>\n<meta name=\"robots\" content=\"index, follow, max-snippet:-1, max-image-preview:large, max-video-preview:-1\" \/>\n<link rel=\"canonical\" href=\"https:\/\/medicina.udd.cl\/fonoaudiologia-santiago\/persona\/ivan-zamorano-reveco\/\" \/>\n<meta property=\"og:locale\" content=\"es_ES\" \/>\n<meta property=\"og:type\" content=\"article\" \/>\n<meta property=\"og:title\" content=\"Iv\u00e1n Zamorano Reveco - Fonoaudiolog\u00eda\" \/>\n<meta property=\"og:url\" content=\"https:\/\/medicina.udd.cl\/fonoaudiologia-santiago\/persona\/ivan-zamorano-reveco\/\" \/>\n<meta property=\"og:site_name\" content=\"Fonoaudiolog\u00eda\" \/>\n<meta property=\"article:modified_time\" content=\"2020-04-16T20:47:38+00:00\" \/>\n<meta property=\"og:image\" content=\"https:\/\/medicina.udd.cl\/fonoaudiologia-santiago\/files\/2018\/03\/Iv\u00e1n-Zamorano.byn_.jpg\" \/>\n\t<meta property=\"og:image:width\" content=\"4272\" \/>\n\t<meta property=\"og:image:height\" content=\"2848\" \/>\n\t<meta property=\"og:image:type\" content=\"image\/jpeg\" \/>\n<script type=\"application\/ld+json\" class=\"yoast-schema-graph\">{\"@context\":\"https:\/\/schema.org\",\"@graph\":[{\"@type\":\"WebPage\",\"@id\":\"https:\/\/medicina.udd.cl\/fonoaudiologia-santiago\/persona\/ivan-zamorano-reveco\/\",\"url\":\"https:\/\/medicina.udd.cl\/fonoaudiologia-santiago\/persona\/ivan-zamorano-reveco\/\",\"name\":\"Iv\u00e1n Zamorano Reveco - Fonoaudiolog\u00eda\",\"isPartOf\":{\"@id\":\"https:\/\/medicina.udd.cl\/fonoaudiologia-santiago\/#website\"},\"primaryImageOfPage\":{\"@id\":\"https:\/\/medicina.udd.cl\/fonoaudiologia-santiago\/persona\/ivan-zamorano-reveco\/#primaryimage\"},\"image\":{\"@id\":\"https:\/\/medicina.udd.cl\/fonoaudiologia-santiago\/persona\/ivan-zamorano-reveco\/#primaryimage\"},\"thumbnailUrl\":\"https:\/\/medicina.udd.cl\/fonoaudiologia-santiago\/files\/2018\/03\/Iv\u00e1n-Zamorano.byn_.jpg\",\"datePublished\":\"2018-03-29T13:56:22+00:00\",\"dateModified\":\"2020-04-16T20:47:38+00:00\",\"breadcrumb\":{\"@id\":\"https:\/\/medicina.udd.cl\/fonoaudiologia-santiago\/persona\/ivan-zamorano-reveco\/#breadcrumb\"},\"inLanguage\":\"es\",\"potentialAction\":[{\"@type\":\"ReadAction\",\"target\":[\"https:\/\/medicina.udd.cl\/fonoaudiologia-santiago\/persona\/ivan-zamorano-reveco\/\"]}]},{\"@type\":\"ImageObject\",\"inLanguage\":\"es\",\"@id\":\"https:\/\/medicina.udd.cl\/fonoaudiologia-santiago\/persona\/ivan-zamorano-reveco\/#primaryimage\",\"url\":\"https:\/\/medicina.udd.cl\/fonoaudiologia-santiago\/files\/2018\/03\/Iv\u00e1n-Zamorano.byn_.jpg\",\"contentUrl\":\"https:\/\/medicina.udd.cl\/fonoaudiologia-santiago\/files\/2018\/03\/Iv\u00e1n-Zamorano.byn_.jpg\",\"width\":4272,\"height\":2848},{\"@type\":\"BreadcrumbList\",\"@id\":\"https:\/\/medicina.udd.cl\/fonoaudiologia-santiago\/persona\/ivan-zamorano-reveco\/#breadcrumb\",\"itemListElement\":[{\"@type\":\"ListItem\",\"position\":1,\"name\":\"Home\",\"item\":\"https:\/\/medicina.udd.cl\/fonoaudiologia-santiago\/\"},{\"@type\":\"ListItem\",\"position\":2,\"name\":\"Personas\",\"item\":\"https:\/\/medicina.udd.cl\/fonoaudiologia-santiago\/persona\/\"},{\"@type\":\"ListItem\",\"position\":3,\"name\":\"Iv\u00e1n Zamorano Reveco\"}]},{\"@type\":\"WebSite\",\"@id\":\"https:\/\/medicina.udd.cl\/fonoaudiologia-santiago\/#website\",\"url\":\"https:\/\/medicina.udd.cl\/fonoaudiologia-santiago\/\",\"name\":\"Fonoaudiolog\u00eda\",\"description\":\"Facultad de Medicina Cl\u00ednica Alemana Universidad del Desarrollo\",\"inLanguage\":\"es\"}]}<\/script>\n<!-- \/ Yoast SEO plugin. -->","yoast_head_json":{"title":"Iv\u00e1n Zamorano Reveco - Fonoaudiolog\u00eda","robots":{"index":"index","follow":"follow","max-snippet":"max-snippet:-1","max-image-preview":"max-image-preview:large","max-video-preview":"max-video-preview:-1"},"canonical":"https:\/\/medicina.udd.cl\/fonoaudiologia-santiago\/persona\/ivan-zamorano-reveco\/","og_locale":"es_ES","og_type":"article","og_title":"Iv\u00e1n Zamorano Reveco - Fonoaudiolog\u00eda","og_url":"https:\/\/medicina.udd.cl\/fonoaudiologia-santiago\/persona\/ivan-zamorano-reveco\/","og_site_name":"Fonoaudiolog\u00eda","article_modified_time":"2020-04-16T20:47:38+00:00","og_image":[{"width":4272,"height":2848,"url":"https:\/\/medicina.udd.cl\/fonoaudiologia-santiago\/files\/2018\/03\/Iv\u00e1n-Zamorano.byn_.jpg","type":"image\/jpeg"}],"schema":{"@context":"https:\/\/schema.org","@graph":[{"@type":"WebPage","@id":"https:\/\/medicina.udd.cl\/fonoaudiologia-santiago\/persona\/ivan-zamorano-reveco\/","url":"https:\/\/medicina.udd.cl\/fonoaudiologia-santiago\/persona\/ivan-zamorano-reveco\/","name":"Iv\u00e1n Zamorano Reveco - Fonoaudiolog\u00eda","isPartOf":{"@id":"https:\/\/medicina.udd.cl\/fonoaudiologia-santiago\/#website"},"primaryImageOfPage":{"@id":"https:\/\/medicina.udd.cl\/fonoaudiologia-santiago\/persona\/ivan-zamorano-reveco\/#primaryimage"},"image":{"@id":"https:\/\/medicina.udd.cl\/fonoaudiologia-santiago\/persona\/ivan-zamorano-reveco\/#primaryimage"},"thumbnailUrl":"https:\/\/medicina.udd.cl\/fonoaudiologia-santiago\/files\/2018\/03\/Iv\u00e1n-Zamorano.byn_.jpg","datePublished":"2018-03-29T13:56:22+00:00","dateModified":"2020-04-16T20:47:38+00:00","breadcrumb":{"@id":"https:\/\/medicina.udd.cl\/fonoaudiologia-santiago\/persona\/ivan-zamorano-reveco\/#breadcrumb"},"inLanguage":"es","potentialAction":[{"@type":"ReadAction","target":["https:\/\/medicina.udd.cl\/fonoaudiologia-santiago\/persona\/ivan-zamorano-reveco\/"]}]},{"@type":"ImageObject","inLanguage":"es","@id":"https:\/\/medicina.udd.cl\/fonoaudiologia-santiago\/persona\/ivan-zamorano-reveco\/#primaryimage","url":"https:\/\/medicina.udd.cl\/fonoaudiologia-santiago\/files\/2018\/03\/Iv\u00e1n-Zamorano.byn_.jpg","contentUrl":"https:\/\/medicina.udd.cl\/fonoaudiologia-santiago\/files\/2018\/03\/Iv\u00e1n-Zamorano.byn_.jpg","width":4272,"height":2848},{"@type":"BreadcrumbList","@id":"https:\/\/medicina.udd.cl\/fonoaudiologia-santiago\/persona\/ivan-zamorano-reveco\/#breadcrumb","itemListElement":[{"@type":"ListItem","position":1,"name":"Home","item":"https:\/\/medicina.udd.cl\/fonoaudiologia-santiago\/"},{"@type":"ListItem","position":2,"name":"Personas","item":"https:\/\/medicina.udd.cl\/fonoaudiologia-santiago\/persona\/"},{"@type":"ListItem","position":3,"name":"Iv\u00e1n Zamorano Reveco"}]},{"@type":"WebSite","@id":"https:\/\/medicina.udd.cl\/fonoaudiologia-santiago\/#website","url":"https:\/\/medicina.udd.cl\/fonoaudiologia-santiago\/","name":"Fonoaudiolog\u00eda","description":"Facultad de Medicina Cl\u00ednica Alemana Universidad del Desarrollo","inLanguage":"es"}]}},"label":"Iv\u00e1n Zamorano Reveco","role":"Docente del \u00c1rea de Voz ","thumbnail_url":"https:\/\/medicina.udd.cl\/fonoaudiologia-santiago\/files\/2018\/03\/Iv\u00e1n-Zamorano.byn_-500x500.jpg","email":"i.zamorano@udd.cl","tel_job":"","content":{"rendered":"<div class=\"person-modal person-modal--scl\">\n\t<header class=\"person-modal__header\">\n\t\t<div class=\"person-modal__bg\"><\/div>\n\t\t<div class=\"modal-container\">\n\t\t\t\t\t\t<div class=\"person-modal__media\">\n\t\t\t\t<img width=\"500\" height=\"500\" src=\"https:\/\/medicina.udd.cl\/fonoaudiologia-santiago\/files\/2018\/03\/Iv\u00e1n-Zamorano.byn_-500x500.jpg\" class=\"person-modal__image wp-post-image\" alt=\"\" decoding=\"async\" loading=\"lazy\" srcset=\"https:\/\/medicina.udd.cl\/fonoaudiologia-santiago\/files\/2018\/03\/Iv\u00e1n-Zamorano.byn_-500x500.jpg 500w, https:\/\/medicina.udd.cl\/fonoaudiologia-santiago\/files\/2018\/03\/Iv\u00e1n-Zamorano.byn_-150x150.jpg 150w, https:\/\/medicina.udd.cl\/fonoaudiologia-santiago\/files\/2018\/03\/Iv\u00e1n-Zamorano.byn_-62x62.jpg 62w, https:\/\/medicina.udd.cl\/fonoaudiologia-santiago\/files\/2018\/03\/Iv\u00e1n-Zamorano.byn_-750x750.jpg 750w, https:\/\/medicina.udd.cl\/fonoaudiologia-santiago\/files\/2018\/03\/Iv\u00e1n-Zamorano.byn_-250x250.jpg 250w, https:\/\/medicina.udd.cl\/fonoaudiologia-santiago\/files\/2018\/03\/Iv\u00e1n-Zamorano.byn_-126x126.jpg 126w\" sizes=\"auto, (max-width: 500px) 100vw, 500px\" \/>\t\t\t<\/div>\n\t\t\t\t\t\t<div class=\"person-modal__data\">\n\t\t\t\t<h1 class=\"person-modal__name\">Iv\u00e1n Zamorano Reveco<\/h1>\n\t\t\t\t\t\t\t<span class=\"person-modal__description\">Docente del \u00c1rea de Voz <\/span>\n\t\t\t\t\t\t\t\t\t\t\t\t\t<a href=\"mailto:i&#046;&#122;&#097;&#109;o&#114;&#097;no&#064;u&#100;&#100;.cl\" class=\"person-modal__email\">i.za&#109;&#111;r&#97;&#110;&#111;&#64;u&#100;d.&#99;&#108;<\/a>\n\t\t\t\t\t\t\t\t\t<\/div>\n\t\t<\/div>\n\t<\/header>\n\t<div class=\"modal-container\">\n\t\t\t<div class=\"person-modal__content text\">\n\t\t\t\t\t\t\t\t\t\t\t\t<\/div>\n\t<\/div>\n<\/div>\n"},"identifier":"47b46550b078f07c5fd6d0de162c40ef5bb47240","has_credential":[],"given_name":"Iv\u00e1n","family_name":"Zamorano Reveco","name":"Iv\u00e1n Zamorano Reveco","job_title":"Docente del \u00c1rea de Voz ","telephone":"","note":"","im":"","_self_schedule":null,"_links":{"self":[{"href":"https:\/\/medicina.udd.cl\/fonoaudiologia-santiago\/wp-json\/wp\/v2\/people\/4076","targetHints":{"allow":["GET"]}}],"collection":[{"href":"https:\/\/medicina.udd.cl\/fonoaudiologia-santiago\/wp-json\/wp\/v2\/people"}],"about":[{"href":"https:\/\/medicina.udd.cl\/fonoaudiologia-santiago\/wp-json\/wp\/v2\/types\/person"}],"wp:featuredmedia":[{"embeddable":true,"href":"https:\/\/medicina.udd.cl\/fonoaudiologia-santiago\/wp-json\/wp\/v2\/media\/4791"}],"wp:attachment":[{"href":"https:\/\/medicina.udd.cl\/fonoaudiologia-santiago\/wp-json\/wp\/v2\/media?parent=4076"}],"wp:term":[{"taxonomy":"people_tax","embeddable":true,"href":"https:\/\/medicina.udd.cl\/fonoaudiologia-santiago\/wp-json\/wp\/v2\/people_tax?post=4076"},{"taxonomy":"people_areas","embeddable":true,"href":"https:\/\/medicina.udd.cl\/fonoaudiologia-santiago\/wp-json\/wp\/v2\/people_areas?post=4076"},{"taxonomy":"people_levels","embeddable":true,"href":"https:\/\/medicina.udd.cl\/fonoaudiologia-santiago\/wp-json\/wp\/v2\/people_levels?post=4076"}],"curies":[{"name":"wp","href":"https:\/\/api.w.org\/{rel}","templated":true}]}}

Iván Zamorano Reveco

<!-- This site is optimized with the Yoast SEO plugin v26.9 - https://yoast.com/product/yoast-seo-wordpress/ -->
<title>Iván Zamorano Reveco - Fonoaudiología</title>
<meta name="robots" content="index, follow, max-snippet:-1, max-image-preview:large, max-video-preview:-1" />
<link rel="canonical" href="https://medicina.udd.cl/fonoaudiologia-santiago/persona/ivan-zamorano-reveco/" />
<meta property="og:locale" content="es_ES" />
<meta property="og:type" content="article" />
<meta property="og:title" content="Iván Zamorano Reveco - Fonoaudiología" />
<meta property="og:url" content="https://medicina.udd.cl/fonoaudiologia-santiago/persona/ivan-zamorano-reveco/" />
<meta property="og:site_name" content="Fonoaudiología" />
<meta property="article:modified_time" content="2020-04-16T20:47:38+00:00" />
<meta property="og:image" content="https://medicina.udd.cl/fonoaudiologia-santiago/files/2018/03/Iván-Zamorano.byn_.jpg" />
	<meta property="og:image:width" content="4272" />
	<meta property="og:image:height" content="2848" />
	<meta property="og:image:type" content="image/jpeg" />
<script type="application/ld+json" class="yoast-schema-graph">{"@context":"https://schema.org","@graph":[{"@type":"WebPage","@id":"https://medicina.udd.cl/fonoaudiologia-santiago/persona/ivan-zamorano-reveco/","url":"https://medicina.udd.cl/fonoaudiologia-santiago/persona/ivan-zamorano-reveco/","name":"Iván Zamorano Reveco - Fonoaudiología","isPartOf":{"@id":"https://medicina.udd.cl/fonoaudiologia-santiago/#website"},"primaryImageOfPage":{"@id":"https://medicina.udd.cl/fonoaudiologia-santiago/persona/ivan-zamorano-reveco/#primaryimage"},"image":{"@id":"https://medicina.udd.cl/fonoaudiologia-santiago/persona/ivan-zamorano-reveco/#primaryimage"},"thumbnailUrl":"https://medicina.udd.cl/fonoaudiologia-santiago/files/2018/03/Iván-Zamorano.byn_.jpg","datePublished":"2018-03-29T13:56:22+00:00","dateModified":"2020-04-16T20:47:38+00:00","breadcrumb":{"@id":"https://medicina.udd.cl/fonoaudiologia-santiago/persona/ivan-zamorano-reveco/#breadcrumb"},"inLanguage":"es","potentialAction":[{"@type":"ReadAction","target":["https://medicina.udd.cl/fonoaudiologia-santiago/persona/ivan-zamorano-reveco/"]}]},{"@type":"ImageObject","inLanguage":"es","@id":"https://medicina.udd.cl/fonoaudiologia-santiago/persona/ivan-zamorano-reveco/#primaryimage","url":"https://medicina.udd.cl/fonoaudiologia-santiago/files/2018/03/Iván-Zamorano.byn_.jpg","contentUrl":"https://medicina.udd.cl/fonoaudiologia-santiago/files/2018/03/Iván-Zamorano.byn_.jpg","width":4272,"height":2848},{"@type":"BreadcrumbList","@id":"https://medicina.udd.cl/fonoaudiologia-santiago/persona/ivan-zamorano-reveco/#breadcrumb","itemListElement":[{"@type":"ListItem","position":1,"name":"Home","item":"https://medicina.udd.cl/fonoaudiologia-santiago/"},{"@type":"ListItem","position":2,"name":"Personas","item":"https://medicina.udd.cl/fonoaudiologia-santiago/persona/"},{"@type":"ListItem","position":3,"name":"Iván Zamorano Reveco"}]},{"@type":"WebSite","@id":"https://medicina.udd.cl/fonoaudiologia-santiago/#website","url":"https://medicina.udd.cl/fonoaudiologia-santiago/","name":"Fonoaudiología","description":"Facultad de Medicina Clínica Alemana Universidad del Desarrollo","inLanguage":"es"}]}</script>
<!-- / Yoast SEO plugin. -->

Iván Zamorano Reveco - Fonoaudiología

Fonoaudiología

https://medicina.udd.cl/fonoaudiologia-santiago/files/2018/03/Iván-Zamorano.byn_.jpg

Facultad de Medicina Clínica Alemana Universidad del Desarrollo

Docente del Área de Voz

https://medicina.udd.cl/fonoaudiologia-santiago/files/2018/03/Iván-Zamorano.byn_-500x500.jpg

<div class="person-modal person-modal--scl">
	<header class="person-modal__header">
		<div class="person-modal__bg"></div>
		<div class="modal-container">
						<div class="person-modal__media">
				<img width="500" height="500" src="https://medicina.udd.cl/fonoaudiologia-santiago/files/2018/03/Iván-Zamorano.byn_-500x500.jpg" class="person-modal__image wp-post-image" alt="" decoding="async" loading="lazy" srcset="https://medicina.udd.cl/fonoaudiologia-santiago/files/2018/03/Iván-Zamorano.byn_-500x500.jpg 500w, https://medicina.udd.cl/fonoaudiologia-santiago/files/2018/03/Iván-Zamorano.byn_-150x150.jpg 150w, https://medicina.udd.cl/fonoaudiologia-santiago/files/2018/03/Iván-Zamorano.byn_-62x62.jpg 62w, https://medicina.udd.cl/fonoaudiologia-santiago/files/2018/03/Iván-Zamorano.byn_-750x750.jpg 750w, https://medicina.udd.cl/fonoaudiologia-santiago/files/2018/03/Iván-Zamorano.byn_-250x250.jpg 250w, https://medicina.udd.cl/fonoaudiologia-santiago/files/2018/03/Iván-Zamorano.byn_-126x126.jpg 126w" sizes="auto, (max-width: 500px) 100vw, 500px" />			</div>
						<div class="person-modal__data">
				<h1 class="person-modal__name">Iván Zamorano Reveco</h1>
							<span class="person-modal__description">Docente del Área de Voz </span>
													<a href="mailto:i&#046;&#122;&#097;&#109;o&#114;&#097;no&#064;u&#100;&#100;.cl" class="person-modal__email">i.za&#109;&#111;r&#97;&#110;&#111;&#64;u&#100;d.&#99;&#108;</a>
									</div>
		</div>
	</header>
	<div class="modal-container">
			<div class="person-modal__content text">
												</div>
	</div>
</div>

Iván
