{"id":14307,"date":"2025-08-28T14:00:09","date_gmt":"2025-08-28T18:00:09","guid":{"rendered":"https:\/\/medicina.udd.cl\/icim\/files\/2025\/08\/reunion-estado-de-bavaria-2.jpeg"},"modified":"2025-08-28T14:00:09","modified_gmt":"2025-08-28T18:00:09","slug":"reunion-estado-de-bavaria-2","status":"inherit","type":"attachment","link":"https:\/\/medicina.udd.cl\/icim\/2025\/08\/14\/udd-proyecta-cooperacion-internacional-con-actores-del-ecosistema-aleman-de-innovacion\/reunion-estado-de-bavaria-2\/","title":{"rendered":"reunion-estado-de-bavaria-2"},"author":9192254,"featured_media":0,"comment_status":"","ping_status":"closed","template":"","meta":[],"class_list":["post-14307","attachment","type-attachment","status-inherit","hentry"],"yoast_head":"<!-- This site is optimized with the Yoast SEO plugin v26.9 - https:\/\/yoast.com\/product\/yoast-seo-wordpress\/ -->\n<title>reunion-estado-de-bavaria-2 - ICIM<\/title>\n<meta name=\"robots\" content=\"index, follow, max-snippet:-1, max-image-preview:large, max-video-preview:-1\" \/>\n<link rel=\"canonical\" href=\"https:\/\/medicina.udd.cl\/icim\/files\/2025\/08\/reunion-estado-de-bavaria-2.jpeg\" \/>\n<meta property=\"og:locale\" content=\"es_ES\" \/>\n<meta property=\"og:type\" content=\"article\" \/>\n<meta property=\"og:title\" content=\"reunion-estado-de-bavaria-2 - ICIM\" \/>\n<meta property=\"og:url\" content=\"https:\/\/medicina.udd.cl\/icim\/files\/2025\/08\/reunion-estado-de-bavaria-2.jpeg\" \/>\n<meta property=\"og:site_name\" content=\"ICIM\" \/>\n<meta property=\"og:image\" content=\"https:\/\/medicina.udd.cl\/icim\/files\/2025\/08\/reunion-estado-de-bavaria-2.jpeg\" \/>\n\t<meta property=\"og:image:width\" content=\"1\" \/>\n\t<meta property=\"og:image:height\" content=\"1\" \/>\n\t<meta property=\"og:image:type\" content=\"image\/jpeg\" \/>\n<meta name=\"twitter:card\" content=\"summary_large_image\" \/>\n<script type=\"application\/ld+json\" class=\"yoast-schema-graph\">{\"@context\":\"https:\/\/schema.org\",\"@graph\":[{\"@type\":\"WebPage\",\"@id\":\"https:\/\/medicina.udd.cl\/icim\/files\/2025\/08\/reunion-estado-de-bavaria-2.jpeg\",\"url\":\"https:\/\/medicina.udd.cl\/icim\/files\/2025\/08\/reunion-estado-de-bavaria-2.jpeg\",\"name\":\"reunion-estado-de-bavaria-2 - ICIM\",\"isPartOf\":{\"@id\":\"https:\/\/medicina.udd.cl\/icim\/#website\"},\"datePublished\":\"2025-08-28T18:00:09+00:00\",\"breadcrumb\":{\"@id\":\"https:\/\/medicina.udd.cl\/icim\/files\/2025\/08\/reunion-estado-de-bavaria-2.jpeg#breadcrumb\"},\"inLanguage\":\"es\",\"potentialAction\":[{\"@type\":\"ReadAction\",\"target\":[\"https:\/\/medicina.udd.cl\/icim\/files\/2025\/08\/reunion-estado-de-bavaria-2.jpeg\"]}]},{\"@type\":\"BreadcrumbList\",\"@id\":\"https:\/\/medicina.udd.cl\/icim\/files\/2025\/08\/reunion-estado-de-bavaria-2.jpeg#breadcrumb\",\"itemListElement\":[{\"@type\":\"ListItem\",\"position\":1,\"name\":\"Inicio\",\"item\":\"https:\/\/medicina.udd.cl\/icim\/\"},{\"@type\":\"ListItem\",\"position\":2,\"name\":\"UDD proyecta cooperaci\u00f3n internacional con actores del ecosistema alem\u00e1n de innovaci\u00f3n\",\"item\":\"https:\/\/medicina.udd.cl\/icim\/2025\/08\/14\/udd-proyecta-cooperacion-internacional-con-actores-del-ecosistema-aleman-de-innovacion\/\"},{\"@type\":\"ListItem\",\"position\":3,\"name\":\"reunion-estado-de-bavaria-2\"}]},{\"@type\":\"WebSite\",\"@id\":\"https:\/\/medicina.udd.cl\/icim\/#website\",\"url\":\"https:\/\/medicina.udd.cl\/icim\/\",\"name\":\"ICIM\",\"description\":\"Una iniciativa de Universidad del Desarrollo y Cl\u00ednica Alemana\",\"inLanguage\":\"es\"}]}<\/script>\n<!-- \/ Yoast SEO plugin. -->","yoast_head_json":{"title":"reunion-estado-de-bavaria-2 - ICIM","robots":{"index":"index","follow":"follow","max-snippet":"max-snippet:-1","max-image-preview":"max-image-preview:large","max-video-preview":"max-video-preview:-1"},"canonical":"https:\/\/medicina.udd.cl\/icim\/files\/2025\/08\/reunion-estado-de-bavaria-2.jpeg","og_locale":"es_ES","og_type":"article","og_title":"reunion-estado-de-bavaria-2 - ICIM","og_url":"https:\/\/medicina.udd.cl\/icim\/files\/2025\/08\/reunion-estado-de-bavaria-2.jpeg","og_site_name":"ICIM","og_image":[{"url":"https:\/\/medicina.udd.cl\/icim\/files\/2025\/08\/reunion-estado-de-bavaria-2.jpeg","width":1,"height":1,"type":"image\/jpeg"}],"twitter_card":"summary_large_image","schema":{"@context":"https:\/\/schema.org","@graph":[{"@type":"WebPage","@id":"https:\/\/medicina.udd.cl\/icim\/files\/2025\/08\/reunion-estado-de-bavaria-2.jpeg","url":"https:\/\/medicina.udd.cl\/icim\/files\/2025\/08\/reunion-estado-de-bavaria-2.jpeg","name":"reunion-estado-de-bavaria-2 - ICIM","isPartOf":{"@id":"https:\/\/medicina.udd.cl\/icim\/#website"},"datePublished":"2025-08-28T18:00:09+00:00","breadcrumb":{"@id":"https:\/\/medicina.udd.cl\/icim\/files\/2025\/08\/reunion-estado-de-bavaria-2.jpeg#breadcrumb"},"inLanguage":"es","potentialAction":[{"@type":"ReadAction","target":["https:\/\/medicina.udd.cl\/icim\/files\/2025\/08\/reunion-estado-de-bavaria-2.jpeg"]}]},{"@type":"BreadcrumbList","@id":"https:\/\/medicina.udd.cl\/icim\/files\/2025\/08\/reunion-estado-de-bavaria-2.jpeg#breadcrumb","itemListElement":[{"@type":"ListItem","position":1,"name":"Inicio","item":"https:\/\/medicina.udd.cl\/icim\/"},{"@type":"ListItem","position":2,"name":"UDD proyecta cooperaci\u00f3n internacional con actores del ecosistema alem\u00e1n de innovaci\u00f3n","item":"https:\/\/medicina.udd.cl\/icim\/2025\/08\/14\/udd-proyecta-cooperacion-internacional-con-actores-del-ecosistema-aleman-de-innovacion\/"},{"@type":"ListItem","position":3,"name":"reunion-estado-de-bavaria-2"}]},{"@type":"WebSite","@id":"https:\/\/medicina.udd.cl\/icim\/#website","url":"https:\/\/medicina.udd.cl\/icim\/","name":"ICIM","description":"Una iniciativa de Universidad del Desarrollo y Cl\u00ednica Alemana","inLanguage":"es"}]}},"description":{"rendered":"<p class=\"attachment\"><a href='https:\/\/medicina.udd.cl\/icim\/files\/2025\/08\/reunion-estado-de-bavaria-2.jpeg'><img loading=\"lazy\" decoding=\"async\" width=\"225\" height=\"300\" src=\"https:\/\/medicina.udd.cl\/icim\/wp-content\/plugins\/wp-async-img-load\/blank.png\" class=\"attachment-medium size-medium lazyload\" alt=\"\" sizes=\"auto, (max-width: 225px) 100vw, 225px\" data-src=\"https:\/\/medicina.udd.cl\/icim\/files\/2025\/08\/reunion-estado-de-bavaria-2-225x300.jpeg\" data-srcset=\"https:\/\/medicina.udd.cl\/icim\/files\/2025\/08\/reunion-estado-de-bavaria-2-225x300.jpeg 225w, https:\/\/medicina.udd.cl\/icim\/files\/2025\/08\/reunion-estado-de-bavaria-2-768x1024.jpeg 768w, https:\/\/medicina.udd.cl\/icim\/files\/2025\/08\/reunion-estado-de-bavaria-2.jpeg 960w\" \/><\/a><\/p>\n"},"caption":{"rendered":""},"alt_text":"","media_type":"image","mime_type":"image\/jpeg","media_details":{"width":960,"height":1280,"file":"2025\/08\/reunion-estado-de-bavaria-2.jpeg","filesize":155646,"sizes":{"medium":{"file":"reunion-estado-de-bavaria-2-225x300.jpeg","width":225,"height":300,"filesize":16964,"mime_type":"image\/jpeg","source_url":"https:\/\/medicina.udd.cl\/icim\/files\/2025\/08\/reunion-estado-de-bavaria-2-225x300.jpeg"},"large":{"file":"reunion-estado-de-bavaria-2-768x1024.jpeg","width":768,"height":1024,"filesize":124747,"mime_type":"image\/jpeg","source_url":"https:\/\/medicina.udd.cl\/icim\/files\/2025\/08\/reunion-estado-de-bavaria-2-768x1024.jpeg"},"thumbnail":{"file":"reunion-estado-de-bavaria-2-150x150.jpeg","width":150,"height":150,"filesize":6603,"mime_type":"image\/jpeg","source_url":"https:\/\/medicina.udd.cl\/icim\/files\/2025\/08\/reunion-estado-de-bavaria-2-150x150.jpeg"},"medium_large":{"file":"reunion-estado-de-bavaria-2-768x1024.jpeg","width":768,"height":1024,"filesize":124747,"mime_type":"image\/jpeg","source_url":"https:\/\/medicina.udd.cl\/icim\/files\/2025\/08\/reunion-estado-de-bavaria-2-768x1024.jpeg"},"newsletter_featured":{"file":"reunion-estado-de-bavaria-2-316x224.jpeg","width":316,"height":224,"filesize":14981,"mime_type":"image\/jpeg","source_url":"https:\/\/medicina.udd.cl\/icim\/files\/2025\/08\/reunion-estado-de-bavaria-2-316x224.jpeg"},"newsletter_first":{"file":"reunion-estado-de-bavaria-2-286x205.jpeg","width":286,"height":205,"filesize":13060,"mime_type":"image\/jpeg","source_url":"https:\/\/medicina.udd.cl\/icim\/files\/2025\/08\/reunion-estado-de-bavaria-2-286x205.jpeg"},"newsletter_thumb":{"file":"reunion-estado-de-bavaria-2-288x150.jpeg","width":288,"height":150,"filesize":8535,"mime_type":"image\/jpeg","source_url":"https:\/\/medicina.udd.cl\/icim\/files\/2025\/08\/reunion-estado-de-bavaria-2-288x150.jpeg"},"newsletter_column":{"file":"reunion-estado-de-bavaria-2-182x140.jpeg","width":182,"height":140,"filesize":6867,"mime_type":"image\/jpeg","source_url":"https:\/\/medicina.udd.cl\/icim\/files\/2025\/08\/reunion-estado-de-bavaria-2-182x140.jpeg"},"newsletter_square":{"file":"reunion-estado-de-bavaria-2-62x62.jpeg","width":62,"height":62,"filesize":1664,"mime_type":"image\/jpeg","source_url":"https:\/\/medicina.udd.cl\/icim\/files\/2025\/08\/reunion-estado-de-bavaria-2-62x62.jpeg"},"newsletter_square_large":{"file":"reunion-estado-de-bavaria-2-87x62.jpeg","width":87,"height":62,"filesize":2051,"mime_type":"image\/jpeg","source_url":"https:\/\/medicina.udd.cl\/icim\/files\/2025\/08\/reunion-estado-de-bavaria-2-87x62.jpeg"},"landscape_1920":{"file":"reunion-estado-de-bavaria-2-960x1080.jpeg","width":960,"height":1080,"filesize":166925,"mime_type":"image\/jpeg","source_url":"https:\/\/medicina.udd.cl\/icim\/files\/2025\/08\/reunion-estado-de-bavaria-2-960x1080.jpeg"},"landscape_1366":{"file":"reunion-estado-de-bavaria-2-960x768.jpeg","width":960,"height":768,"filesize":101917,"mime_type":"image\/jpeg","source_url":"https:\/\/medicina.udd.cl\/icim\/files\/2025\/08\/reunion-estado-de-bavaria-2-960x768.jpeg"},"landscape_952":{"file":"reunion-estado-de-bavaria-2-952x534.jpeg","width":952,"height":534,"filesize":63549,"mime_type":"image\/jpeg","source_url":"https:\/\/medicina.udd.cl\/icim\/files\/2025\/08\/reunion-estado-de-bavaria-2-952x534.jpeg"},"landscape_680":{"file":"reunion-estado-de-bavaria-2-680x382.jpeg","width":680,"height":382,"filesize":37017,"mime_type":"image\/jpeg","source_url":"https:\/\/medicina.udd.cl\/icim\/files\/2025\/08\/reunion-estado-de-bavaria-2-680x382.jpeg"},"square_750":{"file":"reunion-estado-de-bavaria-2-750x750.jpeg","width":750,"height":750,"filesize":92339,"mime_type":"image\/jpeg","source_url":"https:\/\/medicina.udd.cl\/icim\/files\/2025\/08\/reunion-estado-de-bavaria-2-750x750.jpeg"},"square_500":{"file":"reunion-estado-de-bavaria-2-500x500.jpeg","width":500,"height":500,"filesize":47923,"mime_type":"image\/jpeg","source_url":"https:\/\/medicina.udd.cl\/icim\/files\/2025\/08\/reunion-estado-de-bavaria-2-500x500.jpeg"},"square_200":{"file":"reunion-estado-de-bavaria-2-250x250.jpeg","width":250,"height":250,"filesize":15165,"mime_type":"image\/jpeg","source_url":"https:\/\/medicina.udd.cl\/icim\/files\/2025\/08\/reunion-estado-de-bavaria-2-250x250.jpeg"},"post-thumbnail":{"file":"reunion-estado-de-bavaria-2-952x534.jpeg","width":952,"height":534,"filesize":63549,"mime_type":"image\/jpeg","source_url":"https:\/\/medicina.udd.cl\/icim\/files\/2025\/08\/reunion-estado-de-bavaria-2-952x534.jpeg"},"custom_content":{"file":"reunion-estado-de-bavaria-2-126x126.jpeg","width":126,"height":126,"filesize":4841,"mime_type":"image\/jpeg","source_url":"https:\/\/medicina.udd.cl\/icim\/files\/2025\/08\/reunion-estado-de-bavaria-2-126x126.jpeg"},"full":{"file":"reunion-estado-de-bavaria-2.jpeg","width":960,"height":1280,"mime_type":"image\/jpeg","source_url":"https:\/\/medicina.udd.cl\/icim\/files\/2025\/08\/reunion-estado-de-bavaria-2.jpeg"}},"image_meta":{"aperture":"0","credit":"","camera":"","caption":"","created_timestamp":"0","copyright":"","focal_length":"0","iso":"0","shutter_speed":"0","title":"","orientation":"0","keywords":[]}},"post":14304,"source_url":"https:\/\/medicina.udd.cl\/icim\/files\/2025\/08\/reunion-estado-de-bavaria-2.jpeg","_links":{"self":[{"href":"https:\/\/medicina.udd.cl\/icim\/wp-json\/wp\/v2\/media\/14307","targetHints":{"allow":["GET"]}}],"collection":[{"href":"https:\/\/medicina.udd.cl\/icim\/wp-json\/wp\/v2\/media"}],"about":[{"href":"https:\/\/medicina.udd.cl\/icim\/wp-json\/wp\/v2\/types\/attachment"}],"author":[{"embeddable":true,"href":"https:\/\/medicina.udd.cl\/icim\/wp-json\/wp\/v2\/users\/9192254"}],"replies":[{"embeddable":true,"href":"https:\/\/medicina.udd.cl\/icim\/wp-json\/wp\/v2\/comments?post=14307"}],"wp:attached-to":[{"embeddable":true,"post_type":"post","id":14304,"href":"https:\/\/medicina.udd.cl\/icim\/wp-json\/wp\/v2\/posts\/14304"}],"curies":[{"name":"wp","href":"https:\/\/api.w.org\/{rel}","templated":true}]}}

<!-- This site is optimized with the Yoast SEO plugin v26.9 - https://yoast.com/product/yoast-seo-wordpress/ -->
<title>reunion-estado-de-bavaria-2 - ICIM</title>
<meta name="robots" content="index, follow, max-snippet:-1, max-image-preview:large, max-video-preview:-1" />
<link rel="canonical" href="https://medicina.udd.cl/icim/files/2025/08/reunion-estado-de-bavaria-2.jpeg" />
<meta property="og:locale" content="es_ES" />
<meta property="og:type" content="article" />
<meta property="og:title" content="reunion-estado-de-bavaria-2 - ICIM" />
<meta property="og:url" content="https://medicina.udd.cl/icim/files/2025/08/reunion-estado-de-bavaria-2.jpeg" />
<meta property="og:site_name" content="ICIM" />
<meta property="og:image" content="https://medicina.udd.cl/icim/files/2025/08/reunion-estado-de-bavaria-2.jpeg" />
	<meta property="og:image:width" content="1" />
	<meta property="og:image:height" content="1" />
	<meta property="og:image:type" content="image/jpeg" />
<meta name="twitter:card" content="summary_large_image" />
<script type="application/ld+json" class="yoast-schema-graph">{"@context":"https://schema.org","@graph":[{"@type":"WebPage","@id":"https://medicina.udd.cl/icim/files/2025/08/reunion-estado-de-bavaria-2.jpeg","url":"https://medicina.udd.cl/icim/files/2025/08/reunion-estado-de-bavaria-2.jpeg","name":"reunion-estado-de-bavaria-2 - ICIM","isPartOf":{"@id":"https://medicina.udd.cl/icim/#website"},"datePublished":"2025-08-28T18:00:09+00:00","breadcrumb":{"@id":"https://medicina.udd.cl/icim/files/2025/08/reunion-estado-de-bavaria-2.jpeg#breadcrumb"},"inLanguage":"es","potentialAction":[{"@type":"ReadAction","target":["https://medicina.udd.cl/icim/files/2025/08/reunion-estado-de-bavaria-2.jpeg"]}]},{"@type":"BreadcrumbList","@id":"https://medicina.udd.cl/icim/files/2025/08/reunion-estado-de-bavaria-2.jpeg#breadcrumb","itemListElement":[{"@type":"ListItem","position":1,"name":"Inicio","item":"https://medicina.udd.cl/icim/"},{"@type":"ListItem","position":2,"name":"UDD proyecta cooperación internacional con actores del ecosistema alemán de innovación","item":"https://medicina.udd.cl/icim/2025/08/14/udd-proyecta-cooperacion-internacional-con-actores-del-ecosistema-aleman-de-innovacion/"},{"@type":"ListItem","position":3,"name":"reunion-estado-de-bavaria-2"}]},{"@type":"WebSite","@id":"https://medicina.udd.cl/icim/#website","url":"https://medicina.udd.cl/icim/","name":"ICIM","description":"Una iniciativa de Universidad del Desarrollo y Clínica Alemana","inLanguage":"es"}]}</script>
<!-- / Yoast SEO plugin. -->

UDD proyecta cooperación internacional con actores del ecosistema alemán de innovación

Una iniciativa de Universidad del Desarrollo y Clínica Alemana
