{"id":14417,"date":"2025-10-14T11:43:13","date_gmt":"2025-10-14T14:43:13","guid":{"rendered":"https:\/\/medicina.udd.cl\/icim\/files\/2025\/10\/ricardo-armisen.png"},"modified":"2025-10-14T11:43:13","modified_gmt":"2025-10-14T14:43:13","slug":"ricardo-armisen","status":"inherit","type":"attachment","link":"https:\/\/medicina.udd.cl\/icim\/2025\/10\/14\/udd-y-u-de-chile-lideran-programa-tecnologico-para-impulsar-el-uso-de-inteligencia-artificial-en-la-oncologia-de-precision\/ricardo-armisen\/","title":{"rendered":"Ricardo Armisen"},"author":9192254,"featured_media":0,"comment_status":"","ping_status":"closed","template":"","meta":[],"class_list":["post-14417","attachment","type-attachment","status-inherit","hentry"],"yoast_head":"<!-- This site is optimized with the Yoast SEO plugin v26.9 - https:\/\/yoast.com\/product\/yoast-seo-wordpress\/ -->\n<title>Ricardo Armisen - ICIM<\/title>\n<meta name=\"robots\" content=\"index, follow, max-snippet:-1, max-image-preview:large, max-video-preview:-1\" \/>\n<link rel=\"canonical\" href=\"https:\/\/medicina.udd.cl\/icim\/files\/2025\/10\/ricardo-armisen.png\" \/>\n<meta property=\"og:locale\" content=\"es_ES\" \/>\n<meta property=\"og:type\" content=\"article\" \/>\n<meta property=\"og:title\" content=\"Ricardo Armisen - ICIM\" \/>\n<meta property=\"og:url\" content=\"https:\/\/medicina.udd.cl\/icim\/files\/2025\/10\/ricardo-armisen.png\" \/>\n<meta property=\"og:site_name\" content=\"ICIM\" \/>\n<meta property=\"og:image\" content=\"https:\/\/medicina.udd.cl\/icim\/files\/2025\/10\/ricardo-armisen.png\" \/>\n\t<meta property=\"og:image:width\" content=\"1\" \/>\n\t<meta property=\"og:image:height\" content=\"1\" \/>\n\t<meta property=\"og:image:type\" content=\"image\/png\" \/>\n<meta name=\"twitter:card\" content=\"summary_large_image\" \/>\n<script type=\"application\/ld+json\" class=\"yoast-schema-graph\">{\"@context\":\"https:\/\/schema.org\",\"@graph\":[{\"@type\":\"WebPage\",\"@id\":\"https:\/\/medicina.udd.cl\/icim\/files\/2025\/10\/ricardo-armisen.png\",\"url\":\"https:\/\/medicina.udd.cl\/icim\/files\/2025\/10\/ricardo-armisen.png\",\"name\":\"Ricardo Armisen - ICIM\",\"isPartOf\":{\"@id\":\"https:\/\/medicina.udd.cl\/icim\/#website\"},\"datePublished\":\"2025-10-14T14:43:13+00:00\",\"breadcrumb\":{\"@id\":\"https:\/\/medicina.udd.cl\/icim\/files\/2025\/10\/ricardo-armisen.png#breadcrumb\"},\"inLanguage\":\"es\",\"potentialAction\":[{\"@type\":\"ReadAction\",\"target\":[\"https:\/\/medicina.udd.cl\/icim\/files\/2025\/10\/ricardo-armisen.png\"]}]},{\"@type\":\"BreadcrumbList\",\"@id\":\"https:\/\/medicina.udd.cl\/icim\/files\/2025\/10\/ricardo-armisen.png#breadcrumb\",\"itemListElement\":[{\"@type\":\"ListItem\",\"position\":1,\"name\":\"Inicio\",\"item\":\"https:\/\/medicina.udd.cl\/icim\/\"},{\"@type\":\"ListItem\",\"position\":2,\"name\":\"UDD y U. de Chile lideran programa tecnol\u00f3gico para impulsar el uso de inteligencia artificial en la oncolog\u00eda de precisi\u00f3n\",\"item\":\"https:\/\/medicina.udd.cl\/icim\/2025\/10\/14\/udd-y-u-de-chile-lideran-programa-tecnologico-para-impulsar-el-uso-de-inteligencia-artificial-en-la-oncologia-de-precision\/\"},{\"@type\":\"ListItem\",\"position\":3,\"name\":\"Ricardo Armisen\"}]},{\"@type\":\"WebSite\",\"@id\":\"https:\/\/medicina.udd.cl\/icim\/#website\",\"url\":\"https:\/\/medicina.udd.cl\/icim\/\",\"name\":\"ICIM\",\"description\":\"Una iniciativa de Universidad del Desarrollo y Cl\u00ednica Alemana\",\"inLanguage\":\"es\"}]}<\/script>\n<!-- \/ Yoast SEO plugin. -->","yoast_head_json":{"title":"Ricardo Armisen - ICIM","robots":{"index":"index","follow":"follow","max-snippet":"max-snippet:-1","max-image-preview":"max-image-preview:large","max-video-preview":"max-video-preview:-1"},"canonical":"https:\/\/medicina.udd.cl\/icim\/files\/2025\/10\/ricardo-armisen.png","og_locale":"es_ES","og_type":"article","og_title":"Ricardo Armisen - ICIM","og_url":"https:\/\/medicina.udd.cl\/icim\/files\/2025\/10\/ricardo-armisen.png","og_site_name":"ICIM","og_image":[{"url":"https:\/\/medicina.udd.cl\/icim\/files\/2025\/10\/ricardo-armisen.png","width":1,"height":1,"type":"image\/png"}],"twitter_card":"summary_large_image","schema":{"@context":"https:\/\/schema.org","@graph":[{"@type":"WebPage","@id":"https:\/\/medicina.udd.cl\/icim\/files\/2025\/10\/ricardo-armisen.png","url":"https:\/\/medicina.udd.cl\/icim\/files\/2025\/10\/ricardo-armisen.png","name":"Ricardo Armisen - ICIM","isPartOf":{"@id":"https:\/\/medicina.udd.cl\/icim\/#website"},"datePublished":"2025-10-14T14:43:13+00:00","breadcrumb":{"@id":"https:\/\/medicina.udd.cl\/icim\/files\/2025\/10\/ricardo-armisen.png#breadcrumb"},"inLanguage":"es","potentialAction":[{"@type":"ReadAction","target":["https:\/\/medicina.udd.cl\/icim\/files\/2025\/10\/ricardo-armisen.png"]}]},{"@type":"BreadcrumbList","@id":"https:\/\/medicina.udd.cl\/icim\/files\/2025\/10\/ricardo-armisen.png#breadcrumb","itemListElement":[{"@type":"ListItem","position":1,"name":"Inicio","item":"https:\/\/medicina.udd.cl\/icim\/"},{"@type":"ListItem","position":2,"name":"UDD y U. de Chile lideran programa tecnol\u00f3gico para impulsar el uso de inteligencia artificial en la oncolog\u00eda de precisi\u00f3n","item":"https:\/\/medicina.udd.cl\/icim\/2025\/10\/14\/udd-y-u-de-chile-lideran-programa-tecnologico-para-impulsar-el-uso-de-inteligencia-artificial-en-la-oncologia-de-precision\/"},{"@type":"ListItem","position":3,"name":"Ricardo Armisen"}]},{"@type":"WebSite","@id":"https:\/\/medicina.udd.cl\/icim\/#website","url":"https:\/\/medicina.udd.cl\/icim\/","name":"ICIM","description":"Una iniciativa de Universidad del Desarrollo y Cl\u00ednica Alemana","inLanguage":"es"}]}},"description":{"rendered":"<p class=\"attachment\"><a href='https:\/\/medicina.udd.cl\/icim\/files\/2025\/10\/ricardo-armisen.png'><img loading=\"lazy\" decoding=\"async\" width=\"300\" height=\"220\" src=\"https:\/\/medicina.udd.cl\/icim\/wp-content\/plugins\/wp-async-img-load\/blank.png\" class=\"attachment-medium size-medium lazyload\" alt=\"\" sizes=\"auto, (max-width: 300px) 100vw, 300px\" data-src=\"https:\/\/medicina.udd.cl\/icim\/files\/2025\/10\/ricardo-armisen-300x220.png\" data-srcset=\"https:\/\/medicina.udd.cl\/icim\/files\/2025\/10\/ricardo-armisen-300x220.png 300w, https:\/\/medicina.udd.cl\/icim\/files\/2025\/10\/ricardo-armisen-768x563.png 768w, https:\/\/medicina.udd.cl\/icim\/files\/2025\/10\/ricardo-armisen.png 1024w\" \/><\/a><\/p>\n"},"caption":{"rendered":""},"alt_text":"","media_type":"image","mime_type":"image\/png","media_details":{"width":1024,"height":750,"file":"2025\/10\/ricardo-armisen.png","filesize":1086622,"sizes":{"medium":{"file":"ricardo-armisen-300x220.png","width":300,"height":220,"filesize":55534,"mime_type":"image\/png","source_url":"https:\/\/medicina.udd.cl\/icim\/files\/2025\/10\/ricardo-armisen-300x220.png"},"thumbnail":{"file":"ricardo-armisen-150x150.png","width":150,"height":150,"filesize":14027,"mime_type":"image\/png","source_url":"https:\/\/medicina.udd.cl\/icim\/files\/2025\/10\/ricardo-armisen-150x150.png"},"medium_large":{"file":"ricardo-armisen-768x563.png","width":768,"height":563,"filesize":255341,"mime_type":"image\/png","source_url":"https:\/\/medicina.udd.cl\/icim\/files\/2025\/10\/ricardo-armisen-768x563.png"},"newsletter_featured":{"file":"ricardo-armisen-316x224.png","width":316,"height":224,"filesize":59390,"mime_type":"image\/png","source_url":"https:\/\/medicina.udd.cl\/icim\/files\/2025\/10\/ricardo-armisen-316x224.png"},"newsletter_first":{"file":"ricardo-armisen-286x205.png","width":286,"height":205,"filesize":50668,"mime_type":"image\/png","source_url":"https:\/\/medicina.udd.cl\/icim\/files\/2025\/10\/ricardo-armisen-286x205.png"},"newsletter_thumb":{"file":"ricardo-armisen-288x150.png","width":288,"height":150,"filesize":41221,"mime_type":"image\/png","source_url":"https:\/\/medicina.udd.cl\/icim\/files\/2025\/10\/ricardo-armisen-288x150.png"},"newsletter_column":{"file":"ricardo-armisen-182x140.png","width":182,"height":140,"filesize":26556,"mime_type":"image\/png","source_url":"https:\/\/medicina.udd.cl\/icim\/files\/2025\/10\/ricardo-armisen-182x140.png"},"newsletter_square":{"file":"ricardo-armisen-62x62.png","width":62,"height":62,"filesize":3733,"mime_type":"image\/png","source_url":"https:\/\/medicina.udd.cl\/icim\/files\/2025\/10\/ricardo-armisen-62x62.png"},"newsletter_square_large":{"file":"ricardo-armisen-87x62.png","width":87,"height":62,"filesize":4534,"mime_type":"image\/png","source_url":"https:\/\/medicina.udd.cl\/icim\/files\/2025\/10\/ricardo-armisen-87x62.png"},"landscape_952":{"file":"ricardo-armisen-952x534.png","width":952,"height":534,"filesize":290180,"mime_type":"image\/png","source_url":"https:\/\/medicina.udd.cl\/icim\/files\/2025\/10\/ricardo-armisen-952x534.png"},"landscape_680":{"file":"ricardo-armisen-680x382.png","width":680,"height":382,"filesize":173036,"mime_type":"image\/png","source_url":"https:\/\/medicina.udd.cl\/icim\/files\/2025\/10\/ricardo-armisen-680x382.png"},"square_750":{"file":"ricardo-armisen-750x750.png","width":750,"height":750,"filesize":385642,"mime_type":"image\/png","source_url":"https:\/\/medicina.udd.cl\/icim\/files\/2025\/10\/ricardo-armisen-750x750.png"},"square_500":{"file":"ricardo-armisen-500x500.png","width":500,"height":500,"filesize":182170,"mime_type":"image\/png","source_url":"https:\/\/medicina.udd.cl\/icim\/files\/2025\/10\/ricardo-armisen-500x500.png"},"square_200":{"file":"ricardo-armisen-250x250.png","width":250,"height":250,"filesize":58241,"mime_type":"image\/png","source_url":"https:\/\/medicina.udd.cl\/icim\/files\/2025\/10\/ricardo-armisen-250x250.png"},"post-thumbnail":{"file":"ricardo-armisen-952x534.png","width":952,"height":534,"filesize":290180,"mime_type":"image\/png","source_url":"https:\/\/medicina.udd.cl\/icim\/files\/2025\/10\/ricardo-armisen-952x534.png"},"custom_content":{"file":"ricardo-armisen-126x126.png","width":126,"height":126,"filesize":10560,"mime_type":"image\/png","source_url":"https:\/\/medicina.udd.cl\/icim\/files\/2025\/10\/ricardo-armisen-126x126.png"},"full":{"file":"ricardo-armisen.png","width":1024,"height":750,"mime_type":"image\/png","source_url":"https:\/\/medicina.udd.cl\/icim\/files\/2025\/10\/ricardo-armisen.png"}},"image_meta":{"aperture":"0","credit":"","camera":"","caption":"","created_timestamp":"0","copyright":"","focal_length":"0","iso":"0","shutter_speed":"0","title":"","orientation":"0","keywords":[]}},"post":14416,"source_url":"https:\/\/medicina.udd.cl\/icim\/files\/2025\/10\/ricardo-armisen.png","_links":{"self":[{"href":"https:\/\/medicina.udd.cl\/icim\/wp-json\/wp\/v2\/media\/14417","targetHints":{"allow":["GET"]}}],"collection":[{"href":"https:\/\/medicina.udd.cl\/icim\/wp-json\/wp\/v2\/media"}],"about":[{"href":"https:\/\/medicina.udd.cl\/icim\/wp-json\/wp\/v2\/types\/attachment"}],"author":[{"embeddable":true,"href":"https:\/\/medicina.udd.cl\/icim\/wp-json\/wp\/v2\/users\/9192254"}],"replies":[{"embeddable":true,"href":"https:\/\/medicina.udd.cl\/icim\/wp-json\/wp\/v2\/comments?post=14417"}],"wp:attached-to":[{"embeddable":true,"post_type":"post","id":14416,"href":"https:\/\/medicina.udd.cl\/icim\/wp-json\/wp\/v2\/posts\/14416"}],"curies":[{"name":"wp","href":"https:\/\/api.w.org\/{rel}","templated":true}]}}

<!-- This site is optimized with the Yoast SEO plugin v26.9 - https://yoast.com/product/yoast-seo-wordpress/ -->
<title>Ricardo Armisen - ICIM</title>
<meta name="robots" content="index, follow, max-snippet:-1, max-image-preview:large, max-video-preview:-1" />
<link rel="canonical" href="https://medicina.udd.cl/icim/files/2025/10/ricardo-armisen.png" />
<meta property="og:locale" content="es_ES" />
<meta property="og:type" content="article" />
<meta property="og:title" content="Ricardo Armisen - ICIM" />
<meta property="og:url" content="https://medicina.udd.cl/icim/files/2025/10/ricardo-armisen.png" />
<meta property="og:site_name" content="ICIM" />
<meta property="og:image" content="https://medicina.udd.cl/icim/files/2025/10/ricardo-armisen.png" />
	<meta property="og:image:width" content="1" />
	<meta property="og:image:height" content="1" />
	<meta property="og:image:type" content="image/png" />
<meta name="twitter:card" content="summary_large_image" />
<script type="application/ld+json" class="yoast-schema-graph">{"@context":"https://schema.org","@graph":[{"@type":"WebPage","@id":"https://medicina.udd.cl/icim/files/2025/10/ricardo-armisen.png","url":"https://medicina.udd.cl/icim/files/2025/10/ricardo-armisen.png","name":"Ricardo Armisen - ICIM","isPartOf":{"@id":"https://medicina.udd.cl/icim/#website"},"datePublished":"2025-10-14T14:43:13+00:00","breadcrumb":{"@id":"https://medicina.udd.cl/icim/files/2025/10/ricardo-armisen.png#breadcrumb"},"inLanguage":"es","potentialAction":[{"@type":"ReadAction","target":["https://medicina.udd.cl/icim/files/2025/10/ricardo-armisen.png"]}]},{"@type":"BreadcrumbList","@id":"https://medicina.udd.cl/icim/files/2025/10/ricardo-armisen.png#breadcrumb","itemListElement":[{"@type":"ListItem","position":1,"name":"Inicio","item":"https://medicina.udd.cl/icim/"},{"@type":"ListItem","position":2,"name":"UDD y U. de Chile lideran programa tecnológico para impulsar el uso de inteligencia artificial en la oncología de precisión","item":"https://medicina.udd.cl/icim/2025/10/14/udd-y-u-de-chile-lideran-programa-tecnologico-para-impulsar-el-uso-de-inteligencia-artificial-en-la-oncologia-de-precision/"},{"@type":"ListItem","position":3,"name":"Ricardo Armisen"}]},{"@type":"WebSite","@id":"https://medicina.udd.cl/icim/#website","url":"https://medicina.udd.cl/icim/","name":"ICIM","description":"Una iniciativa de Universidad del Desarrollo y Clínica Alemana","inLanguage":"es"}]}</script>
<!-- / Yoast SEO plugin. -->

UDD y U. de Chile lideran programa tecnológico para impulsar el uso de inteligencia artificial en la oncología de precisión

Una iniciativa de Universidad del Desarrollo y Clínica Alemana
