{"id":5918,"date":"2017-11-06T15:31:29","date_gmt":"2017-11-06T15:31:29","guid":{"rendered":"http:\/\/medicina.udd.cl\/icim\/files\/2017\/11\/Presentan-cluster-2.jpg"},"modified":"2017-11-06T15:31:29","modified_gmt":"2017-11-06T15:31:29","slug":"presentan-cluster-2","status":"inherit","type":"attachment","link":"https:\/\/medicina.udd.cl\/icim\/2017\/11\/06\/icim-presento-su-servicio-de-analisis-bioinformatico\/presentan-cluster-2\/","title":{"rendered":"Presentan cluster (2)"},"author":42,"featured_media":0,"comment_status":"open","ping_status":"closed","template":"","meta":[],"class_list":["post-5918","attachment","type-attachment","status-inherit","hentry"],"yoast_head":"<!-- This site is optimized with the Yoast SEO plugin v26.9 - https:\/\/yoast.com\/product\/yoast-seo-wordpress\/ -->\n<title>Presentan cluster (2) - ICIM<\/title>\n<meta name=\"robots\" content=\"index, follow, max-snippet:-1, max-image-preview:large, max-video-preview:-1\" \/>\n<link rel=\"canonical\" href=\"https:\/\/medicina.udd.cl\/icim\/files\/2017\/11\/Presentan-cluster-2.jpg\" \/>\n<meta property=\"og:locale\" content=\"es_ES\" \/>\n<meta property=\"og:type\" content=\"article\" \/>\n<meta property=\"og:title\" content=\"Presentan cluster (2) - ICIM\" \/>\n<meta property=\"og:url\" content=\"https:\/\/medicina.udd.cl\/icim\/files\/2017\/11\/Presentan-cluster-2.jpg\" \/>\n<meta property=\"og:site_name\" content=\"ICIM\" \/>\n<meta property=\"og:image\" content=\"https:\/\/medicina.udd.cl\/icim\/files\/2017\/11\/Presentan-cluster-2.jpg\" \/>\n\t<meta property=\"og:image:width\" content=\"675\" \/>\n\t<meta property=\"og:image:height\" content=\"450\" \/>\n\t<meta property=\"og:image:type\" content=\"image\/jpeg\" \/>\n<meta name=\"twitter:card\" content=\"summary_large_image\" \/>\n<script type=\"application\/ld+json\" class=\"yoast-schema-graph\">{\"@context\":\"https:\/\/schema.org\",\"@graph\":[{\"@type\":\"WebPage\",\"@id\":\"https:\/\/medicina.udd.cl\/icim\/files\/2017\/11\/Presentan-cluster-2.jpg\",\"url\":\"https:\/\/medicina.udd.cl\/icim\/files\/2017\/11\/Presentan-cluster-2.jpg\",\"name\":\"Presentan cluster (2) - ICIM\",\"isPartOf\":{\"@id\":\"https:\/\/medicina.udd.cl\/icim\/#website\"},\"datePublished\":\"2017-11-06T15:31:29+00:00\",\"breadcrumb\":{\"@id\":\"https:\/\/medicina.udd.cl\/icim\/files\/2017\/11\/Presentan-cluster-2.jpg#breadcrumb\"},\"inLanguage\":\"es\",\"potentialAction\":[{\"@type\":\"ReadAction\",\"target\":[\"https:\/\/medicina.udd.cl\/icim\/files\/2017\/11\/Presentan-cluster-2.jpg\"]}]},{\"@type\":\"BreadcrumbList\",\"@id\":\"https:\/\/medicina.udd.cl\/icim\/files\/2017\/11\/Presentan-cluster-2.jpg#breadcrumb\",\"itemListElement\":[{\"@type\":\"ListItem\",\"position\":1,\"name\":\"Inicio\",\"item\":\"https:\/\/medicina.udd.cl\/icim\/\"},{\"@type\":\"ListItem\",\"position\":2,\"name\":\"ICIM present\u00f3 su Servicio de An\u00e1lisis Bioinform\u00e1tico\",\"item\":\"https:\/\/medicina.udd.cl\/icim\/2017\/11\/06\/icim-presento-su-servicio-de-analisis-bioinformatico\/\"},{\"@type\":\"ListItem\",\"position\":3,\"name\":\"Presentan cluster (2)\"}]},{\"@type\":\"WebSite\",\"@id\":\"https:\/\/medicina.udd.cl\/icim\/#website\",\"url\":\"https:\/\/medicina.udd.cl\/icim\/\",\"name\":\"ICIM\",\"description\":\"Una iniciativa de Universidad del Desarrollo y Cl\u00ednica Alemana\",\"inLanguage\":\"es\"}]}<\/script>\n<!-- \/ Yoast SEO plugin. -->","yoast_head_json":{"title":"Presentan cluster (2) - ICIM","robots":{"index":"index","follow":"follow","max-snippet":"max-snippet:-1","max-image-preview":"max-image-preview:large","max-video-preview":"max-video-preview:-1"},"canonical":"https:\/\/medicina.udd.cl\/icim\/files\/2017\/11\/Presentan-cluster-2.jpg","og_locale":"es_ES","og_type":"article","og_title":"Presentan cluster (2) - ICIM","og_url":"https:\/\/medicina.udd.cl\/icim\/files\/2017\/11\/Presentan-cluster-2.jpg","og_site_name":"ICIM","og_image":[{"width":675,"height":450,"url":"https:\/\/medicina.udd.cl\/icim\/files\/2017\/11\/Presentan-cluster-2.jpg","type":"image\/jpeg"}],"twitter_card":"summary_large_image","schema":{"@context":"https:\/\/schema.org","@graph":[{"@type":"WebPage","@id":"https:\/\/medicina.udd.cl\/icim\/files\/2017\/11\/Presentan-cluster-2.jpg","url":"https:\/\/medicina.udd.cl\/icim\/files\/2017\/11\/Presentan-cluster-2.jpg","name":"Presentan cluster (2) - ICIM","isPartOf":{"@id":"https:\/\/medicina.udd.cl\/icim\/#website"},"datePublished":"2017-11-06T15:31:29+00:00","breadcrumb":{"@id":"https:\/\/medicina.udd.cl\/icim\/files\/2017\/11\/Presentan-cluster-2.jpg#breadcrumb"},"inLanguage":"es","potentialAction":[{"@type":"ReadAction","target":["https:\/\/medicina.udd.cl\/icim\/files\/2017\/11\/Presentan-cluster-2.jpg"]}]},{"@type":"BreadcrumbList","@id":"https:\/\/medicina.udd.cl\/icim\/files\/2017\/11\/Presentan-cluster-2.jpg#breadcrumb","itemListElement":[{"@type":"ListItem","position":1,"name":"Inicio","item":"https:\/\/medicina.udd.cl\/icim\/"},{"@type":"ListItem","position":2,"name":"ICIM present\u00f3 su Servicio de An\u00e1lisis Bioinform\u00e1tico","item":"https:\/\/medicina.udd.cl\/icim\/2017\/11\/06\/icim-presento-su-servicio-de-analisis-bioinformatico\/"},{"@type":"ListItem","position":3,"name":"Presentan cluster (2)"}]},{"@type":"WebSite","@id":"https:\/\/medicina.udd.cl\/icim\/#website","url":"https:\/\/medicina.udd.cl\/icim\/","name":"ICIM","description":"Una iniciativa de Universidad del Desarrollo y Cl\u00ednica Alemana","inLanguage":"es"}]}},"description":{"rendered":"<p class=\"attachment\"><a href='https:\/\/medicina.udd.cl\/icim\/files\/2017\/11\/Presentan-cluster-2.jpg'><img loading=\"lazy\" decoding=\"async\" width=\"300\" height=\"200\" src=\"https:\/\/medicina.udd.cl\/icim\/wp-content\/plugins\/wp-async-img-load\/blank.png\" class=\"attachment-medium size-medium lazyload\" alt=\"\" sizes=\"auto, (max-width: 300px) 100vw, 300px\" data-src=\"https:\/\/medicina.udd.cl\/icim\/files\/2017\/11\/Presentan-cluster-2-300x200.jpg\" data-srcset=\"https:\/\/medicina.udd.cl\/icim\/files\/2017\/11\/Presentan-cluster-2-300x200.jpg 300w, https:\/\/medicina.udd.cl\/icim\/files\/2017\/11\/Presentan-cluster-2-600x400.jpg 600w, https:\/\/medicina.udd.cl\/icim\/files\/2017\/11\/Presentan-cluster-2.jpg 675w\" \/><\/a><\/p>\n"},"caption":{"rendered":""},"alt_text":"","media_type":"image","mime_type":"image\/jpeg","media_details":{"width":675,"height":450,"file":"2017\/11\/Presentan-cluster-2.jpg","sizes":{"thumbnail":{"file":"Presentan-cluster-2-150x150.jpg","width":150,"height":150,"mime_type":"image\/jpeg","source_url":"https:\/\/medicina.udd.cl\/icim\/files\/2017\/11\/Presentan-cluster-2-150x150.jpg"},"medium":{"file":"Presentan-cluster-2-300x200.jpg","width":300,"height":200,"mime_type":"image\/jpeg","source_url":"https:\/\/medicina.udd.cl\/icim\/files\/2017\/11\/Presentan-cluster-2-300x200.jpg"},"newsletter_featured":{"file":"Presentan-cluster-2-316x224.jpg","width":316,"height":224,"mime_type":"image\/jpeg","source_url":"https:\/\/medicina.udd.cl\/icim\/files\/2017\/11\/Presentan-cluster-2-316x224.jpg"},"newsletter_first":{"file":"Presentan-cluster-2-286x205.jpg","width":286,"height":205,"mime_type":"image\/jpeg","source_url":"https:\/\/medicina.udd.cl\/icim\/files\/2017\/11\/Presentan-cluster-2-286x205.jpg"},"newsletter_thumb":{"file":"Presentan-cluster-2-288x150.jpg","width":288,"height":150,"mime_type":"image\/jpeg","source_url":"https:\/\/medicina.udd.cl\/icim\/files\/2017\/11\/Presentan-cluster-2-288x150.jpg"},"newsletter_column":{"file":"Presentan-cluster-2-182x140.jpg","width":182,"height":140,"mime_type":"image\/jpeg","source_url":"https:\/\/medicina.udd.cl\/icim\/files\/2017\/11\/Presentan-cluster-2-182x140.jpg"},"newsletter_square":{"file":"Presentan-cluster-2-62x62.jpg","width":62,"height":62,"mime_type":"image\/jpeg","source_url":"https:\/\/medicina.udd.cl\/icim\/files\/2017\/11\/Presentan-cluster-2-62x62.jpg"},"newsletter_square_large":{"file":"Presentan-cluster-2-87x62.jpg","width":87,"height":62,"mime_type":"image\/jpeg","source_url":"https:\/\/medicina.udd.cl\/icim\/files\/2017\/11\/Presentan-cluster-2-87x62.jpg"},"front_page__authority":{"file":"Presentan-cluster-2-373x450.jpg","width":373,"height":450,"mime_type":"image\/jpeg","source_url":"https:\/\/medicina.udd.cl\/icim\/files\/2017\/11\/Presentan-cluster-2-373x450.jpg"},"front_page__news":{"file":"Presentan-cluster-2-440x245.jpg","width":440,"height":245,"mime_type":"image\/jpeg","source_url":"https:\/\/medicina.udd.cl\/icim\/files\/2017\/11\/Presentan-cluster-2-440x245.jpg"},"research_center":{"file":"Presentan-cluster-2-600x400.jpg","width":600,"height":400,"mime_type":"image\/jpeg","source_url":"https:\/\/medicina.udd.cl\/icim\/files\/2017\/11\/Presentan-cluster-2-600x400.jpg"},"custom_content":{"file":"Presentan-cluster-2-126x126.jpg","width":126,"height":126,"mime_type":"image\/jpeg","source_url":"https:\/\/medicina.udd.cl\/icim\/files\/2017\/11\/Presentan-cluster-2-126x126.jpg"},"full":{"file":"Presentan-cluster-2.jpg","width":675,"height":450,"mime_type":"image\/jpeg","source_url":"https:\/\/medicina.udd.cl\/icim\/files\/2017\/11\/Presentan-cluster-2.jpg"}},"image_meta":{"aperture":"4","credit":"","camera":"Canon EOS REBEL T5","caption":"","created_timestamp":"1509613338","copyright":"","focal_length":"25","iso":"125","shutter_speed":"0.025","title":"","orientation":"1","keywords":[]}},"post":5916,"source_url":"https:\/\/medicina.udd.cl\/icim\/files\/2017\/11\/Presentan-cluster-2.jpg","_links":{"self":[{"href":"https:\/\/medicina.udd.cl\/icim\/wp-json\/wp\/v2\/media\/5918","targetHints":{"allow":["GET"]}}],"collection":[{"href":"https:\/\/medicina.udd.cl\/icim\/wp-json\/wp\/v2\/media"}],"about":[{"href":"https:\/\/medicina.udd.cl\/icim\/wp-json\/wp\/v2\/types\/attachment"}],"author":[{"embeddable":true,"href":"https:\/\/medicina.udd.cl\/icim\/wp-json\/wp\/v2\/users\/42"}],"replies":[{"embeddable":true,"href":"https:\/\/medicina.udd.cl\/icim\/wp-json\/wp\/v2\/comments?post=5918"}],"wp:attached-to":[{"embeddable":true,"post_type":"post","id":5916,"href":"https:\/\/medicina.udd.cl\/icim\/wp-json\/wp\/v2\/posts\/5916"}],"curies":[{"name":"wp","href":"https:\/\/api.w.org\/{rel}","templated":true}]}}

<!-- This site is optimized with the Yoast SEO plugin v26.9 - https://yoast.com/product/yoast-seo-wordpress/ -->
<title>Presentan cluster (2) - ICIM</title>
<meta name="robots" content="index, follow, max-snippet:-1, max-image-preview:large, max-video-preview:-1" />
<link rel="canonical" href="https://medicina.udd.cl/icim/files/2017/11/Presentan-cluster-2.jpg" />
<meta property="og:locale" content="es_ES" />
<meta property="og:type" content="article" />
<meta property="og:title" content="Presentan cluster (2) - ICIM" />
<meta property="og:url" content="https://medicina.udd.cl/icim/files/2017/11/Presentan-cluster-2.jpg" />
<meta property="og:site_name" content="ICIM" />
<meta property="og:image" content="https://medicina.udd.cl/icim/files/2017/11/Presentan-cluster-2.jpg" />
	<meta property="og:image:width" content="675" />
	<meta property="og:image:height" content="450" />
	<meta property="og:image:type" content="image/jpeg" />
<meta name="twitter:card" content="summary_large_image" />
<script type="application/ld+json" class="yoast-schema-graph">{"@context":"https://schema.org","@graph":[{"@type":"WebPage","@id":"https://medicina.udd.cl/icim/files/2017/11/Presentan-cluster-2.jpg","url":"https://medicina.udd.cl/icim/files/2017/11/Presentan-cluster-2.jpg","name":"Presentan cluster (2) - ICIM","isPartOf":{"@id":"https://medicina.udd.cl/icim/#website"},"datePublished":"2017-11-06T15:31:29+00:00","breadcrumb":{"@id":"https://medicina.udd.cl/icim/files/2017/11/Presentan-cluster-2.jpg#breadcrumb"},"inLanguage":"es","potentialAction":[{"@type":"ReadAction","target":["https://medicina.udd.cl/icim/files/2017/11/Presentan-cluster-2.jpg"]}]},{"@type":"BreadcrumbList","@id":"https://medicina.udd.cl/icim/files/2017/11/Presentan-cluster-2.jpg#breadcrumb","itemListElement":[{"@type":"ListItem","position":1,"name":"Inicio","item":"https://medicina.udd.cl/icim/"},{"@type":"ListItem","position":2,"name":"ICIM presentó su Servicio de Análisis Bioinformático","item":"https://medicina.udd.cl/icim/2017/11/06/icim-presento-su-servicio-de-analisis-bioinformatico/"},{"@type":"ListItem","position":3,"name":"Presentan cluster (2)"}]},{"@type":"WebSite","@id":"https://medicina.udd.cl/icim/#website","url":"https://medicina.udd.cl/icim/","name":"ICIM","description":"Una iniciativa de Universidad del Desarrollo y Clínica Alemana","inLanguage":"es"}]}</script>
<!-- / Yoast SEO plugin. -->

ICIM presentó su Servicio de Análisis Bioinformático

Una iniciativa de Universidad del Desarrollo y Clínica Alemana
