{"id":6767,"date":"2018-06-04T17:44:24","date_gmt":"2018-06-04T17:44:24","guid":{"rendered":"http:\/\/medicina.udd.cl\/icim\/files\/2018\/06\/portal-migracion-salud-1.jpg"},"modified":"2018-06-04T17:44:24","modified_gmt":"2018-06-04T17:44:24","slug":"portal-migracion-salud-1","status":"inherit","type":"attachment","link":"https:\/\/medicina.udd.cl\/icim\/2018\/06\/04\/investigadora-udd-es-parte-de-inedito-portal-mundial-sobre-investigacion-en-salud-y-migracion\/portal-migracion-salud-1\/","title":{"rendered":"portal migracion salud 1"},"author":42,"featured_media":0,"comment_status":"open","ping_status":"closed","template":"","meta":[],"class_list":["post-6767","attachment","type-attachment","status-inherit","hentry"],"yoast_head":"<!-- This site is optimized with the Yoast SEO plugin v26.9 - https:\/\/yoast.com\/product\/yoast-seo-wordpress\/ -->\n<title>portal migracion salud 1 - ICIM<\/title>\n<meta name=\"robots\" content=\"index, follow, max-snippet:-1, max-image-preview:large, max-video-preview:-1\" \/>\n<link rel=\"canonical\" href=\"https:\/\/medicina.udd.cl\/icim\/files\/2018\/06\/portal-migracion-salud-1.jpg\" \/>\n<meta property=\"og:locale\" content=\"es_ES\" \/>\n<meta property=\"og:type\" content=\"article\" \/>\n<meta property=\"og:title\" content=\"portal migracion salud 1 - ICIM\" \/>\n<meta property=\"og:url\" content=\"https:\/\/medicina.udd.cl\/icim\/files\/2018\/06\/portal-migracion-salud-1.jpg\" \/>\n<meta property=\"og:site_name\" content=\"ICIM\" \/>\n<meta property=\"og:image\" content=\"https:\/\/medicina.udd.cl\/icim\/files\/2018\/06\/portal-migracion-salud-1.jpg\" \/>\n\t<meta property=\"og:image:width\" content=\"1424\" \/>\n\t<meta property=\"og:image:height\" content=\"1398\" \/>\n\t<meta property=\"og:image:type\" content=\"image\/jpeg\" \/>\n<meta name=\"twitter:card\" content=\"summary_large_image\" \/>\n<script type=\"application\/ld+json\" class=\"yoast-schema-graph\">{\"@context\":\"https:\/\/schema.org\",\"@graph\":[{\"@type\":\"WebPage\",\"@id\":\"https:\/\/medicina.udd.cl\/icim\/files\/2018\/06\/portal-migracion-salud-1.jpg\",\"url\":\"https:\/\/medicina.udd.cl\/icim\/files\/2018\/06\/portal-migracion-salud-1.jpg\",\"name\":\"portal migracion salud 1 - ICIM\",\"isPartOf\":{\"@id\":\"https:\/\/medicina.udd.cl\/icim\/#website\"},\"datePublished\":\"2018-06-04T17:44:24+00:00\",\"breadcrumb\":{\"@id\":\"https:\/\/medicina.udd.cl\/icim\/files\/2018\/06\/portal-migracion-salud-1.jpg#breadcrumb\"},\"inLanguage\":\"es\",\"potentialAction\":[{\"@type\":\"ReadAction\",\"target\":[\"https:\/\/medicina.udd.cl\/icim\/files\/2018\/06\/portal-migracion-salud-1.jpg\"]}]},{\"@type\":\"BreadcrumbList\",\"@id\":\"https:\/\/medicina.udd.cl\/icim\/files\/2018\/06\/portal-migracion-salud-1.jpg#breadcrumb\",\"itemListElement\":[{\"@type\":\"ListItem\",\"position\":1,\"name\":\"Inicio\",\"item\":\"https:\/\/medicina.udd.cl\/icim\/\"},{\"@type\":\"ListItem\",\"position\":2,\"name\":\"Investigadora UDD es parte de in\u00e9dito portal mundial sobre investigaci\u00f3n en salud y migraci\u00f3n\",\"item\":\"https:\/\/medicina.udd.cl\/icim\/2018\/06\/04\/investigadora-udd-es-parte-de-inedito-portal-mundial-sobre-investigacion-en-salud-y-migracion\/\"},{\"@type\":\"ListItem\",\"position\":3,\"name\":\"portal migracion salud 1\"}]},{\"@type\":\"WebSite\",\"@id\":\"https:\/\/medicina.udd.cl\/icim\/#website\",\"url\":\"https:\/\/medicina.udd.cl\/icim\/\",\"name\":\"ICIM\",\"description\":\"Una iniciativa de Universidad del Desarrollo y Cl\u00ednica Alemana\",\"inLanguage\":\"es\"}]}<\/script>\n<!-- \/ Yoast SEO plugin. -->","yoast_head_json":{"title":"portal migracion salud 1 - ICIM","robots":{"index":"index","follow":"follow","max-snippet":"max-snippet:-1","max-image-preview":"max-image-preview:large","max-video-preview":"max-video-preview:-1"},"canonical":"https:\/\/medicina.udd.cl\/icim\/files\/2018\/06\/portal-migracion-salud-1.jpg","og_locale":"es_ES","og_type":"article","og_title":"portal migracion salud 1 - ICIM","og_url":"https:\/\/medicina.udd.cl\/icim\/files\/2018\/06\/portal-migracion-salud-1.jpg","og_site_name":"ICIM","og_image":[{"width":1424,"height":1398,"url":"https:\/\/medicina.udd.cl\/icim\/files\/2018\/06\/portal-migracion-salud-1.jpg","type":"image\/jpeg"}],"twitter_card":"summary_large_image","schema":{"@context":"https:\/\/schema.org","@graph":[{"@type":"WebPage","@id":"https:\/\/medicina.udd.cl\/icim\/files\/2018\/06\/portal-migracion-salud-1.jpg","url":"https:\/\/medicina.udd.cl\/icim\/files\/2018\/06\/portal-migracion-salud-1.jpg","name":"portal migracion salud 1 - ICIM","isPartOf":{"@id":"https:\/\/medicina.udd.cl\/icim\/#website"},"datePublished":"2018-06-04T17:44:24+00:00","breadcrumb":{"@id":"https:\/\/medicina.udd.cl\/icim\/files\/2018\/06\/portal-migracion-salud-1.jpg#breadcrumb"},"inLanguage":"es","potentialAction":[{"@type":"ReadAction","target":["https:\/\/medicina.udd.cl\/icim\/files\/2018\/06\/portal-migracion-salud-1.jpg"]}]},{"@type":"BreadcrumbList","@id":"https:\/\/medicina.udd.cl\/icim\/files\/2018\/06\/portal-migracion-salud-1.jpg#breadcrumb","itemListElement":[{"@type":"ListItem","position":1,"name":"Inicio","item":"https:\/\/medicina.udd.cl\/icim\/"},{"@type":"ListItem","position":2,"name":"Investigadora UDD es parte de in\u00e9dito portal mundial sobre investigaci\u00f3n en salud y migraci\u00f3n","item":"https:\/\/medicina.udd.cl\/icim\/2018\/06\/04\/investigadora-udd-es-parte-de-inedito-portal-mundial-sobre-investigacion-en-salud-y-migracion\/"},{"@type":"ListItem","position":3,"name":"portal migracion salud 1"}]},{"@type":"WebSite","@id":"https:\/\/medicina.udd.cl\/icim\/#website","url":"https:\/\/medicina.udd.cl\/icim\/","name":"ICIM","description":"Una iniciativa de Universidad del Desarrollo y Cl\u00ednica Alemana","inLanguage":"es"}]}},"description":{"rendered":"<p class=\"attachment\"><a href='https:\/\/medicina.udd.cl\/icim\/files\/2018\/06\/portal-migracion-salud-1.jpg'><img loading=\"lazy\" decoding=\"async\" width=\"300\" height=\"295\" src=\"https:\/\/medicina.udd.cl\/icim\/wp-content\/plugins\/wp-async-img-load\/blank.png\" class=\"attachment-medium size-medium lazyload\" alt=\"\" sizes=\"auto, (max-width: 300px) 100vw, 300px\" data-src=\"https:\/\/medicina.udd.cl\/icim\/files\/2018\/06\/portal-migracion-salud-1-300x295.jpg\" data-srcset=\"https:\/\/medicina.udd.cl\/icim\/files\/2018\/06\/portal-migracion-salud-1-300x295.jpg 300w, https:\/\/medicina.udd.cl\/icim\/files\/2018\/06\/portal-migracion-salud-1-768x754.jpg 768w, https:\/\/medicina.udd.cl\/icim\/files\/2018\/06\/portal-migracion-salud-1-1024x1005.jpg 1024w, https:\/\/medicina.udd.cl\/icim\/files\/2018\/06\/portal-migracion-salud-1-62x62.jpg 62w, https:\/\/medicina.udd.cl\/icim\/files\/2018\/06\/portal-migracion-salud-1.jpg 1424w\" \/><\/a><\/p>\n"},"caption":{"rendered":""},"alt_text":"","media_type":"image","mime_type":"image\/jpeg","media_details":{"width":1424,"height":1398,"file":"2018\/06\/portal-migracion-salud-1.jpg","sizes":{"thumbnail":{"file":"portal-migracion-salud-1-150x150.jpg","width":150,"height":150,"mime_type":"image\/jpeg","source_url":"https:\/\/medicina.udd.cl\/icim\/files\/2018\/06\/portal-migracion-salud-1-150x150.jpg"},"medium":{"file":"portal-migracion-salud-1-300x295.jpg","width":300,"height":295,"mime_type":"image\/jpeg","source_url":"https:\/\/medicina.udd.cl\/icim\/files\/2018\/06\/portal-migracion-salud-1-300x295.jpg"},"medium_large":{"file":"portal-migracion-salud-1-768x754.jpg","width":768,"height":754,"mime_type":"image\/jpeg","source_url":"https:\/\/medicina.udd.cl\/icim\/files\/2018\/06\/portal-migracion-salud-1-768x754.jpg"},"large":{"file":"portal-migracion-salud-1-1024x1005.jpg","width":1024,"height":1005,"mime_type":"image\/jpeg","source_url":"https:\/\/medicina.udd.cl\/icim\/files\/2018\/06\/portal-migracion-salud-1-1024x1005.jpg"},"newsletter_featured":{"file":"portal-migracion-salud-1-316x224.jpg","width":316,"height":224,"mime_type":"image\/jpeg","source_url":"https:\/\/medicina.udd.cl\/icim\/files\/2018\/06\/portal-migracion-salud-1-316x224.jpg"},"newsletter_first":{"file":"portal-migracion-salud-1-286x205.jpg","width":286,"height":205,"mime_type":"image\/jpeg","source_url":"https:\/\/medicina.udd.cl\/icim\/files\/2018\/06\/portal-migracion-salud-1-286x205.jpg"},"newsletter_thumb":{"file":"portal-migracion-salud-1-288x150.jpg","width":288,"height":150,"mime_type":"image\/jpeg","source_url":"https:\/\/medicina.udd.cl\/icim\/files\/2018\/06\/portal-migracion-salud-1-288x150.jpg"},"newsletter_column":{"file":"portal-migracion-salud-1-182x140.jpg","width":182,"height":140,"mime_type":"image\/jpeg","source_url":"https:\/\/medicina.udd.cl\/icim\/files\/2018\/06\/portal-migracion-salud-1-182x140.jpg"},"newsletter_square":{"file":"portal-migracion-salud-1-62x62.jpg","width":62,"height":62,"mime_type":"image\/jpeg","source_url":"https:\/\/medicina.udd.cl\/icim\/files\/2018\/06\/portal-migracion-salud-1-62x62.jpg"},"newsletter_square_large":{"file":"portal-migracion-salud-1-87x62.jpg","width":87,"height":62,"mime_type":"image\/jpeg","source_url":"https:\/\/medicina.udd.cl\/icim\/files\/2018\/06\/portal-migracion-salud-1-87x62.jpg"},"front_page__authority":{"file":"portal-migracion-salud-1-373x452.jpg","width":373,"height":452,"mime_type":"image\/jpeg","source_url":"https:\/\/medicina.udd.cl\/icim\/files\/2018\/06\/portal-migracion-salud-1-373x452.jpg"},"front_page__news":{"file":"portal-migracion-salud-1-440x245.jpg","width":440,"height":245,"mime_type":"image\/jpeg","source_url":"https:\/\/medicina.udd.cl\/icim\/files\/2018\/06\/portal-migracion-salud-1-440x245.jpg"},"research_center":{"file":"portal-migracion-salud-1-600x400.jpg","width":600,"height":400,"mime_type":"image\/jpeg","source_url":"https:\/\/medicina.udd.cl\/icim\/files\/2018\/06\/portal-migracion-salud-1-600x400.jpg"},"custom_content":{"file":"portal-migracion-salud-1-126x126.jpg","width":126,"height":126,"mime_type":"image\/jpeg","source_url":"https:\/\/medicina.udd.cl\/icim\/files\/2018\/06\/portal-migracion-salud-1-126x126.jpg"},"full":{"file":"portal-migracion-salud-1.jpg","width":1424,"height":1398,"mime_type":"image\/jpeg","source_url":"https:\/\/medicina.udd.cl\/icim\/files\/2018\/06\/portal-migracion-salud-1.jpg"}},"image_meta":{"aperture":"0","credit":"","camera":"","caption":"","created_timestamp":"0","copyright":"","focal_length":"0","iso":"0","shutter_speed":"0","title":"","orientation":"0","keywords":[]}},"post":6766,"source_url":"https:\/\/medicina.udd.cl\/icim\/files\/2018\/06\/portal-migracion-salud-1.jpg","_links":{"self":[{"href":"https:\/\/medicina.udd.cl\/icim\/wp-json\/wp\/v2\/media\/6767","targetHints":{"allow":["GET"]}}],"collection":[{"href":"https:\/\/medicina.udd.cl\/icim\/wp-json\/wp\/v2\/media"}],"about":[{"href":"https:\/\/medicina.udd.cl\/icim\/wp-json\/wp\/v2\/types\/attachment"}],"author":[{"embeddable":true,"href":"https:\/\/medicina.udd.cl\/icim\/wp-json\/wp\/v2\/users\/42"}],"replies":[{"embeddable":true,"href":"https:\/\/medicina.udd.cl\/icim\/wp-json\/wp\/v2\/comments?post=6767"}],"wp:attached-to":[{"embeddable":true,"post_type":"post","id":6766,"href":"https:\/\/medicina.udd.cl\/icim\/wp-json\/wp\/v2\/posts\/6766"}],"curies":[{"name":"wp","href":"https:\/\/api.w.org\/{rel}","templated":true}]}}

<!-- This site is optimized with the Yoast SEO plugin v26.9 - https://yoast.com/product/yoast-seo-wordpress/ -->
<title>portal migracion salud 1 - ICIM</title>
<meta name="robots" content="index, follow, max-snippet:-1, max-image-preview:large, max-video-preview:-1" />
<link rel="canonical" href="https://medicina.udd.cl/icim/files/2018/06/portal-migracion-salud-1.jpg" />
<meta property="og:locale" content="es_ES" />
<meta property="og:type" content="article" />
<meta property="og:title" content="portal migracion salud 1 - ICIM" />
<meta property="og:url" content="https://medicina.udd.cl/icim/files/2018/06/portal-migracion-salud-1.jpg" />
<meta property="og:site_name" content="ICIM" />
<meta property="og:image" content="https://medicina.udd.cl/icim/files/2018/06/portal-migracion-salud-1.jpg" />
	<meta property="og:image:width" content="1424" />
	<meta property="og:image:height" content="1398" />
	<meta property="og:image:type" content="image/jpeg" />
<meta name="twitter:card" content="summary_large_image" />
<script type="application/ld+json" class="yoast-schema-graph">{"@context":"https://schema.org","@graph":[{"@type":"WebPage","@id":"https://medicina.udd.cl/icim/files/2018/06/portal-migracion-salud-1.jpg","url":"https://medicina.udd.cl/icim/files/2018/06/portal-migracion-salud-1.jpg","name":"portal migracion salud 1 - ICIM","isPartOf":{"@id":"https://medicina.udd.cl/icim/#website"},"datePublished":"2018-06-04T17:44:24+00:00","breadcrumb":{"@id":"https://medicina.udd.cl/icim/files/2018/06/portal-migracion-salud-1.jpg#breadcrumb"},"inLanguage":"es","potentialAction":[{"@type":"ReadAction","target":["https://medicina.udd.cl/icim/files/2018/06/portal-migracion-salud-1.jpg"]}]},{"@type":"BreadcrumbList","@id":"https://medicina.udd.cl/icim/files/2018/06/portal-migracion-salud-1.jpg#breadcrumb","itemListElement":[{"@type":"ListItem","position":1,"name":"Inicio","item":"https://medicina.udd.cl/icim/"},{"@type":"ListItem","position":2,"name":"Investigadora UDD es parte de inédito portal mundial sobre investigación en salud y migración","item":"https://medicina.udd.cl/icim/2018/06/04/investigadora-udd-es-parte-de-inedito-portal-mundial-sobre-investigacion-en-salud-y-migracion/"},{"@type":"ListItem","position":3,"name":"portal migracion salud 1"}]},{"@type":"WebSite","@id":"https://medicina.udd.cl/icim/#website","url":"https://medicina.udd.cl/icim/","name":"ICIM","description":"Una iniciativa de Universidad del Desarrollo y Clínica Alemana","inLanguage":"es"}]}</script>
<!-- / Yoast SEO plugin. -->

Investigadora UDD es parte de inédito portal mundial sobre investigación en salud y migración

Una iniciativa de Universidad del Desarrollo y Clínica Alemana
