{"id":6769,"date":"2018-06-04T17:45:51","date_gmt":"2018-06-04T17:45:51","guid":{"rendered":"http:\/\/medicina.udd.cl\/icim\/files\/2018\/06\/portal-migracion-salud-1-copia.jpg"},"modified":"2018-06-04T17:45:51","modified_gmt":"2018-06-04T17:45:51","slug":"portal-migracion-salud-1-copia","status":"inherit","type":"attachment","link":"https:\/\/medicina.udd.cl\/icim\/2018\/06\/04\/investigadora-udd-es-parte-de-inedito-portal-mundial-sobre-investigacion-en-salud-y-migracion\/portal-migracion-salud-1-copia\/","title":{"rendered":"portal migracion salud 1 &#8211; copia"},"author":42,"featured_media":0,"comment_status":"open","ping_status":"closed","template":"","meta":[],"class_list":["post-6769","attachment","type-attachment","status-inherit","hentry"],"yoast_head":"<!-- This site is optimized with the Yoast SEO plugin v26.9 - https:\/\/yoast.com\/product\/yoast-seo-wordpress\/ -->\n<title>portal migracion salud 1 - copia - ICIM<\/title>\n<meta name=\"robots\" content=\"index, follow, max-snippet:-1, max-image-preview:large, max-video-preview:-1\" \/>\n<link rel=\"canonical\" href=\"https:\/\/medicina.udd.cl\/icim\/files\/2018\/06\/portal-migracion-salud-1-copia.jpg\" \/>\n<meta property=\"og:locale\" content=\"es_ES\" \/>\n<meta property=\"og:type\" content=\"article\" \/>\n<meta property=\"og:title\" content=\"portal migracion salud 1 - copia - ICIM\" \/>\n<meta property=\"og:url\" content=\"https:\/\/medicina.udd.cl\/icim\/files\/2018\/06\/portal-migracion-salud-1-copia.jpg\" \/>\n<meta property=\"og:site_name\" content=\"ICIM\" \/>\n<meta property=\"og:image\" content=\"https:\/\/medicina.udd.cl\/icim\/files\/2018\/06\/portal-migracion-salud-1-copia.jpg\" \/>\n\t<meta property=\"og:image:width\" content=\"1424\" \/>\n\t<meta property=\"og:image:height\" content=\"963\" \/>\n\t<meta property=\"og:image:type\" content=\"image\/jpeg\" \/>\n<meta name=\"twitter:card\" content=\"summary_large_image\" \/>\n<script type=\"application\/ld+json\" class=\"yoast-schema-graph\">{\"@context\":\"https:\/\/schema.org\",\"@graph\":[{\"@type\":\"WebPage\",\"@id\":\"https:\/\/medicina.udd.cl\/icim\/files\/2018\/06\/portal-migracion-salud-1-copia.jpg\",\"url\":\"https:\/\/medicina.udd.cl\/icim\/files\/2018\/06\/portal-migracion-salud-1-copia.jpg\",\"name\":\"portal migracion salud 1 - copia - ICIM\",\"isPartOf\":{\"@id\":\"https:\/\/medicina.udd.cl\/icim\/#website\"},\"datePublished\":\"2018-06-04T17:45:51+00:00\",\"breadcrumb\":{\"@id\":\"https:\/\/medicina.udd.cl\/icim\/files\/2018\/06\/portal-migracion-salud-1-copia.jpg#breadcrumb\"},\"inLanguage\":\"es\",\"potentialAction\":[{\"@type\":\"ReadAction\",\"target\":[\"https:\/\/medicina.udd.cl\/icim\/files\/2018\/06\/portal-migracion-salud-1-copia.jpg\"]}]},{\"@type\":\"BreadcrumbList\",\"@id\":\"https:\/\/medicina.udd.cl\/icim\/files\/2018\/06\/portal-migracion-salud-1-copia.jpg#breadcrumb\",\"itemListElement\":[{\"@type\":\"ListItem\",\"position\":1,\"name\":\"Inicio\",\"item\":\"https:\/\/medicina.udd.cl\/icim\/\"},{\"@type\":\"ListItem\",\"position\":2,\"name\":\"Investigadora UDD es parte de in\u00e9dito portal mundial sobre investigaci\u00f3n en salud y migraci\u00f3n\",\"item\":\"https:\/\/medicina.udd.cl\/icim\/2018\/06\/04\/investigadora-udd-es-parte-de-inedito-portal-mundial-sobre-investigacion-en-salud-y-migracion\/\"},{\"@type\":\"ListItem\",\"position\":3,\"name\":\"portal migracion salud 1 &#8211; copia\"}]},{\"@type\":\"WebSite\",\"@id\":\"https:\/\/medicina.udd.cl\/icim\/#website\",\"url\":\"https:\/\/medicina.udd.cl\/icim\/\",\"name\":\"ICIM\",\"description\":\"Una iniciativa de Universidad del Desarrollo y Cl\u00ednica Alemana\",\"inLanguage\":\"es\"}]}<\/script>\n<!-- \/ Yoast SEO plugin. -->","yoast_head_json":{"title":"portal migracion salud 1 - copia - ICIM","robots":{"index":"index","follow":"follow","max-snippet":"max-snippet:-1","max-image-preview":"max-image-preview:large","max-video-preview":"max-video-preview:-1"},"canonical":"https:\/\/medicina.udd.cl\/icim\/files\/2018\/06\/portal-migracion-salud-1-copia.jpg","og_locale":"es_ES","og_type":"article","og_title":"portal migracion salud 1 - copia - ICIM","og_url":"https:\/\/medicina.udd.cl\/icim\/files\/2018\/06\/portal-migracion-salud-1-copia.jpg","og_site_name":"ICIM","og_image":[{"width":1424,"height":963,"url":"https:\/\/medicina.udd.cl\/icim\/files\/2018\/06\/portal-migracion-salud-1-copia.jpg","type":"image\/jpeg"}],"twitter_card":"summary_large_image","schema":{"@context":"https:\/\/schema.org","@graph":[{"@type":"WebPage","@id":"https:\/\/medicina.udd.cl\/icim\/files\/2018\/06\/portal-migracion-salud-1-copia.jpg","url":"https:\/\/medicina.udd.cl\/icim\/files\/2018\/06\/portal-migracion-salud-1-copia.jpg","name":"portal migracion salud 1 - copia - ICIM","isPartOf":{"@id":"https:\/\/medicina.udd.cl\/icim\/#website"},"datePublished":"2018-06-04T17:45:51+00:00","breadcrumb":{"@id":"https:\/\/medicina.udd.cl\/icim\/files\/2018\/06\/portal-migracion-salud-1-copia.jpg#breadcrumb"},"inLanguage":"es","potentialAction":[{"@type":"ReadAction","target":["https:\/\/medicina.udd.cl\/icim\/files\/2018\/06\/portal-migracion-salud-1-copia.jpg"]}]},{"@type":"BreadcrumbList","@id":"https:\/\/medicina.udd.cl\/icim\/files\/2018\/06\/portal-migracion-salud-1-copia.jpg#breadcrumb","itemListElement":[{"@type":"ListItem","position":1,"name":"Inicio","item":"https:\/\/medicina.udd.cl\/icim\/"},{"@type":"ListItem","position":2,"name":"Investigadora UDD es parte de in\u00e9dito portal mundial sobre investigaci\u00f3n en salud y migraci\u00f3n","item":"https:\/\/medicina.udd.cl\/icim\/2018\/06\/04\/investigadora-udd-es-parte-de-inedito-portal-mundial-sobre-investigacion-en-salud-y-migracion\/"},{"@type":"ListItem","position":3,"name":"portal migracion salud 1 &#8211; copia"}]},{"@type":"WebSite","@id":"https:\/\/medicina.udd.cl\/icim\/#website","url":"https:\/\/medicina.udd.cl\/icim\/","name":"ICIM","description":"Una iniciativa de Universidad del Desarrollo y Cl\u00ednica Alemana","inLanguage":"es"}]}},"description":{"rendered":"<p class=\"attachment\"><a href='https:\/\/medicina.udd.cl\/icim\/files\/2018\/06\/portal-migracion-salud-1-copia.jpg'><img loading=\"lazy\" decoding=\"async\" width=\"300\" height=\"203\" src=\"https:\/\/medicina.udd.cl\/icim\/wp-content\/plugins\/wp-async-img-load\/blank.png\" class=\"attachment-medium size-medium lazyload\" alt=\"\" sizes=\"auto, (max-width: 300px) 100vw, 300px\" data-src=\"https:\/\/medicina.udd.cl\/icim\/files\/2018\/06\/portal-migracion-salud-1-copia-300x203.jpg\" data-srcset=\"https:\/\/medicina.udd.cl\/icim\/files\/2018\/06\/portal-migracion-salud-1-copia-300x203.jpg 300w, https:\/\/medicina.udd.cl\/icim\/files\/2018\/06\/portal-migracion-salud-1-copia-768x519.jpg 768w, https:\/\/medicina.udd.cl\/icim\/files\/2018\/06\/portal-migracion-salud-1-copia-1024x692.jpg 1024w, https:\/\/medicina.udd.cl\/icim\/files\/2018\/06\/portal-migracion-salud-1-copia.jpg 1424w\" \/><\/a><\/p>\n"},"caption":{"rendered":""},"alt_text":"","media_type":"image","mime_type":"image\/jpeg","media_details":{"width":1424,"height":963,"file":"2018\/06\/portal-migracion-salud-1-copia.jpg","sizes":{"thumbnail":{"file":"portal-migracion-salud-1-copia-150x150.jpg","width":150,"height":150,"mime_type":"image\/jpeg","source_url":"https:\/\/medicina.udd.cl\/icim\/files\/2018\/06\/portal-migracion-salud-1-copia-150x150.jpg"},"medium":{"file":"portal-migracion-salud-1-copia-300x203.jpg","width":300,"height":203,"mime_type":"image\/jpeg","source_url":"https:\/\/medicina.udd.cl\/icim\/files\/2018\/06\/portal-migracion-salud-1-copia-300x203.jpg"},"medium_large":{"file":"portal-migracion-salud-1-copia-768x519.jpg","width":768,"height":519,"mime_type":"image\/jpeg","source_url":"https:\/\/medicina.udd.cl\/icim\/files\/2018\/06\/portal-migracion-salud-1-copia-768x519.jpg"},"large":{"file":"portal-migracion-salud-1-copia-1024x692.jpg","width":1024,"height":692,"mime_type":"image\/jpeg","source_url":"https:\/\/medicina.udd.cl\/icim\/files\/2018\/06\/portal-migracion-salud-1-copia-1024x692.jpg"},"newsletter_featured":{"file":"portal-migracion-salud-1-copia-316x224.jpg","width":316,"height":224,"mime_type":"image\/jpeg","source_url":"https:\/\/medicina.udd.cl\/icim\/files\/2018\/06\/portal-migracion-salud-1-copia-316x224.jpg"},"newsletter_first":{"file":"portal-migracion-salud-1-copia-286x205.jpg","width":286,"height":205,"mime_type":"image\/jpeg","source_url":"https:\/\/medicina.udd.cl\/icim\/files\/2018\/06\/portal-migracion-salud-1-copia-286x205.jpg"},"newsletter_thumb":{"file":"portal-migracion-salud-1-copia-288x150.jpg","width":288,"height":150,"mime_type":"image\/jpeg","source_url":"https:\/\/medicina.udd.cl\/icim\/files\/2018\/06\/portal-migracion-salud-1-copia-288x150.jpg"},"newsletter_column":{"file":"portal-migracion-salud-1-copia-182x140.jpg","width":182,"height":140,"mime_type":"image\/jpeg","source_url":"https:\/\/medicina.udd.cl\/icim\/files\/2018\/06\/portal-migracion-salud-1-copia-182x140.jpg"},"newsletter_square":{"file":"portal-migracion-salud-1-copia-62x62.jpg","width":62,"height":62,"mime_type":"image\/jpeg","source_url":"https:\/\/medicina.udd.cl\/icim\/files\/2018\/06\/portal-migracion-salud-1-copia-62x62.jpg"},"newsletter_square_large":{"file":"portal-migracion-salud-1-copia-87x62.jpg","width":87,"height":62,"mime_type":"image\/jpeg","source_url":"https:\/\/medicina.udd.cl\/icim\/files\/2018\/06\/portal-migracion-salud-1-copia-87x62.jpg"},"front_page__authority":{"file":"portal-migracion-salud-1-copia-373x452.jpg","width":373,"height":452,"mime_type":"image\/jpeg","source_url":"https:\/\/medicina.udd.cl\/icim\/files\/2018\/06\/portal-migracion-salud-1-copia-373x452.jpg"},"front_page__news":{"file":"portal-migracion-salud-1-copia-440x245.jpg","width":440,"height":245,"mime_type":"image\/jpeg","source_url":"https:\/\/medicina.udd.cl\/icim\/files\/2018\/06\/portal-migracion-salud-1-copia-440x245.jpg"},"research_center":{"file":"portal-migracion-salud-1-copia-600x400.jpg","width":600,"height":400,"mime_type":"image\/jpeg","source_url":"https:\/\/medicina.udd.cl\/icim\/files\/2018\/06\/portal-migracion-salud-1-copia-600x400.jpg"},"custom_content":{"file":"portal-migracion-salud-1-copia-126x126.jpg","width":126,"height":126,"mime_type":"image\/jpeg","source_url":"https:\/\/medicina.udd.cl\/icim\/files\/2018\/06\/portal-migracion-salud-1-copia-126x126.jpg"},"full":{"file":"portal-migracion-salud-1-copia.jpg","width":1424,"height":963,"mime_type":"image\/jpeg","source_url":"https:\/\/medicina.udd.cl\/icim\/files\/2018\/06\/portal-migracion-salud-1-copia.jpg"}},"image_meta":{"aperture":"0","credit":"","camera":"","caption":"","created_timestamp":"0","copyright":"","focal_length":"0","iso":"0","shutter_speed":"0","title":"","orientation":"0","keywords":[]}},"post":6766,"source_url":"https:\/\/medicina.udd.cl\/icim\/files\/2018\/06\/portal-migracion-salud-1-copia.jpg","_links":{"self":[{"href":"https:\/\/medicina.udd.cl\/icim\/wp-json\/wp\/v2\/media\/6769","targetHints":{"allow":["GET"]}}],"collection":[{"href":"https:\/\/medicina.udd.cl\/icim\/wp-json\/wp\/v2\/media"}],"about":[{"href":"https:\/\/medicina.udd.cl\/icim\/wp-json\/wp\/v2\/types\/attachment"}],"author":[{"embeddable":true,"href":"https:\/\/medicina.udd.cl\/icim\/wp-json\/wp\/v2\/users\/42"}],"replies":[{"embeddable":true,"href":"https:\/\/medicina.udd.cl\/icim\/wp-json\/wp\/v2\/comments?post=6769"}],"wp:attached-to":[{"embeddable":true,"post_type":"post","id":6766,"href":"https:\/\/medicina.udd.cl\/icim\/wp-json\/wp\/v2\/posts\/6766"}],"curies":[{"name":"wp","href":"https:\/\/api.w.org\/{rel}","templated":true}]}}

<!-- This site is optimized with the Yoast SEO plugin v26.9 - https://yoast.com/product/yoast-seo-wordpress/ -->
<title>portal migracion salud 1 - copia - ICIM</title>
<meta name="robots" content="index, follow, max-snippet:-1, max-image-preview:large, max-video-preview:-1" />
<link rel="canonical" href="https://medicina.udd.cl/icim/files/2018/06/portal-migracion-salud-1-copia.jpg" />
<meta property="og:locale" content="es_ES" />
<meta property="og:type" content="article" />
<meta property="og:title" content="portal migracion salud 1 - copia - ICIM" />
<meta property="og:url" content="https://medicina.udd.cl/icim/files/2018/06/portal-migracion-salud-1-copia.jpg" />
<meta property="og:site_name" content="ICIM" />
<meta property="og:image" content="https://medicina.udd.cl/icim/files/2018/06/portal-migracion-salud-1-copia.jpg" />
	<meta property="og:image:width" content="1424" />
	<meta property="og:image:height" content="963" />
	<meta property="og:image:type" content="image/jpeg" />
<meta name="twitter:card" content="summary_large_image" />
<script type="application/ld+json" class="yoast-schema-graph">{"@context":"https://schema.org","@graph":[{"@type":"WebPage","@id":"https://medicina.udd.cl/icim/files/2018/06/portal-migracion-salud-1-copia.jpg","url":"https://medicina.udd.cl/icim/files/2018/06/portal-migracion-salud-1-copia.jpg","name":"portal migracion salud 1 - copia - ICIM","isPartOf":{"@id":"https://medicina.udd.cl/icim/#website"},"datePublished":"2018-06-04T17:45:51+00:00","breadcrumb":{"@id":"https://medicina.udd.cl/icim/files/2018/06/portal-migracion-salud-1-copia.jpg#breadcrumb"},"inLanguage":"es","potentialAction":[{"@type":"ReadAction","target":["https://medicina.udd.cl/icim/files/2018/06/portal-migracion-salud-1-copia.jpg"]}]},{"@type":"BreadcrumbList","@id":"https://medicina.udd.cl/icim/files/2018/06/portal-migracion-salud-1-copia.jpg#breadcrumb","itemListElement":[{"@type":"ListItem","position":1,"name":"Inicio","item":"https://medicina.udd.cl/icim/"},{"@type":"ListItem","position":2,"name":"Investigadora UDD es parte de inédito portal mundial sobre investigación en salud y migración","item":"https://medicina.udd.cl/icim/2018/06/04/investigadora-udd-es-parte-de-inedito-portal-mundial-sobre-investigacion-en-salud-y-migracion/"},{"@type":"ListItem","position":3,"name":"portal migracion salud 1 &#8211; copia"}]},{"@type":"WebSite","@id":"https://medicina.udd.cl/icim/#website","url":"https://medicina.udd.cl/icim/","name":"ICIM","description":"Una iniciativa de Universidad del Desarrollo y Clínica Alemana","inLanguage":"es"}]}</script>
<!-- / Yoast SEO plugin. -->

Investigadora UDD es parte de inédito portal mundial sobre investigación en salud y migración

Una iniciativa de Universidad del Desarrollo y Clínica Alemana
