{"id":6944,"date":"2018-07-13T15:38:29","date_gmt":"2018-07-13T15:38:29","guid":{"rendered":"http:\/\/medicina.udd.cl\/icim\/files\/2018\/06\/Bernardo-Aguilera-Foto-C\u00e1mara-de-Diputados-2.jpg"},"modified":"2018-07-13T15:38:29","modified_gmt":"2018-07-13T15:38:29","slug":"bernardo-aguilera-foto-camara-de-diputados-2","status":"inherit","type":"attachment","link":"https:\/\/medicina.udd.cl\/icim\/2018\/06\/16\/academico-udd-expuso-sobre-el-proyecto-de-ley-de-farmacos-ante-la-comision-de-salud-de-la-camara-de-diputados\/bernardo-aguilera-foto-camara-de-diputados-2\/","title":{"rendered":"Bernardo Aguilera (Foto C\u00e1mara de Diputados) 2"},"author":42,"featured_media":0,"comment_status":"open","ping_status":"closed","template":"","meta":[],"class_list":["post-6944","attachment","type-attachment","status-inherit","hentry"],"yoast_head":"<!-- This site is optimized with the Yoast SEO plugin v26.9 - https:\/\/yoast.com\/product\/yoast-seo-wordpress\/ -->\n<title>Bernardo Aguilera (Foto C\u00e1mara de Diputados) 2 - ICIM<\/title>\n<meta name=\"robots\" content=\"index, follow, max-snippet:-1, max-image-preview:large, max-video-preview:-1\" \/>\n<link rel=\"canonical\" href=\"https:\/\/medicina.udd.cl\/icim\/files\/2018\/06\/Bernardo-Aguilera-Foto-C\u00e1mara-de-Diputados-2.jpg\" \/>\n<meta property=\"og:locale\" content=\"es_ES\" \/>\n<meta property=\"og:type\" content=\"article\" \/>\n<meta property=\"og:title\" content=\"Bernardo Aguilera (Foto C\u00e1mara de Diputados) 2 - ICIM\" \/>\n<meta property=\"og:url\" content=\"https:\/\/medicina.udd.cl\/icim\/files\/2018\/06\/Bernardo-Aguilera-Foto-C\u00e1mara-de-Diputados-2.jpg\" \/>\n<meta property=\"og:site_name\" content=\"ICIM\" \/>\n<meta property=\"og:image\" content=\"https:\/\/medicina.udd.cl\/icim\/files\/2018\/06\/Bernardo-Aguilera-Foto-C\u00e1mara-de-Diputados-2.jpg\" \/>\n\t<meta property=\"og:image:width\" content=\"260\" \/>\n\t<meta property=\"og:image:height\" content=\"152\" \/>\n\t<meta property=\"og:image:type\" content=\"image\/jpeg\" \/>\n<meta name=\"twitter:card\" content=\"summary_large_image\" \/>\n<script type=\"application\/ld+json\" class=\"yoast-schema-graph\">{\"@context\":\"https:\/\/schema.org\",\"@graph\":[{\"@type\":\"WebPage\",\"@id\":\"https:\/\/medicina.udd.cl\/icim\/files\/2018\/06\/Bernardo-Aguilera-Foto-C\u00e1mara-de-Diputados-2.jpg\",\"url\":\"https:\/\/medicina.udd.cl\/icim\/files\/2018\/06\/Bernardo-Aguilera-Foto-C\u00e1mara-de-Diputados-2.jpg\",\"name\":\"Bernardo Aguilera (Foto C\u00e1mara de Diputados) 2 - ICIM\",\"isPartOf\":{\"@id\":\"https:\/\/medicina.udd.cl\/icim\/#website\"},\"datePublished\":\"2018-07-13T15:38:29+00:00\",\"breadcrumb\":{\"@id\":\"https:\/\/medicina.udd.cl\/icim\/files\/2018\/06\/Bernardo-Aguilera-Foto-C\u00e1mara-de-Diputados-2.jpg#breadcrumb\"},\"inLanguage\":\"es\",\"potentialAction\":[{\"@type\":\"ReadAction\",\"target\":[\"https:\/\/medicina.udd.cl\/icim\/files\/2018\/06\/Bernardo-Aguilera-Foto-C\u00e1mara-de-Diputados-2.jpg\"]}]},{\"@type\":\"BreadcrumbList\",\"@id\":\"https:\/\/medicina.udd.cl\/icim\/files\/2018\/06\/Bernardo-Aguilera-Foto-C\u00e1mara-de-Diputados-2.jpg#breadcrumb\",\"itemListElement\":[{\"@type\":\"ListItem\",\"position\":1,\"name\":\"Inicio\",\"item\":\"https:\/\/medicina.udd.cl\/icim\/\"},{\"@type\":\"ListItem\",\"position\":2,\"name\":\"Acad\u00e9mico UDD expuso sobre el proyecto de Ley de F\u00e1rmacos ante la Comisi\u00f3n de Salud de la C\u00e1mara de Diputados\",\"item\":\"https:\/\/medicina.udd.cl\/icim\/2018\/06\/16\/academico-udd-expuso-sobre-el-proyecto-de-ley-de-farmacos-ante-la-comision-de-salud-de-la-camara-de-diputados\/\"},{\"@type\":\"ListItem\",\"position\":3,\"name\":\"Bernardo Aguilera (Foto C\u00e1mara de Diputados) 2\"}]},{\"@type\":\"WebSite\",\"@id\":\"https:\/\/medicina.udd.cl\/icim\/#website\",\"url\":\"https:\/\/medicina.udd.cl\/icim\/\",\"name\":\"ICIM\",\"description\":\"Una iniciativa de Universidad del Desarrollo y Cl\u00ednica Alemana\",\"inLanguage\":\"es\"}]}<\/script>\n<!-- \/ Yoast SEO plugin. -->","yoast_head_json":{"title":"Bernardo Aguilera (Foto C\u00e1mara de Diputados) 2 - ICIM","robots":{"index":"index","follow":"follow","max-snippet":"max-snippet:-1","max-image-preview":"max-image-preview:large","max-video-preview":"max-video-preview:-1"},"canonical":"https:\/\/medicina.udd.cl\/icim\/files\/2018\/06\/Bernardo-Aguilera-Foto-C\u00e1mara-de-Diputados-2.jpg","og_locale":"es_ES","og_type":"article","og_title":"Bernardo Aguilera (Foto C\u00e1mara de Diputados) 2 - ICIM","og_url":"https:\/\/medicina.udd.cl\/icim\/files\/2018\/06\/Bernardo-Aguilera-Foto-C\u00e1mara-de-Diputados-2.jpg","og_site_name":"ICIM","og_image":[{"width":260,"height":152,"url":"https:\/\/medicina.udd.cl\/icim\/files\/2018\/06\/Bernardo-Aguilera-Foto-C\u00e1mara-de-Diputados-2.jpg","type":"image\/jpeg"}],"twitter_card":"summary_large_image","schema":{"@context":"https:\/\/schema.org","@graph":[{"@type":"WebPage","@id":"https:\/\/medicina.udd.cl\/icim\/files\/2018\/06\/Bernardo-Aguilera-Foto-C\u00e1mara-de-Diputados-2.jpg","url":"https:\/\/medicina.udd.cl\/icim\/files\/2018\/06\/Bernardo-Aguilera-Foto-C\u00e1mara-de-Diputados-2.jpg","name":"Bernardo Aguilera (Foto C\u00e1mara de Diputados) 2 - ICIM","isPartOf":{"@id":"https:\/\/medicina.udd.cl\/icim\/#website"},"datePublished":"2018-07-13T15:38:29+00:00","breadcrumb":{"@id":"https:\/\/medicina.udd.cl\/icim\/files\/2018\/06\/Bernardo-Aguilera-Foto-C\u00e1mara-de-Diputados-2.jpg#breadcrumb"},"inLanguage":"es","potentialAction":[{"@type":"ReadAction","target":["https:\/\/medicina.udd.cl\/icim\/files\/2018\/06\/Bernardo-Aguilera-Foto-C\u00e1mara-de-Diputados-2.jpg"]}]},{"@type":"BreadcrumbList","@id":"https:\/\/medicina.udd.cl\/icim\/files\/2018\/06\/Bernardo-Aguilera-Foto-C\u00e1mara-de-Diputados-2.jpg#breadcrumb","itemListElement":[{"@type":"ListItem","position":1,"name":"Inicio","item":"https:\/\/medicina.udd.cl\/icim\/"},{"@type":"ListItem","position":2,"name":"Acad\u00e9mico UDD expuso sobre el proyecto de Ley de F\u00e1rmacos ante la Comisi\u00f3n de Salud de la C\u00e1mara de Diputados","item":"https:\/\/medicina.udd.cl\/icim\/2018\/06\/16\/academico-udd-expuso-sobre-el-proyecto-de-ley-de-farmacos-ante-la-comision-de-salud-de-la-camara-de-diputados\/"},{"@type":"ListItem","position":3,"name":"Bernardo Aguilera (Foto C\u00e1mara de Diputados) 2"}]},{"@type":"WebSite","@id":"https:\/\/medicina.udd.cl\/icim\/#website","url":"https:\/\/medicina.udd.cl\/icim\/","name":"ICIM","description":"Una iniciativa de Universidad del Desarrollo y Cl\u00ednica Alemana","inLanguage":"es"}]}},"description":{"rendered":"<p class=\"attachment\"><a href='https:\/\/medicina.udd.cl\/icim\/files\/2018\/06\/Bernardo-Aguilera-Foto-C\u00e1mara-de-Diputados-2.jpg'><img loading=\"lazy\" decoding=\"async\" width=\"260\" height=\"152\" src=\"https:\/\/medicina.udd.cl\/icim\/wp-content\/plugins\/wp-async-img-load\/blank.png\" class=\"attachment-medium size-medium lazyload\" alt=\"\" data-src=\"https:\/\/medicina.udd.cl\/icim\/files\/2018\/06\/Bernardo-Aguilera-Foto-C\u00e1mara-de-Diputados-2.jpg\" \/><\/a><\/p>\n"},"caption":{"rendered":""},"alt_text":"","media_type":"image","mime_type":"image\/jpeg","media_details":{"width":260,"height":152,"file":"2018\/06\/Bernardo-Aguilera-Foto-C\u00e1mara-de-Diputados-2.jpg","sizes":{"thumbnail":{"file":"Bernardo-Aguilera-Foto-C\u00e1mara-de-Diputados-2-150x150.jpg","width":150,"height":150,"mime_type":"image\/jpeg","source_url":"https:\/\/medicina.udd.cl\/icim\/files\/2018\/06\/Bernardo-Aguilera-Foto-C\u00e1mara-de-Diputados-2-150x150.jpg"},"newsletter_thumb":{"file":"Bernardo-Aguilera-Foto-C\u00e1mara-de-Diputados-2-260x150.jpg","width":260,"height":150,"mime_type":"image\/jpeg","source_url":"https:\/\/medicina.udd.cl\/icim\/files\/2018\/06\/Bernardo-Aguilera-Foto-C\u00e1mara-de-Diputados-2-260x150.jpg"},"newsletter_column":{"file":"Bernardo-Aguilera-Foto-C\u00e1mara-de-Diputados-2-182x140.jpg","width":182,"height":140,"mime_type":"image\/jpeg","source_url":"https:\/\/medicina.udd.cl\/icim\/files\/2018\/06\/Bernardo-Aguilera-Foto-C\u00e1mara-de-Diputados-2-182x140.jpg"},"newsletter_square":{"file":"Bernardo-Aguilera-Foto-C\u00e1mara-de-Diputados-2-62x62.jpg","width":62,"height":62,"mime_type":"image\/jpeg","source_url":"https:\/\/medicina.udd.cl\/icim\/files\/2018\/06\/Bernardo-Aguilera-Foto-C\u00e1mara-de-Diputados-2-62x62.jpg"},"newsletter_square_large":{"file":"Bernardo-Aguilera-Foto-C\u00e1mara-de-Diputados-2-87x62.jpg","width":87,"height":62,"mime_type":"image\/jpeg","source_url":"https:\/\/medicina.udd.cl\/icim\/files\/2018\/06\/Bernardo-Aguilera-Foto-C\u00e1mara-de-Diputados-2-87x62.jpg"},"custom_content":{"file":"Bernardo-Aguilera-Foto-C\u00e1mara-de-Diputados-2-126x126.jpg","width":126,"height":126,"mime_type":"image\/jpeg","source_url":"https:\/\/medicina.udd.cl\/icim\/files\/2018\/06\/Bernardo-Aguilera-Foto-C\u00e1mara-de-Diputados-2-126x126.jpg"},"full":{"file":"Bernardo-Aguilera-Foto-C\u00e1mara-de-Diputados-2.jpg","width":260,"height":152,"mime_type":"image\/jpeg","source_url":"https:\/\/medicina.udd.cl\/icim\/files\/2018\/06\/Bernardo-Aguilera-Foto-C\u00e1mara-de-Diputados-2.jpg"}},"image_meta":{"aperture":"0","credit":"Ren\u00e9 Lescornez","camera":"","caption":"","created_timestamp":"0","copyright":"Ren\u00e9 Lescornez A.","focal_length":"0","iso":"0","shutter_speed":"0","title":"","orientation":"0","keywords":[]}},"post":6941,"source_url":"https:\/\/medicina.udd.cl\/icim\/files\/2018\/06\/Bernardo-Aguilera-Foto-C\u00e1mara-de-Diputados-2.jpg","_links":{"self":[{"href":"https:\/\/medicina.udd.cl\/icim\/wp-json\/wp\/v2\/media\/6944","targetHints":{"allow":["GET"]}}],"collection":[{"href":"https:\/\/medicina.udd.cl\/icim\/wp-json\/wp\/v2\/media"}],"about":[{"href":"https:\/\/medicina.udd.cl\/icim\/wp-json\/wp\/v2\/types\/attachment"}],"author":[{"embeddable":true,"href":"https:\/\/medicina.udd.cl\/icim\/wp-json\/wp\/v2\/users\/42"}],"replies":[{"embeddable":true,"href":"https:\/\/medicina.udd.cl\/icim\/wp-json\/wp\/v2\/comments?post=6944"}],"wp:attached-to":[{"embeddable":true,"post_type":"post","id":6941,"href":"https:\/\/medicina.udd.cl\/icim\/wp-json\/wp\/v2\/posts\/6941"}],"curies":[{"name":"wp","href":"https:\/\/api.w.org\/{rel}","templated":true}]}}

http://medicina.udd.cl/icim/files/2018/06/Bernardo-Aguilera-Foto-Cámara-de-Diputados-2.jpg

Bernardo Aguilera (Foto Cámara de Diputados) 2

<!-- This site is optimized with the Yoast SEO plugin v26.9 - https://yoast.com/product/yoast-seo-wordpress/ -->
<title>Bernardo Aguilera (Foto Cámara de Diputados) 2 - ICIM</title>
<meta name="robots" content="index, follow, max-snippet:-1, max-image-preview:large, max-video-preview:-1" />
<link rel="canonical" href="https://medicina.udd.cl/icim/files/2018/06/Bernardo-Aguilera-Foto-Cámara-de-Diputados-2.jpg" />
<meta property="og:locale" content="es_ES" />
<meta property="og:type" content="article" />
<meta property="og:title" content="Bernardo Aguilera (Foto Cámara de Diputados) 2 - ICIM" />
<meta property="og:url" content="https://medicina.udd.cl/icim/files/2018/06/Bernardo-Aguilera-Foto-Cámara-de-Diputados-2.jpg" />
<meta property="og:site_name" content="ICIM" />
<meta property="og:image" content="https://medicina.udd.cl/icim/files/2018/06/Bernardo-Aguilera-Foto-Cámara-de-Diputados-2.jpg" />
	<meta property="og:image:width" content="260" />
	<meta property="og:image:height" content="152" />
	<meta property="og:image:type" content="image/jpeg" />
<meta name="twitter:card" content="summary_large_image" />
<script type="application/ld+json" class="yoast-schema-graph">{"@context":"https://schema.org","@graph":[{"@type":"WebPage","@id":"https://medicina.udd.cl/icim/files/2018/06/Bernardo-Aguilera-Foto-Cámara-de-Diputados-2.jpg","url":"https://medicina.udd.cl/icim/files/2018/06/Bernardo-Aguilera-Foto-Cámara-de-Diputados-2.jpg","name":"Bernardo Aguilera (Foto Cámara de Diputados) 2 - ICIM","isPartOf":{"@id":"https://medicina.udd.cl/icim/#website"},"datePublished":"2018-07-13T15:38:29+00:00","breadcrumb":{"@id":"https://medicina.udd.cl/icim/files/2018/06/Bernardo-Aguilera-Foto-Cámara-de-Diputados-2.jpg#breadcrumb"},"inLanguage":"es","potentialAction":[{"@type":"ReadAction","target":["https://medicina.udd.cl/icim/files/2018/06/Bernardo-Aguilera-Foto-Cámara-de-Diputados-2.jpg"]}]},{"@type":"BreadcrumbList","@id":"https://medicina.udd.cl/icim/files/2018/06/Bernardo-Aguilera-Foto-Cámara-de-Diputados-2.jpg#breadcrumb","itemListElement":[{"@type":"ListItem","position":1,"name":"Inicio","item":"https://medicina.udd.cl/icim/"},{"@type":"ListItem","position":2,"name":"Académico UDD expuso sobre el proyecto de Ley de Fármacos ante la Comisión de Salud de la Cámara de Diputados","item":"https://medicina.udd.cl/icim/2018/06/16/academico-udd-expuso-sobre-el-proyecto-de-ley-de-farmacos-ante-la-comision-de-salud-de-la-camara-de-diputados/"},{"@type":"ListItem","position":3,"name":"Bernardo Aguilera (Foto Cámara de Diputados) 2"}]},{"@type":"WebSite","@id":"https://medicina.udd.cl/icim/#website","url":"https://medicina.udd.cl/icim/","name":"ICIM","description":"Una iniciativa de Universidad del Desarrollo y Clínica Alemana","inLanguage":"es"}]}</script>
<!-- / Yoast SEO plugin. -->

Bernardo Aguilera (Foto Cámara de Diputados) 2 - ICIM

https://medicina.udd.cl/icim/files/2018/06/Bernardo-Aguilera-Foto-Cámara-de-Diputados-2.jpg

https://medicina.udd.cl/icim/files/2018/06/Bernardo-Aguilera-Foto-Cámara-de-Diputados-2.jpg#breadcrumb

Académico UDD expuso sobre el proyecto de Ley de Fármacos ante la Comisión de Salud de la Cámara de Diputados

Una iniciativa de Universidad del Desarrollo y Clínica Alemana

<p class="attachment"><a href='https://medicina.udd.cl/icim/files/2018/06/Bernardo-Aguilera-Foto-Cámara-de-Diputados-2.jpg'><img loading="lazy" decoding="async" width="260" height="152" src="https://medicina.udd.cl/icim/wp-content/plugins/wp-async-img-load/blank.png" class="attachment-medium size-medium lazyload" alt="" data-src="https://medicina.udd.cl/icim/files/2018/06/Bernardo-Aguilera-Foto-Cámara-de-Diputados-2.jpg" /></a></p>

2018/06/Bernardo-Aguilera-Foto-Cámara-de-Diputados-2.jpg

Bernardo-Aguilera-Foto-Cámara-de-Diputados-2-150x150.jpg

https://medicina.udd.cl/icim/files/2018/06/Bernardo-Aguilera-Foto-Cámara-de-Diputados-2-150x150.jpg

Bernardo-Aguilera-Foto-Cámara-de-Diputados-2-260x150.jpg

https://medicina.udd.cl/icim/files/2018/06/Bernardo-Aguilera-Foto-Cámara-de-Diputados-2-260x150.jpg

Bernardo-Aguilera-Foto-Cámara-de-Diputados-2-182x140.jpg

https://medicina.udd.cl/icim/files/2018/06/Bernardo-Aguilera-Foto-Cámara-de-Diputados-2-182x140.jpg

Bernardo-Aguilera-Foto-Cámara-de-Diputados-2-62x62.jpg

https://medicina.udd.cl/icim/files/2018/06/Bernardo-Aguilera-Foto-Cámara-de-Diputados-2-62x62.jpg

Bernardo-Aguilera-Foto-Cámara-de-Diputados-2-87x62.jpg

https://medicina.udd.cl/icim/files/2018/06/Bernardo-Aguilera-Foto-Cámara-de-Diputados-2-87x62.jpg

Bernardo-Aguilera-Foto-Cámara-de-Diputados-2-126x126.jpg

https://medicina.udd.cl/icim/files/2018/06/Bernardo-Aguilera-Foto-Cámara-de-Diputados-2-126x126.jpg

Bernardo-Aguilera-Foto-Cámara-de-Diputados-2.jpg

René Lescornez

René Lescornez A.
