{"id":7577,"date":"2019-04-04T15:30:54","date_gmt":"2019-04-04T15:30:54","guid":{"rendered":"http:\/\/medicina.udd.cl\/icim\/files\/2019\/04\/F8F65C1A-8ACB-47CC-8B4D-41BF51F0301C.jpeg"},"modified":"2019-04-04T15:30:54","modified_gmt":"2019-04-04T15:30:54","slug":"f8f65c1a-8acb-47cc-8b4d-41bf51f0301c","status":"inherit","type":"attachment","link":"https:\/\/medicina.udd.cl\/icim\/2019\/04\/04\/inauguracion-ano-academico-2019-en-clinica-alemana\/f8f65c1a-8acb-47cc-8b4d-41bf51f0301c\/","title":{"rendered":"F8F65C1A-8ACB-47CC-8B4D-41BF51F0301C"},"author":9192219,"featured_media":0,"comment_status":"open","ping_status":"closed","template":"","meta":[],"class_list":["post-7577","attachment","type-attachment","status-inherit","hentry"],"yoast_head":"<!-- This site is optimized with the Yoast SEO plugin v26.9 - https:\/\/yoast.com\/product\/yoast-seo-wordpress\/ -->\n<title>F8F65C1A-8ACB-47CC-8B4D-41BF51F0301C - ICIM<\/title>\n<meta name=\"robots\" content=\"index, follow, max-snippet:-1, max-image-preview:large, max-video-preview:-1\" \/>\n<link rel=\"canonical\" href=\"https:\/\/medicina.udd.cl\/icim\/files\/2019\/04\/F8F65C1A-8ACB-47CC-8B4D-41BF51F0301C.jpeg\" \/>\n<meta property=\"og:locale\" content=\"es_ES\" \/>\n<meta property=\"og:type\" content=\"article\" \/>\n<meta property=\"og:title\" content=\"F8F65C1A-8ACB-47CC-8B4D-41BF51F0301C - ICIM\" \/>\n<meta property=\"og:url\" content=\"https:\/\/medicina.udd.cl\/icim\/files\/2019\/04\/F8F65C1A-8ACB-47CC-8B4D-41BF51F0301C.jpeg\" \/>\n<meta property=\"og:site_name\" content=\"ICIM\" \/>\n<meta property=\"og:image\" content=\"https:\/\/medicina.udd.cl\/icim\/files\/2019\/04\/F8F65C1A-8ACB-47CC-8B4D-41BF51F0301C.jpeg\" \/>\n\t<meta property=\"og:image:width\" content=\"1540\" \/>\n\t<meta property=\"og:image:height\" content=\"1026\" \/>\n\t<meta property=\"og:image:type\" content=\"image\/jpeg\" \/>\n<meta name=\"twitter:card\" content=\"summary_large_image\" \/>\n<script type=\"application\/ld+json\" class=\"yoast-schema-graph\">{\"@context\":\"https:\/\/schema.org\",\"@graph\":[{\"@type\":\"WebPage\",\"@id\":\"https:\/\/medicina.udd.cl\/icim\/files\/2019\/04\/F8F65C1A-8ACB-47CC-8B4D-41BF51F0301C.jpeg\",\"url\":\"https:\/\/medicina.udd.cl\/icim\/files\/2019\/04\/F8F65C1A-8ACB-47CC-8B4D-41BF51F0301C.jpeg\",\"name\":\"F8F65C1A-8ACB-47CC-8B4D-41BF51F0301C - ICIM\",\"isPartOf\":{\"@id\":\"https:\/\/medicina.udd.cl\/icim\/#website\"},\"datePublished\":\"2019-04-04T15:30:54+00:00\",\"breadcrumb\":{\"@id\":\"https:\/\/medicina.udd.cl\/icim\/files\/2019\/04\/F8F65C1A-8ACB-47CC-8B4D-41BF51F0301C.jpeg#breadcrumb\"},\"inLanguage\":\"es\",\"potentialAction\":[{\"@type\":\"ReadAction\",\"target\":[\"https:\/\/medicina.udd.cl\/icim\/files\/2019\/04\/F8F65C1A-8ACB-47CC-8B4D-41BF51F0301C.jpeg\"]}]},{\"@type\":\"BreadcrumbList\",\"@id\":\"https:\/\/medicina.udd.cl\/icim\/files\/2019\/04\/F8F65C1A-8ACB-47CC-8B4D-41BF51F0301C.jpeg#breadcrumb\",\"itemListElement\":[{\"@type\":\"ListItem\",\"position\":1,\"name\":\"Inicio\",\"item\":\"https:\/\/medicina.udd.cl\/icim\/\"},{\"@type\":\"ListItem\",\"position\":2,\"name\":\"Inauguraci\u00f3n a\u00f1o acad\u00e9mico 2019 en Cl\u00ednica Alemana\",\"item\":\"https:\/\/medicina.udd.cl\/icim\/2019\/04\/04\/inauguracion-ano-academico-2019-en-clinica-alemana\/\"},{\"@type\":\"ListItem\",\"position\":3,\"name\":\"F8F65C1A-8ACB-47CC-8B4D-41BF51F0301C\"}]},{\"@type\":\"WebSite\",\"@id\":\"https:\/\/medicina.udd.cl\/icim\/#website\",\"url\":\"https:\/\/medicina.udd.cl\/icim\/\",\"name\":\"ICIM\",\"description\":\"Una iniciativa de Universidad del Desarrollo y Cl\u00ednica Alemana\",\"inLanguage\":\"es\"}]}<\/script>\n<!-- \/ Yoast SEO plugin. -->","yoast_head_json":{"title":"F8F65C1A-8ACB-47CC-8B4D-41BF51F0301C - ICIM","robots":{"index":"index","follow":"follow","max-snippet":"max-snippet:-1","max-image-preview":"max-image-preview:large","max-video-preview":"max-video-preview:-1"},"canonical":"https:\/\/medicina.udd.cl\/icim\/files\/2019\/04\/F8F65C1A-8ACB-47CC-8B4D-41BF51F0301C.jpeg","og_locale":"es_ES","og_type":"article","og_title":"F8F65C1A-8ACB-47CC-8B4D-41BF51F0301C - ICIM","og_url":"https:\/\/medicina.udd.cl\/icim\/files\/2019\/04\/F8F65C1A-8ACB-47CC-8B4D-41BF51F0301C.jpeg","og_site_name":"ICIM","og_image":[{"width":1540,"height":1026,"url":"https:\/\/medicina.udd.cl\/icim\/files\/2019\/04\/F8F65C1A-8ACB-47CC-8B4D-41BF51F0301C.jpeg","type":"image\/jpeg"}],"twitter_card":"summary_large_image","schema":{"@context":"https:\/\/schema.org","@graph":[{"@type":"WebPage","@id":"https:\/\/medicina.udd.cl\/icim\/files\/2019\/04\/F8F65C1A-8ACB-47CC-8B4D-41BF51F0301C.jpeg","url":"https:\/\/medicina.udd.cl\/icim\/files\/2019\/04\/F8F65C1A-8ACB-47CC-8B4D-41BF51F0301C.jpeg","name":"F8F65C1A-8ACB-47CC-8B4D-41BF51F0301C - ICIM","isPartOf":{"@id":"https:\/\/medicina.udd.cl\/icim\/#website"},"datePublished":"2019-04-04T15:30:54+00:00","breadcrumb":{"@id":"https:\/\/medicina.udd.cl\/icim\/files\/2019\/04\/F8F65C1A-8ACB-47CC-8B4D-41BF51F0301C.jpeg#breadcrumb"},"inLanguage":"es","potentialAction":[{"@type":"ReadAction","target":["https:\/\/medicina.udd.cl\/icim\/files\/2019\/04\/F8F65C1A-8ACB-47CC-8B4D-41BF51F0301C.jpeg"]}]},{"@type":"BreadcrumbList","@id":"https:\/\/medicina.udd.cl\/icim\/files\/2019\/04\/F8F65C1A-8ACB-47CC-8B4D-41BF51F0301C.jpeg#breadcrumb","itemListElement":[{"@type":"ListItem","position":1,"name":"Inicio","item":"https:\/\/medicina.udd.cl\/icim\/"},{"@type":"ListItem","position":2,"name":"Inauguraci\u00f3n a\u00f1o acad\u00e9mico 2019 en Cl\u00ednica Alemana","item":"https:\/\/medicina.udd.cl\/icim\/2019\/04\/04\/inauguracion-ano-academico-2019-en-clinica-alemana\/"},{"@type":"ListItem","position":3,"name":"F8F65C1A-8ACB-47CC-8B4D-41BF51F0301C"}]},{"@type":"WebSite","@id":"https:\/\/medicina.udd.cl\/icim\/#website","url":"https:\/\/medicina.udd.cl\/icim\/","name":"ICIM","description":"Una iniciativa de Universidad del Desarrollo y Cl\u00ednica Alemana","inLanguage":"es"}]}},"description":{"rendered":"<p class=\"attachment\"><a href='https:\/\/medicina.udd.cl\/icim\/files\/2019\/04\/F8F65C1A-8ACB-47CC-8B4D-41BF51F0301C.jpeg'><img loading=\"lazy\" decoding=\"async\" width=\"300\" height=\"200\" src=\"https:\/\/medicina.udd.cl\/icim\/wp-content\/plugins\/wp-async-img-load\/blank.png\" class=\"attachment-medium size-medium lazyload\" alt=\"\" sizes=\"auto, (max-width: 300px) 100vw, 300px\" data-src=\"https:\/\/medicina.udd.cl\/icim\/files\/2019\/04\/F8F65C1A-8ACB-47CC-8B4D-41BF51F0301C-300x200.jpeg\" data-srcset=\"https:\/\/medicina.udd.cl\/icim\/files\/2019\/04\/F8F65C1A-8ACB-47CC-8B4D-41BF51F0301C-300x200.jpeg 300w, https:\/\/medicina.udd.cl\/icim\/files\/2019\/04\/F8F65C1A-8ACB-47CC-8B4D-41BF51F0301C-768x512.jpeg 768w, https:\/\/medicina.udd.cl\/icim\/files\/2019\/04\/F8F65C1A-8ACB-47CC-8B4D-41BF51F0301C-1024x682.jpeg 1024w, https:\/\/medicina.udd.cl\/icim\/files\/2019\/04\/F8F65C1A-8ACB-47CC-8B4D-41BF51F0301C-600x400.jpeg 600w, https:\/\/medicina.udd.cl\/icim\/files\/2019\/04\/F8F65C1A-8ACB-47CC-8B4D-41BF51F0301C.jpeg 1540w\" \/><\/a><\/p>\n"},"caption":{"rendered":""},"alt_text":"","media_type":"image","mime_type":"image\/jpeg","media_details":{"width":1540,"height":1026,"file":"2019\/04\/F8F65C1A-8ACB-47CC-8B4D-41BF51F0301C.jpeg","sizes":{"thumbnail":{"file":"F8F65C1A-8ACB-47CC-8B4D-41BF51F0301C-150x150.jpeg","width":150,"height":150,"mime_type":"image\/jpeg","source_url":"https:\/\/medicina.udd.cl\/icim\/files\/2019\/04\/F8F65C1A-8ACB-47CC-8B4D-41BF51F0301C-150x150.jpeg"},"medium":{"file":"F8F65C1A-8ACB-47CC-8B4D-41BF51F0301C-300x200.jpeg","width":300,"height":200,"mime_type":"image\/jpeg","source_url":"https:\/\/medicina.udd.cl\/icim\/files\/2019\/04\/F8F65C1A-8ACB-47CC-8B4D-41BF51F0301C-300x200.jpeg"},"medium_large":{"file":"F8F65C1A-8ACB-47CC-8B4D-41BF51F0301C-768x512.jpeg","width":768,"height":512,"mime_type":"image\/jpeg","source_url":"https:\/\/medicina.udd.cl\/icim\/files\/2019\/04\/F8F65C1A-8ACB-47CC-8B4D-41BF51F0301C-768x512.jpeg"},"large":{"file":"F8F65C1A-8ACB-47CC-8B4D-41BF51F0301C-1024x682.jpeg","width":1024,"height":682,"mime_type":"image\/jpeg","source_url":"https:\/\/medicina.udd.cl\/icim\/files\/2019\/04\/F8F65C1A-8ACB-47CC-8B4D-41BF51F0301C-1024x682.jpeg"},"newsletter_featured":{"file":"F8F65C1A-8ACB-47CC-8B4D-41BF51F0301C-316x224.jpeg","width":316,"height":224,"mime_type":"image\/jpeg","source_url":"https:\/\/medicina.udd.cl\/icim\/files\/2019\/04\/F8F65C1A-8ACB-47CC-8B4D-41BF51F0301C-316x224.jpeg"},"newsletter_first":{"file":"F8F65C1A-8ACB-47CC-8B4D-41BF51F0301C-286x205.jpeg","width":286,"height":205,"mime_type":"image\/jpeg","source_url":"https:\/\/medicina.udd.cl\/icim\/files\/2019\/04\/F8F65C1A-8ACB-47CC-8B4D-41BF51F0301C-286x205.jpeg"},"newsletter_thumb":{"file":"F8F65C1A-8ACB-47CC-8B4D-41BF51F0301C-288x150.jpeg","width":288,"height":150,"mime_type":"image\/jpeg","source_url":"https:\/\/medicina.udd.cl\/icim\/files\/2019\/04\/F8F65C1A-8ACB-47CC-8B4D-41BF51F0301C-288x150.jpeg"},"newsletter_column":{"file":"F8F65C1A-8ACB-47CC-8B4D-41BF51F0301C-182x140.jpeg","width":182,"height":140,"mime_type":"image\/jpeg","source_url":"https:\/\/medicina.udd.cl\/icim\/files\/2019\/04\/F8F65C1A-8ACB-47CC-8B4D-41BF51F0301C-182x140.jpeg"},"newsletter_square":{"file":"F8F65C1A-8ACB-47CC-8B4D-41BF51F0301C-62x62.jpeg","width":62,"height":62,"mime_type":"image\/jpeg","source_url":"https:\/\/medicina.udd.cl\/icim\/files\/2019\/04\/F8F65C1A-8ACB-47CC-8B4D-41BF51F0301C-62x62.jpeg"},"newsletter_square_large":{"file":"F8F65C1A-8ACB-47CC-8B4D-41BF51F0301C-87x62.jpeg","width":87,"height":62,"mime_type":"image\/jpeg","source_url":"https:\/\/medicina.udd.cl\/icim\/files\/2019\/04\/F8F65C1A-8ACB-47CC-8B4D-41BF51F0301C-87x62.jpeg"},"front_page__authority":{"file":"F8F65C1A-8ACB-47CC-8B4D-41BF51F0301C-373x452.jpeg","width":373,"height":452,"mime_type":"image\/jpeg","source_url":"https:\/\/medicina.udd.cl\/icim\/files\/2019\/04\/F8F65C1A-8ACB-47CC-8B4D-41BF51F0301C-373x452.jpeg"},"front_page__news":{"file":"F8F65C1A-8ACB-47CC-8B4D-41BF51F0301C-440x245.jpeg","width":440,"height":245,"mime_type":"image\/jpeg","source_url":"https:\/\/medicina.udd.cl\/icim\/files\/2019\/04\/F8F65C1A-8ACB-47CC-8B4D-41BF51F0301C-440x245.jpeg"},"research_center":{"file":"F8F65C1A-8ACB-47CC-8B4D-41BF51F0301C-600x400.jpeg","width":600,"height":400,"mime_type":"image\/jpeg","source_url":"https:\/\/medicina.udd.cl\/icim\/files\/2019\/04\/F8F65C1A-8ACB-47CC-8B4D-41BF51F0301C-600x400.jpeg"},"custom_content":{"file":"F8F65C1A-8ACB-47CC-8B4D-41BF51F0301C-126x126.jpeg","width":126,"height":126,"mime_type":"image\/jpeg","source_url":"https:\/\/medicina.udd.cl\/icim\/files\/2019\/04\/F8F65C1A-8ACB-47CC-8B4D-41BF51F0301C-126x126.jpeg"},"full":{"file":"F8F65C1A-8ACB-47CC-8B4D-41BF51F0301C.jpeg","width":1540,"height":1026,"mime_type":"image\/jpeg","source_url":"https:\/\/medicina.udd.cl\/icim\/files\/2019\/04\/F8F65C1A-8ACB-47CC-8B4D-41BF51F0301C.jpeg"}},"image_meta":{"aperture":"3.5","credit":"","camera":"NIKON D750","caption":"","created_timestamp":"1554310603","copyright":"","focal_length":"18","iso":"400","shutter_speed":"0.033333333333333","title":"","orientation":"0","keywords":[]}},"post":7571,"source_url":"https:\/\/medicina.udd.cl\/icim\/files\/2019\/04\/F8F65C1A-8ACB-47CC-8B4D-41BF51F0301C.jpeg","_links":{"self":[{"href":"https:\/\/medicina.udd.cl\/icim\/wp-json\/wp\/v2\/media\/7577","targetHints":{"allow":["GET"]}}],"collection":[{"href":"https:\/\/medicina.udd.cl\/icim\/wp-json\/wp\/v2\/media"}],"about":[{"href":"https:\/\/medicina.udd.cl\/icim\/wp-json\/wp\/v2\/types\/attachment"}],"author":[{"embeddable":true,"href":"https:\/\/medicina.udd.cl\/icim\/wp-json\/wp\/v2\/users\/9192219"}],"replies":[{"embeddable":true,"href":"https:\/\/medicina.udd.cl\/icim\/wp-json\/wp\/v2\/comments?post=7577"}],"wp:attached-to":[{"embeddable":true,"post_type":"post","id":7571,"href":"https:\/\/medicina.udd.cl\/icim\/wp-json\/wp\/v2\/posts\/7571"}],"curies":[{"name":"wp","href":"https:\/\/api.w.org\/{rel}","templated":true}]}}

<!-- This site is optimized with the Yoast SEO plugin v26.9 - https://yoast.com/product/yoast-seo-wordpress/ -->
<title>F8F65C1A-8ACB-47CC-8B4D-41BF51F0301C - ICIM</title>
<meta name="robots" content="index, follow, max-snippet:-1, max-image-preview:large, max-video-preview:-1" />
<link rel="canonical" href="https://medicina.udd.cl/icim/files/2019/04/F8F65C1A-8ACB-47CC-8B4D-41BF51F0301C.jpeg" />
<meta property="og:locale" content="es_ES" />
<meta property="og:type" content="article" />
<meta property="og:title" content="F8F65C1A-8ACB-47CC-8B4D-41BF51F0301C - ICIM" />
<meta property="og:url" content="https://medicina.udd.cl/icim/files/2019/04/F8F65C1A-8ACB-47CC-8B4D-41BF51F0301C.jpeg" />
<meta property="og:site_name" content="ICIM" />
<meta property="og:image" content="https://medicina.udd.cl/icim/files/2019/04/F8F65C1A-8ACB-47CC-8B4D-41BF51F0301C.jpeg" />
	<meta property="og:image:width" content="1540" />
	<meta property="og:image:height" content="1026" />
	<meta property="og:image:type" content="image/jpeg" />
<meta name="twitter:card" content="summary_large_image" />
<script type="application/ld+json" class="yoast-schema-graph">{"@context":"https://schema.org","@graph":[{"@type":"WebPage","@id":"https://medicina.udd.cl/icim/files/2019/04/F8F65C1A-8ACB-47CC-8B4D-41BF51F0301C.jpeg","url":"https://medicina.udd.cl/icim/files/2019/04/F8F65C1A-8ACB-47CC-8B4D-41BF51F0301C.jpeg","name":"F8F65C1A-8ACB-47CC-8B4D-41BF51F0301C - ICIM","isPartOf":{"@id":"https://medicina.udd.cl/icim/#website"},"datePublished":"2019-04-04T15:30:54+00:00","breadcrumb":{"@id":"https://medicina.udd.cl/icim/files/2019/04/F8F65C1A-8ACB-47CC-8B4D-41BF51F0301C.jpeg#breadcrumb"},"inLanguage":"es","potentialAction":[{"@type":"ReadAction","target":["https://medicina.udd.cl/icim/files/2019/04/F8F65C1A-8ACB-47CC-8B4D-41BF51F0301C.jpeg"]}]},{"@type":"BreadcrumbList","@id":"https://medicina.udd.cl/icim/files/2019/04/F8F65C1A-8ACB-47CC-8B4D-41BF51F0301C.jpeg#breadcrumb","itemListElement":[{"@type":"ListItem","position":1,"name":"Inicio","item":"https://medicina.udd.cl/icim/"},{"@type":"ListItem","position":2,"name":"Inauguración año académico 2019 en Clínica Alemana","item":"https://medicina.udd.cl/icim/2019/04/04/inauguracion-ano-academico-2019-en-clinica-alemana/"},{"@type":"ListItem","position":3,"name":"F8F65C1A-8ACB-47CC-8B4D-41BF51F0301C"}]},{"@type":"WebSite","@id":"https://medicina.udd.cl/icim/#website","url":"https://medicina.udd.cl/icim/","name":"ICIM","description":"Una iniciativa de Universidad del Desarrollo y Clínica Alemana","inLanguage":"es"}]}</script>
<!-- / Yoast SEO plugin. -->

Inauguración año académico 2019 en Clínica Alemana

Una iniciativa de Universidad del Desarrollo y Clínica Alemana
