{"id":7580,"date":"2019-04-04T17:04:22","date_gmt":"2019-04-04T17:04:22","guid":{"rendered":"http:\/\/medicina.udd.cl\/icim\/files\/2019\/04\/IMG_4847.jpg"},"modified":"2019-04-04T17:04:22","modified_gmt":"2019-04-04T17:04:22","slug":"img_4847","status":"inherit","type":"attachment","link":"https:\/\/medicina.udd.cl\/icim\/2019\/04\/04\/centro-de-bioetica-participo-en-jornada-de-capacitacion-en-asuncion\/img_4847\/","title":{"rendered":"IMG_4847"},"author":9192218,"featured_media":0,"comment_status":"open","ping_status":"closed","template":"","meta":[],"class_list":["post-7580","attachment","type-attachment","status-inherit","hentry"],"yoast_head":"<!-- This site is optimized with the Yoast SEO plugin v26.9 - https:\/\/yoast.com\/product\/yoast-seo-wordpress\/ -->\n<title>IMG_4847 - ICIM<\/title>\n<meta name=\"robots\" content=\"index, follow, max-snippet:-1, max-image-preview:large, max-video-preview:-1\" \/>\n<link rel=\"canonical\" href=\"https:\/\/medicina.udd.cl\/icim\/files\/2019\/04\/IMG_4847.jpg\" \/>\n<meta property=\"og:locale\" content=\"es_ES\" \/>\n<meta property=\"og:type\" content=\"article\" \/>\n<meta property=\"og:title\" content=\"IMG_4847 - ICIM\" \/>\n<meta property=\"og:url\" content=\"https:\/\/medicina.udd.cl\/icim\/files\/2019\/04\/IMG_4847.jpg\" \/>\n<meta property=\"og:site_name\" content=\"ICIM\" \/>\n<meta property=\"og:image\" content=\"https:\/\/medicina.udd.cl\/icim\/files\/2019\/04\/IMG_4847.jpg\" \/>\n\t<meta property=\"og:image:width\" content=\"1224\" \/>\n\t<meta property=\"og:image:height\" content=\"1632\" \/>\n\t<meta property=\"og:image:type\" content=\"image\/jpeg\" \/>\n<meta name=\"twitter:card\" content=\"summary_large_image\" \/>\n<script type=\"application\/ld+json\" class=\"yoast-schema-graph\">{\"@context\":\"https:\/\/schema.org\",\"@graph\":[{\"@type\":\"WebPage\",\"@id\":\"https:\/\/medicina.udd.cl\/icim\/files\/2019\/04\/IMG_4847.jpg\",\"url\":\"https:\/\/medicina.udd.cl\/icim\/files\/2019\/04\/IMG_4847.jpg\",\"name\":\"IMG_4847 - ICIM\",\"isPartOf\":{\"@id\":\"https:\/\/medicina.udd.cl\/icim\/#website\"},\"datePublished\":\"2019-04-04T17:04:22+00:00\",\"breadcrumb\":{\"@id\":\"https:\/\/medicina.udd.cl\/icim\/files\/2019\/04\/IMG_4847.jpg#breadcrumb\"},\"inLanguage\":\"es\",\"potentialAction\":[{\"@type\":\"ReadAction\",\"target\":[\"https:\/\/medicina.udd.cl\/icim\/files\/2019\/04\/IMG_4847.jpg\"]}]},{\"@type\":\"BreadcrumbList\",\"@id\":\"https:\/\/medicina.udd.cl\/icim\/files\/2019\/04\/IMG_4847.jpg#breadcrumb\",\"itemListElement\":[{\"@type\":\"ListItem\",\"position\":1,\"name\":\"Inicio\",\"item\":\"https:\/\/medicina.udd.cl\/icim\/\"},{\"@type\":\"ListItem\",\"position\":2,\"name\":\"Centro de Bio\u00e9tica particip\u00f3 en Jornada de capacitaci\u00f3n en Asunci\u00f3n\",\"item\":\"https:\/\/medicina.udd.cl\/icim\/2019\/04\/04\/centro-de-bioetica-participo-en-jornada-de-capacitacion-en-asuncion\/\"},{\"@type\":\"ListItem\",\"position\":3,\"name\":\"IMG_4847\"}]},{\"@type\":\"WebSite\",\"@id\":\"https:\/\/medicina.udd.cl\/icim\/#website\",\"url\":\"https:\/\/medicina.udd.cl\/icim\/\",\"name\":\"ICIM\",\"description\":\"Una iniciativa de Universidad del Desarrollo y Cl\u00ednica Alemana\",\"inLanguage\":\"es\"}]}<\/script>\n<!-- \/ Yoast SEO plugin. -->","yoast_head_json":{"title":"IMG_4847 - ICIM","robots":{"index":"index","follow":"follow","max-snippet":"max-snippet:-1","max-image-preview":"max-image-preview:large","max-video-preview":"max-video-preview:-1"},"canonical":"https:\/\/medicina.udd.cl\/icim\/files\/2019\/04\/IMG_4847.jpg","og_locale":"es_ES","og_type":"article","og_title":"IMG_4847 - ICIM","og_url":"https:\/\/medicina.udd.cl\/icim\/files\/2019\/04\/IMG_4847.jpg","og_site_name":"ICIM","og_image":[{"width":1224,"height":1632,"url":"https:\/\/medicina.udd.cl\/icim\/files\/2019\/04\/IMG_4847.jpg","type":"image\/jpeg"}],"twitter_card":"summary_large_image","schema":{"@context":"https:\/\/schema.org","@graph":[{"@type":"WebPage","@id":"https:\/\/medicina.udd.cl\/icim\/files\/2019\/04\/IMG_4847.jpg","url":"https:\/\/medicina.udd.cl\/icim\/files\/2019\/04\/IMG_4847.jpg","name":"IMG_4847 - ICIM","isPartOf":{"@id":"https:\/\/medicina.udd.cl\/icim\/#website"},"datePublished":"2019-04-04T17:04:22+00:00","breadcrumb":{"@id":"https:\/\/medicina.udd.cl\/icim\/files\/2019\/04\/IMG_4847.jpg#breadcrumb"},"inLanguage":"es","potentialAction":[{"@type":"ReadAction","target":["https:\/\/medicina.udd.cl\/icim\/files\/2019\/04\/IMG_4847.jpg"]}]},{"@type":"BreadcrumbList","@id":"https:\/\/medicina.udd.cl\/icim\/files\/2019\/04\/IMG_4847.jpg#breadcrumb","itemListElement":[{"@type":"ListItem","position":1,"name":"Inicio","item":"https:\/\/medicina.udd.cl\/icim\/"},{"@type":"ListItem","position":2,"name":"Centro de Bio\u00e9tica particip\u00f3 en Jornada de capacitaci\u00f3n en Asunci\u00f3n","item":"https:\/\/medicina.udd.cl\/icim\/2019\/04\/04\/centro-de-bioetica-participo-en-jornada-de-capacitacion-en-asuncion\/"},{"@type":"ListItem","position":3,"name":"IMG_4847"}]},{"@type":"WebSite","@id":"https:\/\/medicina.udd.cl\/icim\/#website","url":"https:\/\/medicina.udd.cl\/icim\/","name":"ICIM","description":"Una iniciativa de Universidad del Desarrollo y Cl\u00ednica Alemana","inLanguage":"es"}]}},"description":{"rendered":"<p class=\"attachment\"><a href='https:\/\/medicina.udd.cl\/icim\/files\/2019\/04\/IMG_4847.jpg'><img loading=\"lazy\" decoding=\"async\" width=\"225\" height=\"300\" src=\"https:\/\/medicina.udd.cl\/icim\/wp-content\/plugins\/wp-async-img-load\/blank.png\" class=\"attachment-medium size-medium lazyload\" alt=\"\" sizes=\"auto, (max-width: 225px) 100vw, 225px\" data-src=\"https:\/\/medicina.udd.cl\/icim\/files\/2019\/04\/IMG_4847-225x300.jpg\" data-srcset=\"https:\/\/medicina.udd.cl\/icim\/files\/2019\/04\/IMG_4847-225x300.jpg 225w, https:\/\/medicina.udd.cl\/icim\/files\/2019\/04\/IMG_4847-768x1024.jpg 768w, https:\/\/medicina.udd.cl\/icim\/files\/2019\/04\/IMG_4847.jpg 1224w\" \/><\/a><\/p>\n"},"caption":{"rendered":""},"alt_text":"","media_type":"image","mime_type":"image\/jpeg","media_details":{"width":1224,"height":1632,"file":"2019\/04\/IMG_4847.jpg","sizes":{"thumbnail":{"file":"IMG_4847-150x150.jpg","width":150,"height":150,"mime_type":"image\/jpeg","source_url":"https:\/\/medicina.udd.cl\/icim\/files\/2019\/04\/IMG_4847-150x150.jpg"},"medium":{"file":"IMG_4847-225x300.jpg","width":225,"height":300,"mime_type":"image\/jpeg","source_url":"https:\/\/medicina.udd.cl\/icim\/files\/2019\/04\/IMG_4847-225x300.jpg"},"medium_large":{"file":"IMG_4847-768x1024.jpg","width":768,"height":1024,"mime_type":"image\/jpeg","source_url":"https:\/\/medicina.udd.cl\/icim\/files\/2019\/04\/IMG_4847-768x1024.jpg"},"large":{"file":"IMG_4847-768x1024.jpg","width":768,"height":1024,"mime_type":"image\/jpeg","source_url":"https:\/\/medicina.udd.cl\/icim\/files\/2019\/04\/IMG_4847-768x1024.jpg"},"newsletter_featured":{"file":"IMG_4847-316x224.jpg","width":316,"height":224,"mime_type":"image\/jpeg","source_url":"https:\/\/medicina.udd.cl\/icim\/files\/2019\/04\/IMG_4847-316x224.jpg"},"newsletter_first":{"file":"IMG_4847-286x205.jpg","width":286,"height":205,"mime_type":"image\/jpeg","source_url":"https:\/\/medicina.udd.cl\/icim\/files\/2019\/04\/IMG_4847-286x205.jpg"},"newsletter_thumb":{"file":"IMG_4847-288x150.jpg","width":288,"height":150,"mime_type":"image\/jpeg","source_url":"https:\/\/medicina.udd.cl\/icim\/files\/2019\/04\/IMG_4847-288x150.jpg"},"newsletter_column":{"file":"IMG_4847-182x140.jpg","width":182,"height":140,"mime_type":"image\/jpeg","source_url":"https:\/\/medicina.udd.cl\/icim\/files\/2019\/04\/IMG_4847-182x140.jpg"},"newsletter_square":{"file":"IMG_4847-62x62.jpg","width":62,"height":62,"mime_type":"image\/jpeg","source_url":"https:\/\/medicina.udd.cl\/icim\/files\/2019\/04\/IMG_4847-62x62.jpg"},"newsletter_square_large":{"file":"IMG_4847-87x62.jpg","width":87,"height":62,"mime_type":"image\/jpeg","source_url":"https:\/\/medicina.udd.cl\/icim\/files\/2019\/04\/IMG_4847-87x62.jpg"},"front_page__authority":{"file":"IMG_4847-373x452.jpg","width":373,"height":452,"mime_type":"image\/jpeg","source_url":"https:\/\/medicina.udd.cl\/icim\/files\/2019\/04\/IMG_4847-373x452.jpg"},"front_page__news":{"file":"IMG_4847-440x245.jpg","width":440,"height":245,"mime_type":"image\/jpeg","source_url":"https:\/\/medicina.udd.cl\/icim\/files\/2019\/04\/IMG_4847-440x245.jpg"},"research_center":{"file":"IMG_4847-600x400.jpg","width":600,"height":400,"mime_type":"image\/jpeg","source_url":"https:\/\/medicina.udd.cl\/icim\/files\/2019\/04\/IMG_4847-600x400.jpg"},"custom_content":{"file":"IMG_4847-126x126.jpg","width":126,"height":126,"mime_type":"image\/jpeg","source_url":"https:\/\/medicina.udd.cl\/icim\/files\/2019\/04\/IMG_4847-126x126.jpg"},"full":{"file":"IMG_4847.jpg","width":1224,"height":1632,"mime_type":"image\/jpeg","source_url":"https:\/\/medicina.udd.cl\/icim\/files\/2019\/04\/IMG_4847.jpg"}},"image_meta":{"aperture":"2.2","credit":"","camera":"iPhone 6","caption":"","created_timestamp":"1553760036","copyright":"","focal_length":"4.15","iso":"400","shutter_speed":"0.058823529411765","title":"","orientation":"6","keywords":[]}},"post":7579,"source_url":"https:\/\/medicina.udd.cl\/icim\/files\/2019\/04\/IMG_4847.jpg","_links":{"self":[{"href":"https:\/\/medicina.udd.cl\/icim\/wp-json\/wp\/v2\/media\/7580","targetHints":{"allow":["GET"]}}],"collection":[{"href":"https:\/\/medicina.udd.cl\/icim\/wp-json\/wp\/v2\/media"}],"about":[{"href":"https:\/\/medicina.udd.cl\/icim\/wp-json\/wp\/v2\/types\/attachment"}],"author":[{"embeddable":true,"href":"https:\/\/medicina.udd.cl\/icim\/wp-json\/wp\/v2\/users\/9192218"}],"replies":[{"embeddable":true,"href":"https:\/\/medicina.udd.cl\/icim\/wp-json\/wp\/v2\/comments?post=7580"}],"wp:attached-to":[{"embeddable":true,"post_type":"post","id":7579,"href":"https:\/\/medicina.udd.cl\/icim\/wp-json\/wp\/v2\/posts\/7579"}],"curies":[{"name":"wp","href":"https:\/\/api.w.org\/{rel}","templated":true}]}}

<!-- This site is optimized with the Yoast SEO plugin v26.9 - https://yoast.com/product/yoast-seo-wordpress/ -->
<title>IMG_4847 - ICIM</title>
<meta name="robots" content="index, follow, max-snippet:-1, max-image-preview:large, max-video-preview:-1" />
<link rel="canonical" href="https://medicina.udd.cl/icim/files/2019/04/IMG_4847.jpg" />
<meta property="og:locale" content="es_ES" />
<meta property="og:type" content="article" />
<meta property="og:title" content="IMG_4847 - ICIM" />
<meta property="og:url" content="https://medicina.udd.cl/icim/files/2019/04/IMG_4847.jpg" />
<meta property="og:site_name" content="ICIM" />
<meta property="og:image" content="https://medicina.udd.cl/icim/files/2019/04/IMG_4847.jpg" />
	<meta property="og:image:width" content="1224" />
	<meta property="og:image:height" content="1632" />
	<meta property="og:image:type" content="image/jpeg" />
<meta name="twitter:card" content="summary_large_image" />
<script type="application/ld+json" class="yoast-schema-graph">{"@context":"https://schema.org","@graph":[{"@type":"WebPage","@id":"https://medicina.udd.cl/icim/files/2019/04/IMG_4847.jpg","url":"https://medicina.udd.cl/icim/files/2019/04/IMG_4847.jpg","name":"IMG_4847 - ICIM","isPartOf":{"@id":"https://medicina.udd.cl/icim/#website"},"datePublished":"2019-04-04T17:04:22+00:00","breadcrumb":{"@id":"https://medicina.udd.cl/icim/files/2019/04/IMG_4847.jpg#breadcrumb"},"inLanguage":"es","potentialAction":[{"@type":"ReadAction","target":["https://medicina.udd.cl/icim/files/2019/04/IMG_4847.jpg"]}]},{"@type":"BreadcrumbList","@id":"https://medicina.udd.cl/icim/files/2019/04/IMG_4847.jpg#breadcrumb","itemListElement":[{"@type":"ListItem","position":1,"name":"Inicio","item":"https://medicina.udd.cl/icim/"},{"@type":"ListItem","position":2,"name":"Centro de Bioética participó en Jornada de capacitación en Asunción","item":"https://medicina.udd.cl/icim/2019/04/04/centro-de-bioetica-participo-en-jornada-de-capacitacion-en-asuncion/"},{"@type":"ListItem","position":3,"name":"IMG_4847"}]},{"@type":"WebSite","@id":"https://medicina.udd.cl/icim/#website","url":"https://medicina.udd.cl/icim/","name":"ICIM","description":"Una iniciativa de Universidad del Desarrollo y Clínica Alemana","inLanguage":"es"}]}</script>
<!-- / Yoast SEO plugin. -->

Centro de Bioética participó en Jornada de capacitación en Asunción

Una iniciativa de Universidad del Desarrollo y Clínica Alemana
