{"id":11279,"date":"2023-02-24T14:19:54","date_gmt":"2023-02-24T17:19:54","guid":{"rendered":"https:\/\/medicina.udd.cl\/icim\/?page_id=11279"},"modified":"2023-02-24T14:19:55","modified_gmt":"2023-02-24T17:19:55","slug":"confirmacion-inscripcion-pasarela-cientifica-icim-2023","status":"publish","type":"page","link":"https:\/\/medicina.udd.cl\/icim\/confirmacion-inscripcion-pasarela-cientifica-icim-2023\/","title":{"rendered":"Confirmaci\u00f3n inscripci\u00f3n: Pasarela Cient\u00edfica ICIM 2023"},"content":{"rendered":"\n<p>Hemos recibido tus datos correctamente. Te esperamos. <\/p>\n","protected":false},"excerpt":{"rendered":"<p>Hemos recibido tus datos correctamente. Te esperamos.<\/p>\n","protected":false},"author":9192219,"featured_media":0,"parent":0,"menu_order":0,"comment_status":"closed","ping_status":"closed","template":"","meta":{"footnotes":""},"class_list":["post-11279","page","type-page","status-publish","hentry"],"yoast_head":"<!-- This site is optimized with the Yoast SEO plugin v26.9 - https:\/\/yoast.com\/product\/yoast-seo-wordpress\/ -->\n<title>Confirmaci\u00f3n inscripci\u00f3n: Pasarela Cient\u00edfica ICIM 2023 - ICIM<\/title>\n<meta name=\"robots\" content=\"index, follow, max-snippet:-1, max-image-preview:large, max-video-preview:-1\" \/>\n<link rel=\"canonical\" href=\"https:\/\/medicina.udd.cl\/icim\/confirmacion-inscripcion-pasarela-cientifica-icim-2023\/\" \/>\n<meta property=\"og:locale\" content=\"es_ES\" \/>\n<meta property=\"og:type\" content=\"article\" \/>\n<meta property=\"og:title\" content=\"Confirmaci\u00f3n inscripci\u00f3n: Pasarela Cient\u00edfica ICIM 2023 - ICIM\" \/>\n<meta property=\"og:description\" content=\"Hemos recibido tus datos correctamente. Te esperamos.\" \/>\n<meta property=\"og:url\" content=\"https:\/\/medicina.udd.cl\/icim\/confirmacion-inscripcion-pasarela-cientifica-icim-2023\/\" \/>\n<meta property=\"og:site_name\" content=\"ICIM\" \/>\n<meta property=\"article:modified_time\" content=\"2023-02-24T17:19:55+00:00\" \/>\n<meta name=\"twitter:card\" content=\"summary_large_image\" \/>\n<meta name=\"twitter:label1\" content=\"Tiempo de lectura\" \/>\n\t<meta name=\"twitter:data1\" content=\"1 minuto\" \/>\n<script type=\"application\/ld+json\" class=\"yoast-schema-graph\">{\"@context\":\"https:\/\/schema.org\",\"@graph\":[{\"@type\":\"WebPage\",\"@id\":\"https:\/\/medicina.udd.cl\/icim\/confirmacion-inscripcion-pasarela-cientifica-icim-2023\/\",\"url\":\"https:\/\/medicina.udd.cl\/icim\/confirmacion-inscripcion-pasarela-cientifica-icim-2023\/\",\"name\":\"Confirmaci\u00f3n inscripci\u00f3n: Pasarela Cient\u00edfica ICIM 2023 - ICIM\",\"isPartOf\":{\"@id\":\"https:\/\/medicina.udd.cl\/icim\/#website\"},\"datePublished\":\"2023-02-24T17:19:54+00:00\",\"dateModified\":\"2023-02-24T17:19:55+00:00\",\"breadcrumb\":{\"@id\":\"https:\/\/medicina.udd.cl\/icim\/confirmacion-inscripcion-pasarela-cientifica-icim-2023\/#breadcrumb\"},\"inLanguage\":\"es\",\"potentialAction\":[{\"@type\":\"ReadAction\",\"target\":[\"https:\/\/medicina.udd.cl\/icim\/confirmacion-inscripcion-pasarela-cientifica-icim-2023\/\"]}]},{\"@type\":\"BreadcrumbList\",\"@id\":\"https:\/\/medicina.udd.cl\/icim\/confirmacion-inscripcion-pasarela-cientifica-icim-2023\/#breadcrumb\",\"itemListElement\":[{\"@type\":\"ListItem\",\"position\":1,\"name\":\"Inicio\",\"item\":\"https:\/\/medicina.udd.cl\/icim\/\"},{\"@type\":\"ListItem\",\"position\":2,\"name\":\"Confirmaci\u00f3n inscripci\u00f3n: Pasarela Cient\u00edfica ICIM 2023\"}]},{\"@type\":\"WebSite\",\"@id\":\"https:\/\/medicina.udd.cl\/icim\/#website\",\"url\":\"https:\/\/medicina.udd.cl\/icim\/\",\"name\":\"ICIM\",\"description\":\"Una iniciativa de Universidad del Desarrollo y Cl\u00ednica Alemana\",\"inLanguage\":\"es\"}]}<\/script>\n<!-- \/ Yoast SEO plugin. -->","yoast_head_json":{"title":"Confirmaci\u00f3n inscripci\u00f3n: Pasarela Cient\u00edfica ICIM 2023 - ICIM","robots":{"index":"index","follow":"follow","max-snippet":"max-snippet:-1","max-image-preview":"max-image-preview:large","max-video-preview":"max-video-preview:-1"},"canonical":"https:\/\/medicina.udd.cl\/icim\/confirmacion-inscripcion-pasarela-cientifica-icim-2023\/","og_locale":"es_ES","og_type":"article","og_title":"Confirmaci\u00f3n inscripci\u00f3n: Pasarela Cient\u00edfica ICIM 2023 - ICIM","og_description":"Hemos recibido tus datos correctamente. Te esperamos.","og_url":"https:\/\/medicina.udd.cl\/icim\/confirmacion-inscripcion-pasarela-cientifica-icim-2023\/","og_site_name":"ICIM","article_modified_time":"2023-02-24T17:19:55+00:00","twitter_card":"summary_large_image","twitter_misc":{"Tiempo de lectura":"1 minuto"},"schema":{"@context":"https:\/\/schema.org","@graph":[{"@type":"WebPage","@id":"https:\/\/medicina.udd.cl\/icim\/confirmacion-inscripcion-pasarela-cientifica-icim-2023\/","url":"https:\/\/medicina.udd.cl\/icim\/confirmacion-inscripcion-pasarela-cientifica-icim-2023\/","name":"Confirmaci\u00f3n inscripci\u00f3n: Pasarela Cient\u00edfica ICIM 2023 - ICIM","isPartOf":{"@id":"https:\/\/medicina.udd.cl\/icim\/#website"},"datePublished":"2023-02-24T17:19:54+00:00","dateModified":"2023-02-24T17:19:55+00:00","breadcrumb":{"@id":"https:\/\/medicina.udd.cl\/icim\/confirmacion-inscripcion-pasarela-cientifica-icim-2023\/#breadcrumb"},"inLanguage":"es","potentialAction":[{"@type":"ReadAction","target":["https:\/\/medicina.udd.cl\/icim\/confirmacion-inscripcion-pasarela-cientifica-icim-2023\/"]}]},{"@type":"BreadcrumbList","@id":"https:\/\/medicina.udd.cl\/icim\/confirmacion-inscripcion-pasarela-cientifica-icim-2023\/#breadcrumb","itemListElement":[{"@type":"ListItem","position":1,"name":"Inicio","item":"https:\/\/medicina.udd.cl\/icim\/"},{"@type":"ListItem","position":2,"name":"Confirmaci\u00f3n inscripci\u00f3n: Pasarela Cient\u00edfica ICIM 2023"}]},{"@type":"WebSite","@id":"https:\/\/medicina.udd.cl\/icim\/#website","url":"https:\/\/medicina.udd.cl\/icim\/","name":"ICIM","description":"Una iniciativa de Universidad del Desarrollo y Cl\u00ednica Alemana","inLanguage":"es"}]}},"_links":{"self":[{"href":"https:\/\/medicina.udd.cl\/icim\/wp-json\/wp\/v2\/pages\/11279","targetHints":{"allow":["GET"]}}],"collection":[{"href":"https:\/\/medicina.udd.cl\/icim\/wp-json\/wp\/v2\/pages"}],"about":[{"href":"https:\/\/medicina.udd.cl\/icim\/wp-json\/wp\/v2\/types\/page"}],"author":[{"embeddable":true,"href":"https:\/\/medicina.udd.cl\/icim\/wp-json\/wp\/v2\/users\/9192219"}],"replies":[{"embeddable":true,"href":"https:\/\/medicina.udd.cl\/icim\/wp-json\/wp\/v2\/comments?post=11279"}],"version-history":[{"count":1,"href":"https:\/\/medicina.udd.cl\/icim\/wp-json\/wp\/v2\/pages\/11279\/revisions"}],"predecessor-version":[{"id":11280,"href":"https:\/\/medicina.udd.cl\/icim\/wp-json\/wp\/v2\/pages\/11279\/revisions\/11280"}],"wp:attachment":[{"href":"https:\/\/medicina.udd.cl\/icim\/wp-json\/wp\/v2\/media?parent=11279"}],"curies":[{"name":"wp","href":"https:\/\/api.w.org\/{rel}","templated":true}]}}

Confirmación inscripción: Pasarela Científica ICIM 2023

<!-- This site is optimized with the Yoast SEO plugin v26.9 - https://yoast.com/product/yoast-seo-wordpress/ -->
<title>Confirmación inscripción: Pasarela Científica ICIM 2023 - ICIM</title>
<meta name="robots" content="index, follow, max-snippet:-1, max-image-preview:large, max-video-preview:-1" />
<link rel="canonical" href="https://medicina.udd.cl/icim/confirmacion-inscripcion-pasarela-cientifica-icim-2023/" />
<meta property="og:locale" content="es_ES" />
<meta property="og:type" content="article" />
<meta property="og:title" content="Confirmación inscripción: Pasarela Científica ICIM 2023 - ICIM" />
<meta property="og:description" content="Hemos recibido tus datos correctamente. Te esperamos." />
<meta property="og:url" content="https://medicina.udd.cl/icim/confirmacion-inscripcion-pasarela-cientifica-icim-2023/" />
<meta property="og:site_name" content="ICIM" />
<meta property="article:modified_time" content="2023-02-24T17:19:55+00:00" />
<meta name="twitter:card" content="summary_large_image" />
<meta name="twitter:label1" content="Tiempo de lectura" />
	<meta name="twitter:data1" content="1 minuto" />
<script type="application/ld+json" class="yoast-schema-graph">{"@context":"https://schema.org","@graph":[{"@type":"WebPage","@id":"https://medicina.udd.cl/icim/confirmacion-inscripcion-pasarela-cientifica-icim-2023/","url":"https://medicina.udd.cl/icim/confirmacion-inscripcion-pasarela-cientifica-icim-2023/","name":"Confirmación inscripción: Pasarela Científica ICIM 2023 - ICIM","isPartOf":{"@id":"https://medicina.udd.cl/icim/#website"},"datePublished":"2023-02-24T17:19:54+00:00","dateModified":"2023-02-24T17:19:55+00:00","breadcrumb":{"@id":"https://medicina.udd.cl/icim/confirmacion-inscripcion-pasarela-cientifica-icim-2023/#breadcrumb"},"inLanguage":"es","potentialAction":[{"@type":"ReadAction","target":["https://medicina.udd.cl/icim/confirmacion-inscripcion-pasarela-cientifica-icim-2023/"]}]},{"@type":"BreadcrumbList","@id":"https://medicina.udd.cl/icim/confirmacion-inscripcion-pasarela-cientifica-icim-2023/#breadcrumb","itemListElement":[{"@type":"ListItem","position":1,"name":"Inicio","item":"https://medicina.udd.cl/icim/"},{"@type":"ListItem","position":2,"name":"Confirmación inscripción: Pasarela Científica ICIM 2023"}]},{"@type":"WebSite","@id":"https://medicina.udd.cl/icim/#website","url":"https://medicina.udd.cl/icim/","name":"ICIM","description":"Una iniciativa de Universidad del Desarrollo y Clínica Alemana","inLanguage":"es"}]}</script>
<!-- / Yoast SEO plugin. -->

Confirmación inscripción: Pasarela Científica ICIM 2023 - ICIM

Una iniciativa de Universidad del Desarrollo y Clínica Alemana
