{"id":11699,"date":"2023-08-25T17:22:07","date_gmt":"2023-08-25T21:22:07","guid":{"rendered":"https:\/\/medicina.udd.cl\/icim\/?page_id=11699"},"modified":"2023-08-29T12:32:48","modified_gmt":"2023-08-29T16:32:48","slug":"el-avance-de-la-transformacion-digital-en-chile-america-latina-y-el-caribe","status":"publish","type":"page","link":"https:\/\/medicina.udd.cl\/icim\/el-avance-de-la-transformacion-digital-en-chile-america-latina-y-el-caribe\/","title":{"rendered":"El Avance de la Transformaci\u00f3n Digital en Chile, Am\u00e9rica Latina y el Caribe"},"content":{"rendered":"\n<figure class=\"wp-block-image alignright size-full is-resized\"><img loading=\"lazy\" decoding=\"async\" src=\"https:\/\/medicina.udd.cl\/icim\/files\/2023\/08\/icim-30agosto.jpg\" alt=\"\" class=\"wp-image-11700\" width=\"600\" height=\"600\" srcset=\"https:\/\/medicina.udd.cl\/icim\/files\/2023\/08\/icim-30agosto.jpg 800w, https:\/\/medicina.udd.cl\/icim\/files\/2023\/08\/icim-30agosto-300x300.jpg 300w, https:\/\/medicina.udd.cl\/icim\/files\/2023\/08\/icim-30agosto-150x150.jpg 150w, https:\/\/medicina.udd.cl\/icim\/files\/2023\/08\/icim-30agosto-768x768.jpg 768w, https:\/\/medicina.udd.cl\/icim\/files\/2023\/08\/icim-30agosto-62x62.jpg 62w, https:\/\/medicina.udd.cl\/icim\/files\/2023\/08\/icim-30agosto-750x750.jpg 750w, https:\/\/medicina.udd.cl\/icim\/files\/2023\/08\/icim-30agosto-500x500.jpg 500w, https:\/\/medicina.udd.cl\/icim\/files\/2023\/08\/icim-30agosto-250x250.jpg 250w, https:\/\/medicina.udd.cl\/icim\/files\/2023\/08\/icim-30agosto-126x126.jpg 126w\" sizes=\"auto, (max-width: 600px) 100vw, 600px\" \/><\/figure>\n\n\n\n<p>Tenemos el honor de invitarlos al evento<strong><em> \u00abEl Avance de la Transformaci\u00f3n Digital en Chile, Am\u00e9rica Latina y el Caribe\u00bb<\/em><\/strong>, organizado por el <a href=\"https:\/\/medicina.udd.cl\/cibm\/\">Centro de Inform\u00e1tica Biom\u00e9dica<\/a> del <a href=\"https:\/\/medicina.udd.cl\/icim\/\">Instituto de Ciencias e Innovaci\u00f3n en Medicina<\/a> de la <a href=\"https:\/\/medicina.udd.cl\/\">Facultad de Medicina Cl\u00ednica Alemana Universidad del Desarrollo<\/a>, en colaboraci\u00f3n con <a href=\"https:\/\/recainsa.org\/\">RECAINSA <\/a><\/p>\n\n\n\n<ul class=\"wp-block-list\"><li><strong>Fecha:<\/strong>  Mi\u00e9rcoles 30 de agosto de 2023.<\/li><\/ul>\n\n\n\n<ul class=\"wp-block-list\"><li><strong>Hora: <\/strong>10:00 a.m. [Chile]; 8:00 a.m. [Guatemala]; 11:00 a.m. [Buenos Aires]  <\/li><\/ul>\n\n\n\n<ul class=\"wp-block-list\"><li><strong>Lugar: <\/strong> Universidad del Desarrollo (Av. Plaza 680, Las Condes, Santiago de Chile, Edificio \u00abJ\u00bb Postgrado, 1er Piso, Auditorio JPOST1). <\/li><\/ul>\n\n\n\n<ul class=\"wp-block-list\"><li><strong>Virtual previo registro<\/strong>: <a href=\"https:\/\/bit.ly\/44r6ex0?trk=public_post-text\">https:\/\/bit.ly\/44r6ex0<\/a> <\/li><\/ul>\n\n\n\n<p>Durante este evento, nos uniremos a l\u00edderes visionarios y expertos en salud digital para explorar juntos c\u00f3mo la transformaci\u00f3n digital est\u00e1 remodelando la atenci\u00f3n m\u00e9dica en Chile y en nuestra regi\u00f3n. <\/p>\n\n\n\n<p><strong><a href=\"https:\/\/medicina.udd.cl\/icim\/files\/2023\/08\/programa-avance-de-la-transformacion-digital-en-salud.pdf\">VER PROGRAMA<\/a><\/strong><\/p>\n\n\n\n<p><strong><a href=\"https:\/\/us02web.zoom.us\/j\/88489474183?pwd=UkIwK1hWZkxNY0g0ZHdGY3FhTGJzUT09\">UNIRSE A LA REUNI\u00d3N ZOOM<\/a><\/strong><\/p>\n","protected":false},"excerpt":{"rendered":"<p>Tenemos el honor de invitarlos al evento \u00abEl Avance de la Transformaci\u00f3n Digital en Chile, Am\u00e9rica Latina y el Caribe\u00bb, organizado por el Centro de Inform\u00e1tica Biom\u00e9dica del Instituto de Ciencias e Innovaci\u00f3n en Medicina de la Facultad de Medicina Cl\u00ednica Alemana Universidad del Desarrollo, en colaboraci\u00f3n con RECAINSA Fecha: Mi\u00e9rcoles 30 de agosto de [&hellip;]<\/p>\n","protected":false},"author":9192219,"featured_media":0,"parent":0,"menu_order":0,"comment_status":"closed","ping_status":"closed","template":"","meta":{"footnotes":""},"class_list":["post-11699","page","type-page","status-publish","hentry"],"yoast_head":"<!-- This site is optimized with the Yoast SEO plugin v26.9 - https:\/\/yoast.com\/product\/yoast-seo-wordpress\/ -->\n<title>El Avance de la Transformaci\u00f3n Digital en Chile, Am\u00e9rica Latina y el Caribe - ICIM<\/title>\n<meta name=\"robots\" content=\"index, follow, max-snippet:-1, max-image-preview:large, max-video-preview:-1\" \/>\n<link rel=\"canonical\" href=\"https:\/\/medicina.udd.cl\/icim\/el-avance-de-la-transformacion-digital-en-chile-america-latina-y-el-caribe\/\" \/>\n<meta property=\"og:locale\" content=\"es_ES\" \/>\n<meta property=\"og:type\" content=\"article\" \/>\n<meta property=\"og:title\" content=\"El Avance de la Transformaci\u00f3n Digital en Chile, Am\u00e9rica Latina y el Caribe - ICIM\" \/>\n<meta property=\"og:description\" content=\"Tenemos el honor de invitarlos al evento \u00abEl Avance de la Transformaci\u00f3n Digital en Chile, Am\u00e9rica Latina y el Caribe\u00bb, organizado por el Centro de Inform\u00e1tica Biom\u00e9dica del Instituto de Ciencias e Innovaci\u00f3n en Medicina de la Facultad de Medicina Cl\u00ednica Alemana Universidad del Desarrollo, en colaboraci\u00f3n con RECAINSA Fecha: Mi\u00e9rcoles 30 de agosto de [&hellip;]\" \/>\n<meta property=\"og:url\" content=\"https:\/\/medicina.udd.cl\/icim\/el-avance-de-la-transformacion-digital-en-chile-america-latina-y-el-caribe\/\" \/>\n<meta property=\"og:site_name\" content=\"ICIM\" \/>\n<meta property=\"article:modified_time\" content=\"2023-08-29T16:32:48+00:00\" \/>\n<meta property=\"og:image\" content=\"https:\/\/medicina.udd.cl\/icim\/files\/2023\/08\/icim-30agosto.jpg\" \/>\n<meta name=\"twitter:card\" content=\"summary_large_image\" \/>\n<meta name=\"twitter:label1\" content=\"Tiempo de lectura\" \/>\n\t<meta name=\"twitter:data1\" content=\"1 minuto\" \/>\n<script type=\"application\/ld+json\" class=\"yoast-schema-graph\">{\"@context\":\"https:\/\/schema.org\",\"@graph\":[{\"@type\":\"WebPage\",\"@id\":\"https:\/\/medicina.udd.cl\/icim\/el-avance-de-la-transformacion-digital-en-chile-america-latina-y-el-caribe\/\",\"url\":\"https:\/\/medicina.udd.cl\/icim\/el-avance-de-la-transformacion-digital-en-chile-america-latina-y-el-caribe\/\",\"name\":\"El Avance de la Transformaci\u00f3n Digital en Chile, Am\u00e9rica Latina y el Caribe - ICIM\",\"isPartOf\":{\"@id\":\"https:\/\/medicina.udd.cl\/icim\/#website\"},\"primaryImageOfPage\":{\"@id\":\"https:\/\/medicina.udd.cl\/icim\/el-avance-de-la-transformacion-digital-en-chile-america-latina-y-el-caribe\/#primaryimage\"},\"image\":{\"@id\":\"https:\/\/medicina.udd.cl\/icim\/el-avance-de-la-transformacion-digital-en-chile-america-latina-y-el-caribe\/#primaryimage\"},\"thumbnailUrl\":\"https:\/\/medicina.udd.cl\/icim\/files\/2023\/08\/icim-30agosto.jpg\",\"datePublished\":\"2023-08-25T21:22:07+00:00\",\"dateModified\":\"2023-08-29T16:32:48+00:00\",\"breadcrumb\":{\"@id\":\"https:\/\/medicina.udd.cl\/icim\/el-avance-de-la-transformacion-digital-en-chile-america-latina-y-el-caribe\/#breadcrumb\"},\"inLanguage\":\"es\",\"potentialAction\":[{\"@type\":\"ReadAction\",\"target\":[\"https:\/\/medicina.udd.cl\/icim\/el-avance-de-la-transformacion-digital-en-chile-america-latina-y-el-caribe\/\"]}]},{\"@type\":\"ImageObject\",\"inLanguage\":\"es\",\"@id\":\"https:\/\/medicina.udd.cl\/icim\/el-avance-de-la-transformacion-digital-en-chile-america-latina-y-el-caribe\/#primaryimage\",\"url\":\"https:\/\/medicina.udd.cl\/icim\/files\/2023\/08\/icim-30agosto.jpg\",\"contentUrl\":\"https:\/\/medicina.udd.cl\/icim\/files\/2023\/08\/icim-30agosto.jpg\",\"width\":800,\"height\":800},{\"@type\":\"BreadcrumbList\",\"@id\":\"https:\/\/medicina.udd.cl\/icim\/el-avance-de-la-transformacion-digital-en-chile-america-latina-y-el-caribe\/#breadcrumb\",\"itemListElement\":[{\"@type\":\"ListItem\",\"position\":1,\"name\":\"Inicio\",\"item\":\"https:\/\/medicina.udd.cl\/icim\/\"},{\"@type\":\"ListItem\",\"position\":2,\"name\":\"El Avance de la Transformaci\u00f3n Digital en Chile, Am\u00e9rica Latina y el Caribe\"}]},{\"@type\":\"WebSite\",\"@id\":\"https:\/\/medicina.udd.cl\/icim\/#website\",\"url\":\"https:\/\/medicina.udd.cl\/icim\/\",\"name\":\"ICIM\",\"description\":\"Una iniciativa de Universidad del Desarrollo y Cl\u00ednica Alemana\",\"inLanguage\":\"es\"}]}<\/script>\n<!-- \/ Yoast SEO plugin. -->","yoast_head_json":{"title":"El Avance de la Transformaci\u00f3n Digital en Chile, Am\u00e9rica Latina y el Caribe - ICIM","robots":{"index":"index","follow":"follow","max-snippet":"max-snippet:-1","max-image-preview":"max-image-preview:large","max-video-preview":"max-video-preview:-1"},"canonical":"https:\/\/medicina.udd.cl\/icim\/el-avance-de-la-transformacion-digital-en-chile-america-latina-y-el-caribe\/","og_locale":"es_ES","og_type":"article","og_title":"El Avance de la Transformaci\u00f3n Digital en Chile, Am\u00e9rica Latina y el Caribe - ICIM","og_description":"Tenemos el honor de invitarlos al evento \u00abEl Avance de la Transformaci\u00f3n Digital en Chile, Am\u00e9rica Latina y el Caribe\u00bb, organizado por el Centro de Inform\u00e1tica Biom\u00e9dica del Instituto de Ciencias e Innovaci\u00f3n en Medicina de la Facultad de Medicina Cl\u00ednica Alemana Universidad del Desarrollo, en colaboraci\u00f3n con RECAINSA Fecha: Mi\u00e9rcoles 30 de agosto de [&hellip;]","og_url":"https:\/\/medicina.udd.cl\/icim\/el-avance-de-la-transformacion-digital-en-chile-america-latina-y-el-caribe\/","og_site_name":"ICIM","article_modified_time":"2023-08-29T16:32:48+00:00","og_image":[{"url":"https:\/\/medicina.udd.cl\/icim\/files\/2023\/08\/icim-30agosto.jpg","type":"","width":"","height":""}],"twitter_card":"summary_large_image","twitter_misc":{"Tiempo de lectura":"1 minuto"},"schema":{"@context":"https:\/\/schema.org","@graph":[{"@type":"WebPage","@id":"https:\/\/medicina.udd.cl\/icim\/el-avance-de-la-transformacion-digital-en-chile-america-latina-y-el-caribe\/","url":"https:\/\/medicina.udd.cl\/icim\/el-avance-de-la-transformacion-digital-en-chile-america-latina-y-el-caribe\/","name":"El Avance de la Transformaci\u00f3n Digital en Chile, Am\u00e9rica Latina y el Caribe - ICIM","isPartOf":{"@id":"https:\/\/medicina.udd.cl\/icim\/#website"},"primaryImageOfPage":{"@id":"https:\/\/medicina.udd.cl\/icim\/el-avance-de-la-transformacion-digital-en-chile-america-latina-y-el-caribe\/#primaryimage"},"image":{"@id":"https:\/\/medicina.udd.cl\/icim\/el-avance-de-la-transformacion-digital-en-chile-america-latina-y-el-caribe\/#primaryimage"},"thumbnailUrl":"https:\/\/medicina.udd.cl\/icim\/files\/2023\/08\/icim-30agosto.jpg","datePublished":"2023-08-25T21:22:07+00:00","dateModified":"2023-08-29T16:32:48+00:00","breadcrumb":{"@id":"https:\/\/medicina.udd.cl\/icim\/el-avance-de-la-transformacion-digital-en-chile-america-latina-y-el-caribe\/#breadcrumb"},"inLanguage":"es","potentialAction":[{"@type":"ReadAction","target":["https:\/\/medicina.udd.cl\/icim\/el-avance-de-la-transformacion-digital-en-chile-america-latina-y-el-caribe\/"]}]},{"@type":"ImageObject","inLanguage":"es","@id":"https:\/\/medicina.udd.cl\/icim\/el-avance-de-la-transformacion-digital-en-chile-america-latina-y-el-caribe\/#primaryimage","url":"https:\/\/medicina.udd.cl\/icim\/files\/2023\/08\/icim-30agosto.jpg","contentUrl":"https:\/\/medicina.udd.cl\/icim\/files\/2023\/08\/icim-30agosto.jpg","width":800,"height":800},{"@type":"BreadcrumbList","@id":"https:\/\/medicina.udd.cl\/icim\/el-avance-de-la-transformacion-digital-en-chile-america-latina-y-el-caribe\/#breadcrumb","itemListElement":[{"@type":"ListItem","position":1,"name":"Inicio","item":"https:\/\/medicina.udd.cl\/icim\/"},{"@type":"ListItem","position":2,"name":"El Avance de la Transformaci\u00f3n Digital en Chile, Am\u00e9rica Latina y el Caribe"}]},{"@type":"WebSite","@id":"https:\/\/medicina.udd.cl\/icim\/#website","url":"https:\/\/medicina.udd.cl\/icim\/","name":"ICIM","description":"Una iniciativa de Universidad del Desarrollo y Cl\u00ednica Alemana","inLanguage":"es"}]}},"_links":{"self":[{"href":"https:\/\/medicina.udd.cl\/icim\/wp-json\/wp\/v2\/pages\/11699","targetHints":{"allow":["GET"]}}],"collection":[{"href":"https:\/\/medicina.udd.cl\/icim\/wp-json\/wp\/v2\/pages"}],"about":[{"href":"https:\/\/medicina.udd.cl\/icim\/wp-json\/wp\/v2\/types\/page"}],"author":[{"embeddable":true,"href":"https:\/\/medicina.udd.cl\/icim\/wp-json\/wp\/v2\/users\/9192219"}],"replies":[{"embeddable":true,"href":"https:\/\/medicina.udd.cl\/icim\/wp-json\/wp\/v2\/comments?post=11699"}],"version-history":[{"count":6,"href":"https:\/\/medicina.udd.cl\/icim\/wp-json\/wp\/v2\/pages\/11699\/revisions"}],"predecessor-version":[{"id":11722,"href":"https:\/\/medicina.udd.cl\/icim\/wp-json\/wp\/v2\/pages\/11699\/revisions\/11722"}],"wp:attachment":[{"href":"https:\/\/medicina.udd.cl\/icim\/wp-json\/wp\/v2\/media?parent=11699"}],"curies":[{"name":"wp","href":"https:\/\/api.w.org\/{rel}","templated":true}]}}

El Avance de la Transformación Digital en Chile, América Latina y el Caribe

<figure class="wp-block-image alignright size-full is-resized"><img loading="lazy" decoding="async" src="https://medicina.udd.cl/icim/files/2023/08/icim-30agosto.jpg" alt="" class="wp-image-11700" width="600" height="600" srcset="https://medicina.udd.cl/icim/files/2023/08/icim-30agosto.jpg 800w, https://medicina.udd.cl/icim/files/2023/08/icim-30agosto-300x300.jpg 300w, https://medicina.udd.cl/icim/files/2023/08/icim-30agosto-150x150.jpg 150w, https://medicina.udd.cl/icim/files/2023/08/icim-30agosto-768x768.jpg 768w, https://medicina.udd.cl/icim/files/2023/08/icim-30agosto-62x62.jpg 62w, https://medicina.udd.cl/icim/files/2023/08/icim-30agosto-750x750.jpg 750w, https://medicina.udd.cl/icim/files/2023/08/icim-30agosto-500x500.jpg 500w, https://medicina.udd.cl/icim/files/2023/08/icim-30agosto-250x250.jpg 250w, https://medicina.udd.cl/icim/files/2023/08/icim-30agosto-126x126.jpg 126w" sizes="auto, (max-width: 600px) 100vw, 600px" /></figure>



<p>Tenemos el honor de invitarlos al evento<strong><em> «El Avance de la Transformación Digital en Chile, América Latina y el Caribe»</em></strong>, organizado por el <a href="https://medicina.udd.cl/cibm/">Centro de Informática Biomédica</a> del <a href="https://medicina.udd.cl/icim/">Instituto de Ciencias e Innovación en Medicina</a> de la <a href="https://medicina.udd.cl/">Facultad de Medicina Clínica Alemana Universidad del Desarrollo</a>, en colaboración con <a href="https://recainsa.org/">RECAINSA </a></p>



<ul class="wp-block-list"><li><strong>Fecha:</strong>  Miércoles 30 de agosto de 2023.</li></ul>



<ul class="wp-block-list"><li><strong>Hora: </strong>10:00 a.m. [Chile]; 8:00 a.m. [Guatemala]; 11:00 a.m. [Buenos Aires]  </li></ul>



<ul class="wp-block-list"><li><strong>Lugar: </strong> Universidad del Desarrollo (Av. Plaza 680, Las Condes, Santiago de Chile, Edificio «J» Postgrado, 1er Piso, Auditorio JPOST1). </li></ul>



<ul class="wp-block-list"><li><strong>Virtual previo registro</strong>: <a href="https://bit.ly/44r6ex0?trk=public_post-text">https://bit.ly/44r6ex0</a> </li></ul>



<p>Durante este evento, nos uniremos a líderes visionarios y expertos en salud digital para explorar juntos cómo la transformación digital está remodelando la atención médica en Chile y en nuestra región. </p>



<p><strong><a href="https://medicina.udd.cl/icim/files/2023/08/programa-avance-de-la-transformacion-digital-en-salud.pdf">VER PROGRAMA</a></strong></p>



<p><strong><a href="https://us02web.zoom.us/j/88489474183?pwd=UkIwK1hWZkxNY0g0ZHdGY3FhTGJzUT09">UNIRSE A LA REUNIÓN ZOOM</a></strong></p>

<p>Tenemos el honor de invitarlos al evento «El Avance de la Transformación Digital en Chile, América Latina y el Caribe», organizado por el Centro de Informática Biomédica del Instituto de Ciencias e Innovación en Medicina de la Facultad de Medicina Clínica Alemana Universidad del Desarrollo, en colaboración con RECAINSA Fecha: Miércoles 30 de agosto de [&hellip;]</p>

<!-- This site is optimized with the Yoast SEO plugin v26.9 - https://yoast.com/product/yoast-seo-wordpress/ -->
<title>El Avance de la Transformación Digital en Chile, América Latina y el Caribe - ICIM</title>
<meta name="robots" content="index, follow, max-snippet:-1, max-image-preview:large, max-video-preview:-1" />
<link rel="canonical" href="https://medicina.udd.cl/icim/el-avance-de-la-transformacion-digital-en-chile-america-latina-y-el-caribe/" />
<meta property="og:locale" content="es_ES" />
<meta property="og:type" content="article" />
<meta property="og:title" content="El Avance de la Transformación Digital en Chile, América Latina y el Caribe - ICIM" />
<meta property="og:description" content="Tenemos el honor de invitarlos al evento «El Avance de la Transformación Digital en Chile, América Latina y el Caribe», organizado por el Centro de Informática Biomédica del Instituto de Ciencias e Innovación en Medicina de la Facultad de Medicina Clínica Alemana Universidad del Desarrollo, en colaboración con RECAINSA Fecha: Miércoles 30 de agosto de [&hellip;]" />
<meta property="og:url" content="https://medicina.udd.cl/icim/el-avance-de-la-transformacion-digital-en-chile-america-latina-y-el-caribe/" />
<meta property="og:site_name" content="ICIM" />
<meta property="article:modified_time" content="2023-08-29T16:32:48+00:00" />
<meta property="og:image" content="https://medicina.udd.cl/icim/files/2023/08/icim-30agosto.jpg" />
<meta name="twitter:card" content="summary_large_image" />
<meta name="twitter:label1" content="Tiempo de lectura" />
	<meta name="twitter:data1" content="1 minuto" />
<script type="application/ld+json" class="yoast-schema-graph">{"@context":"https://schema.org","@graph":[{"@type":"WebPage","@id":"https://medicina.udd.cl/icim/el-avance-de-la-transformacion-digital-en-chile-america-latina-y-el-caribe/","url":"https://medicina.udd.cl/icim/el-avance-de-la-transformacion-digital-en-chile-america-latina-y-el-caribe/","name":"El Avance de la Transformación Digital en Chile, América Latina y el Caribe - ICIM","isPartOf":{"@id":"https://medicina.udd.cl/icim/#website"},"primaryImageOfPage":{"@id":"https://medicina.udd.cl/icim/el-avance-de-la-transformacion-digital-en-chile-america-latina-y-el-caribe/#primaryimage"},"image":{"@id":"https://medicina.udd.cl/icim/el-avance-de-la-transformacion-digital-en-chile-america-latina-y-el-caribe/#primaryimage"},"thumbnailUrl":"https://medicina.udd.cl/icim/files/2023/08/icim-30agosto.jpg","datePublished":"2023-08-25T21:22:07+00:00","dateModified":"2023-08-29T16:32:48+00:00","breadcrumb":{"@id":"https://medicina.udd.cl/icim/el-avance-de-la-transformacion-digital-en-chile-america-latina-y-el-caribe/#breadcrumb"},"inLanguage":"es","potentialAction":[{"@type":"ReadAction","target":["https://medicina.udd.cl/icim/el-avance-de-la-transformacion-digital-en-chile-america-latina-y-el-caribe/"]}]},{"@type":"ImageObject","inLanguage":"es","@id":"https://medicina.udd.cl/icim/el-avance-de-la-transformacion-digital-en-chile-america-latina-y-el-caribe/#primaryimage","url":"https://medicina.udd.cl/icim/files/2023/08/icim-30agosto.jpg","contentUrl":"https://medicina.udd.cl/icim/files/2023/08/icim-30agosto.jpg","width":800,"height":800},{"@type":"BreadcrumbList","@id":"https://medicina.udd.cl/icim/el-avance-de-la-transformacion-digital-en-chile-america-latina-y-el-caribe/#breadcrumb","itemListElement":[{"@type":"ListItem","position":1,"name":"Inicio","item":"https://medicina.udd.cl/icim/"},{"@type":"ListItem","position":2,"name":"El Avance de la Transformación Digital en Chile, América Latina y el Caribe"}]},{"@type":"WebSite","@id":"https://medicina.udd.cl/icim/#website","url":"https://medicina.udd.cl/icim/","name":"ICIM","description":"Una iniciativa de Universidad del Desarrollo y Clínica Alemana","inLanguage":"es"}]}</script>
<!-- / Yoast SEO plugin. -->

El Avance de la Transformación Digital en Chile, América Latina y el Caribe - ICIM

Tenemos el honor de invitarlos al evento «El Avance de la Transformación Digital en Chile, América Latina y el Caribe», organizado por el Centro de Informática Biomédica del Instituto de Ciencias e Innovación en Medicina de la Facultad de Medicina Clínica Alemana Universidad del Desarrollo, en colaboración con RECAINSA Fecha: Miércoles 30 de agosto de [&hellip;]

Una iniciativa de Universidad del Desarrollo y Clínica Alemana
