{"id":11834,"date":"2023-11-17T13:51:17","date_gmt":"2023-11-17T16:51:17","guid":{"rendered":"https:\/\/medicina.udd.cl\/icim\/?page_id=11834"},"modified":"2024-03-19T10:46:05","modified_gmt":"2024-03-19T13:46:05","slug":"lineas-de-investigacion-y-trabajo-neurologia","status":"publish","type":"page","link":"https:\/\/medicina.udd.cl\/icim\/lineas-de-investigacion-y-trabajo-neurologia\/","title":{"rendered":"L\u00edneas de investigaci\u00f3n y trabajo: NEUROLOG\u00cdA"},"content":{"rendered":"<!-- WP Block: UDD - Cards Alternate -->\n<section class=\"wp-block-udd-access-cards\">\n\t<div class=\"container\">\n\t\t\t\t<div class=\"block__content\">\n\t\t\t<div class=\"access-cards\">\n\t\t\t\t\t\t\t<div class=\"access-card-wrapper\">\n\t\t\t\t\t\t\t\t\t\t<div class=\"access-card\">\n\t\t\t\t\t\t<h3 class=\"access-card__title\">Accidentes vasculares<\/h3>\n\t\t\t\t\t\t<p class=\"access-card__description\">\n\t\t\t\t\t\t\t\t\t\t\t\t\t<\/p>\n\t\t\t\t\t\t\t\t\t\t\t<ul class=\"access-card__nav\">\n\t\t\t\t\t\t\t\t\t\t\t\t\t<li class=\"access-card__nav-item\">\n\t\t\t\t\t\t\t\t\t\t\t\t\t\t\t<a href=\"https:\/\/medicina.udd.cl\/icim\/neurologia-accidentes-vasculares\/\" class=\"\" data-url=\"https:\/\/medicina.udd.cl\/icim\/neurologia-accidentes-vasculares\/\">Ver m\u00e1s<\/a>\t\t\t\t\t\t\t\t\t\t\t\t\t\t\t\t\t\t\t<\/ul>\n\t\t\t\t\t\t\t\t\t\t\t\t\t\t\t\t<\/div>\n\t\t\t\t<\/div>\n\t\t\t\t\t\t\t<div class=\"access-card-wrapper\">\n\t\t\t\t\t\t\t\t\t\t<div class=\"access-card\">\n\t\t\t\t\t\t<h3 class=\"access-card__title\">Disecci\u00f3n arterias cerebrales<\/h3>\n\t\t\t\t\t\t<p class=\"access-card__description\">\n\t\t\t\t\t\t\t\t\t\t\t\t\t<\/p>\n\t\t\t\t\t\t\t\t\t\t\t<ul class=\"access-card__nav\">\n\t\t\t\t\t\t\t\t\t\t\t\t\t<li class=\"access-card__nav-item\">\n\t\t\t\t\t\t\t\t\t\t\t\t\t\t\t<a href=\"https:\/\/medicina.udd.cl\/icim\/neurologia-diseccion-arterias-cerebrales\/\" class=\"\" data-url=\"https:\/\/medicina.udd.cl\/icim\/neurologia-diseccion-arterias-cerebrales\/\">Ver m\u00e1s<\/a>\t\t\t\t\t\t\t\t\t\t\t\t\t\t\t\t\t\t\t<\/ul>\n\t\t\t\t\t\t\t\t\t\t\t\t\t\t\t\t<\/div>\n\t\t\t\t<\/div>\n\t\t\t\t\t\t\t<div class=\"access-card-wrapper\">\n\t\t\t\t\t\t\t\t\t\t<div class=\"access-card\">\n\t\t\t\t\t\t<h3 class=\"access-card__title\">Covid<\/h3>\n\t\t\t\t\t\t<p class=\"access-card__description\">\n\t\t\t\t\t\t\t\t\t\t\t\t\t<\/p>\n\t\t\t\t\t\t\t\t\t\t\t<ul class=\"access-card__nav\">\n\t\t\t\t\t\t\t\t\t\t\t\t\t<li class=\"access-card__nav-item\">\n\t\t\t\t\t\t\t\t\t\t\t\t\t\t\t<a href=\"https:\/\/medicina.udd.cl\/icim\/neurologia-covid\/\" class=\"\" data-url=\"https:\/\/medicina.udd.cl\/icim\/neurologia-covid\/\">Ver m\u00e1s<\/a>\t\t\t\t\t\t\t\t\t\t\t\t\t\t\t\t\t\t\t<\/ul>\n\t\t\t\t\t\t\t\t\t\t\t\t\t\t\t\t<\/div>\n\t\t\t\t<\/div>\n\t\t\t\t\t\t\t<div class=\"access-card-wrapper\">\n\t\t\t\t\t\t\t\t\t\t<div class=\"access-card\">\n\t\t\t\t\t\t<h3 class=\"access-card__title\">Desarrollo aplicaci\u00f3n<\/h3>\n\t\t\t\t\t\t<p class=\"access-card__description\">\n\t\t\t\t\t\t\t\t\t\t\t\t\t<\/p>\n\t\t\t\t\t\t\t\t\t\t\t<ul class=\"access-card__nav\">\n\t\t\t\t\t\t\t\t\t\t\t\t\t<li class=\"access-card__nav-item\">\n\t\t\t\t\t\t\t\t\t\t\t\t\t\t\t<a href=\"https:\/\/medicina.udd.cl\/icim\/neurologia-aplicacion\/\" class=\"\" data-url=\"https:\/\/medicina.udd.cl\/icim\/neurologia-aplicacion\/\">Ver m\u00e1s<\/a>\t\t\t\t\t\t\t\t\t\t\t\t\t\t\t\t\t\t\t<\/ul>\n\t\t\t\t\t\t\t\t\t\t\t\t\t\t\t\t<\/div>\n\t\t\t\t<\/div>\n\t\t\t\t\t\t<\/div>\n\t\t<\/div>\n\t<\/div>\n<\/section>\n\n\n\n<figure class=\"wp-block-table\"><table><tbody><tr><td><strong>PUBLICACIONES <strong>NEUROLOG\u00cdA<\/strong> 2022-2023<\/strong><\/td><td><\/td><td><\/td><\/tr><tr><td>Stroke care and collaborative academic research in Latin America<\/td><td>Salud Publica Mex [Internet]. 13 de junio de 2022<\/td><td><a href=\"https:\/\/saludpublica.mx\/index.php\/spm\/article\/view\/12803\">https:\/\/saludpublica.mx\/index.php\/spm\/article\/view\/12803<\/a><\/td><\/tr><tr><td>Breaking down barriers: Easter Island&#8217;s first Telestroke thrombolysis Experience and Case Report<\/td><td>J Stroke Cerebrovasc Dis 2022<\/td><td><a href=\"https:\/\/doi.org\/10.1016\/j.jstrokecerebrovasdis.2022.106412\">https:\/\/doi.org\/10.1016\/j.jstrokecerebrovasdis.2022.106412<\/a><\/td><\/tr><tr><td>A Chilean experience of Telestroke in a Covid-19 pandemic year<\/td><td>Cerebrovasc Dis (2022) 51 (5): 690\u2013694.<\/td><td><a href=\"https:\/\/doi.org\/10.1159\/000523920\">https:\/\/doi.org\/10.1159\/000523920<\/a><\/td><\/tr><tr><td>Stroke symptoms, risk factors awareness and personal decision making in Chile. A national survey<\/td><td><\/td><td><a href=\"https:\/\/doi.org\/10.1016\/j.jstrokecerebrovasdis.2022.106795\">https:\/\/doi.org\/10.1016\/j.jstrokecerebrovasdis.2022.106795<\/a><\/td><\/tr><tr><td>Stroke in Latin America: systematic review of incidence, prevalence, and case-fatality in 1997-2021<\/td><td>International Journal of Stroke. 2023;18(6):645-656.<\/td><td><a href=\"https:\/\/doi.org\/10.1177\/17474930221143323\">https:\/\/doi.org\/10.1177\/17474930221143323<\/a><\/td><\/tr><tr><td>Cervical Artery Dissection in Postpartum Women after Cesarean and Vaginal Delivery<\/td><td>J Stroke Cerebrovasc Dis 2022 Aug;31(8):106572.<\/td><td><a href=\"https:\/\/doi.org\/10.1016\/j.jstrokecerebrovasdis.2022.106572\">https:\/\/doi.org\/10.1016\/j.jstrokecerebrovasdis.2022.106572<\/a> Epub 2022 Jun 15.<\/td><\/tr><tr><td><a href=\"https:\/\/pubmed.ncbi.nlm.nih.gov\/37214559\/\">Genetics of spontaneous cervical and coronary artery dissections.<\/a><\/td><td>Front. Glob. Womens Health: (4) 05 May 2023<\/td><td><a href=\"https:\/\/doi.org\/10.3389\/fgwh.2023.1007795\">https:\/\/doi.org\/10.3389\/fgwh.2023.1007795<\/a><\/td><\/tr><tr><td>Disparities in Stroke Incidence Over Time by Sex and Age in Latin America and the Caribbean Region 1997 to 2021: A Systematic Review and Meta-Analysis<\/td><td>J Am heart Assoc. 2023 Sep 5;12(17):e029800<\/td><td><a href=\"https:\/\/doi.org\/10.1161\/JAHA.123.029800.\">https:\/\/doi.org\/10.1161\/JAHA.123.029800.<\/a><\/td><\/tr><\/tbody><\/table><\/figure>\n","protected":false},"excerpt":{"rendered":"<p>PUBLICACIONES NEUROLOG\u00cdA 2022-2023 Stroke care and collaborative academic research in Latin America Salud Publica Mex [Internet]. 13 de junio de 2022 https:\/\/saludpublica.mx\/index.php\/spm\/article\/view\/12803 Breaking down barriers: Easter Island&#8217;s first Telestroke thrombolysis Experience and Case Report J Stroke Cerebrovasc Dis 2022 https:\/\/doi.org\/10.1016\/j.jstrokecerebrovasdis.2022.106412 A Chilean experience of Telestroke in a Covid-19 pandemic year Cerebrovasc Dis (2022) 51 (5): [&hellip;]<\/p>\n","protected":false},"author":9192254,"featured_media":0,"parent":0,"menu_order":0,"comment_status":"closed","ping_status":"closed","template":"","meta":{"footnotes":""},"class_list":["post-11834","page","type-page","status-publish","hentry"],"yoast_head":"<!-- This site is optimized with the Yoast SEO plugin v26.9 - https:\/\/yoast.com\/product\/yoast-seo-wordpress\/ -->\n<title>L\u00edneas de investigaci\u00f3n y trabajo: NEUROLOG\u00cdA - ICIM<\/title>\n<meta name=\"robots\" content=\"index, follow, max-snippet:-1, max-image-preview:large, max-video-preview:-1\" \/>\n<link rel=\"canonical\" href=\"https:\/\/medicina.udd.cl\/icim\/lineas-de-investigacion-y-trabajo-neurologia\/\" \/>\n<meta property=\"og:locale\" content=\"es_ES\" \/>\n<meta property=\"og:type\" content=\"article\" \/>\n<meta property=\"og:title\" content=\"L\u00edneas de investigaci\u00f3n y trabajo: NEUROLOG\u00cdA - ICIM\" \/>\n<meta property=\"og:description\" content=\"PUBLICACIONES NEUROLOG\u00cdA 2022-2023 Stroke care and collaborative academic research in Latin America Salud Publica Mex [Internet]. 13 de junio de 2022 https:\/\/saludpublica.mx\/index.php\/spm\/article\/view\/12803 Breaking down barriers: Easter Island&#8217;s first Telestroke thrombolysis Experience and Case Report J Stroke Cerebrovasc Dis 2022 https:\/\/doi.org\/10.1016\/j.jstrokecerebrovasdis.2022.106412 A Chilean experience of Telestroke in a Covid-19 pandemic year Cerebrovasc Dis (2022) 51 (5): [&hellip;]\" \/>\n<meta property=\"og:url\" content=\"https:\/\/medicina.udd.cl\/icim\/lineas-de-investigacion-y-trabajo-neurologia\/\" \/>\n<meta property=\"og:site_name\" content=\"ICIM\" \/>\n<meta property=\"article:modified_time\" content=\"2024-03-19T13:46:05+00:00\" \/>\n<meta name=\"twitter:card\" content=\"summary_large_image\" \/>\n<meta name=\"twitter:label1\" content=\"Tiempo de lectura\" \/>\n\t<meta name=\"twitter:data1\" content=\"1 minuto\" \/>\n<script type=\"application\/ld+json\" class=\"yoast-schema-graph\">{\"@context\":\"https:\/\/schema.org\",\"@graph\":[{\"@type\":\"WebPage\",\"@id\":\"https:\/\/medicina.udd.cl\/icim\/lineas-de-investigacion-y-trabajo-neurologia\/\",\"url\":\"https:\/\/medicina.udd.cl\/icim\/lineas-de-investigacion-y-trabajo-neurologia\/\",\"name\":\"L\u00edneas de investigaci\u00f3n y trabajo: NEUROLOG\u00cdA - ICIM\",\"isPartOf\":{\"@id\":\"https:\/\/medicina.udd.cl\/icim\/#website\"},\"datePublished\":\"2023-11-17T16:51:17+00:00\",\"dateModified\":\"2024-03-19T13:46:05+00:00\",\"breadcrumb\":{\"@id\":\"https:\/\/medicina.udd.cl\/icim\/lineas-de-investigacion-y-trabajo-neurologia\/#breadcrumb\"},\"inLanguage\":\"es\",\"potentialAction\":[{\"@type\":\"ReadAction\",\"target\":[\"https:\/\/medicina.udd.cl\/icim\/lineas-de-investigacion-y-trabajo-neurologia\/\"]}]},{\"@type\":\"BreadcrumbList\",\"@id\":\"https:\/\/medicina.udd.cl\/icim\/lineas-de-investigacion-y-trabajo-neurologia\/#breadcrumb\",\"itemListElement\":[{\"@type\":\"ListItem\",\"position\":1,\"name\":\"Inicio\",\"item\":\"https:\/\/medicina.udd.cl\/icim\/\"},{\"@type\":\"ListItem\",\"position\":2,\"name\":\"L\u00edneas de investigaci\u00f3n y trabajo: NEUROLOG\u00cdA\"}]},{\"@type\":\"WebSite\",\"@id\":\"https:\/\/medicina.udd.cl\/icim\/#website\",\"url\":\"https:\/\/medicina.udd.cl\/icim\/\",\"name\":\"ICIM\",\"description\":\"Una iniciativa de Universidad del Desarrollo y Cl\u00ednica Alemana\",\"inLanguage\":\"es\"}]}<\/script>\n<!-- \/ Yoast SEO plugin. -->","yoast_head_json":{"title":"L\u00edneas de investigaci\u00f3n y trabajo: NEUROLOG\u00cdA - ICIM","robots":{"index":"index","follow":"follow","max-snippet":"max-snippet:-1","max-image-preview":"max-image-preview:large","max-video-preview":"max-video-preview:-1"},"canonical":"https:\/\/medicina.udd.cl\/icim\/lineas-de-investigacion-y-trabajo-neurologia\/","og_locale":"es_ES","og_type":"article","og_title":"L\u00edneas de investigaci\u00f3n y trabajo: NEUROLOG\u00cdA - ICIM","og_description":"PUBLICACIONES NEUROLOG\u00cdA 2022-2023 Stroke care and collaborative academic research in Latin America Salud Publica Mex [Internet]. 13 de junio de 2022 https:\/\/saludpublica.mx\/index.php\/spm\/article\/view\/12803 Breaking down barriers: Easter Island&#8217;s first Telestroke thrombolysis Experience and Case Report J Stroke Cerebrovasc Dis 2022 https:\/\/doi.org\/10.1016\/j.jstrokecerebrovasdis.2022.106412 A Chilean experience of Telestroke in a Covid-19 pandemic year Cerebrovasc Dis (2022) 51 (5): [&hellip;]","og_url":"https:\/\/medicina.udd.cl\/icim\/lineas-de-investigacion-y-trabajo-neurologia\/","og_site_name":"ICIM","article_modified_time":"2024-03-19T13:46:05+00:00","twitter_card":"summary_large_image","twitter_misc":{"Tiempo de lectura":"1 minuto"},"schema":{"@context":"https:\/\/schema.org","@graph":[{"@type":"WebPage","@id":"https:\/\/medicina.udd.cl\/icim\/lineas-de-investigacion-y-trabajo-neurologia\/","url":"https:\/\/medicina.udd.cl\/icim\/lineas-de-investigacion-y-trabajo-neurologia\/","name":"L\u00edneas de investigaci\u00f3n y trabajo: NEUROLOG\u00cdA - ICIM","isPartOf":{"@id":"https:\/\/medicina.udd.cl\/icim\/#website"},"datePublished":"2023-11-17T16:51:17+00:00","dateModified":"2024-03-19T13:46:05+00:00","breadcrumb":{"@id":"https:\/\/medicina.udd.cl\/icim\/lineas-de-investigacion-y-trabajo-neurologia\/#breadcrumb"},"inLanguage":"es","potentialAction":[{"@type":"ReadAction","target":["https:\/\/medicina.udd.cl\/icim\/lineas-de-investigacion-y-trabajo-neurologia\/"]}]},{"@type":"BreadcrumbList","@id":"https:\/\/medicina.udd.cl\/icim\/lineas-de-investigacion-y-trabajo-neurologia\/#breadcrumb","itemListElement":[{"@type":"ListItem","position":1,"name":"Inicio","item":"https:\/\/medicina.udd.cl\/icim\/"},{"@type":"ListItem","position":2,"name":"L\u00edneas de investigaci\u00f3n y trabajo: NEUROLOG\u00cdA"}]},{"@type":"WebSite","@id":"https:\/\/medicina.udd.cl\/icim\/#website","url":"https:\/\/medicina.udd.cl\/icim\/","name":"ICIM","description":"Una iniciativa de Universidad del Desarrollo y Cl\u00ednica Alemana","inLanguage":"es"}]}},"_links":{"self":[{"href":"https:\/\/medicina.udd.cl\/icim\/wp-json\/wp\/v2\/pages\/11834","targetHints":{"allow":["GET"]}}],"collection":[{"href":"https:\/\/medicina.udd.cl\/icim\/wp-json\/wp\/v2\/pages"}],"about":[{"href":"https:\/\/medicina.udd.cl\/icim\/wp-json\/wp\/v2\/types\/page"}],"author":[{"embeddable":true,"href":"https:\/\/medicina.udd.cl\/icim\/wp-json\/wp\/v2\/users\/9192254"}],"replies":[{"embeddable":true,"href":"https:\/\/medicina.udd.cl\/icim\/wp-json\/wp\/v2\/comments?post=11834"}],"version-history":[{"count":7,"href":"https:\/\/medicina.udd.cl\/icim\/wp-json\/wp\/v2\/pages\/11834\/revisions"}],"predecessor-version":[{"id":11862,"href":"https:\/\/medicina.udd.cl\/icim\/wp-json\/wp\/v2\/pages\/11834\/revisions\/11862"}],"wp:attachment":[{"href":"https:\/\/medicina.udd.cl\/icim\/wp-json\/wp\/v2\/media?parent=11834"}],"curies":[{"name":"wp","href":"https:\/\/api.w.org\/{rel}","templated":true}]}}