{"id":11857,"date":"2023-11-29T09:57:16","date_gmt":"2023-11-29T12:57:16","guid":{"rendered":"https:\/\/medicina.udd.cl\/icim\/?page_id=11857"},"modified":"2023-11-29T09:57:16","modified_gmt":"2023-11-29T12:57:16","slug":"neurologia-covid","status":"publish","type":"page","link":"https:\/\/medicina.udd.cl\/icim\/neurologia-covid\/","title":{"rendered":"Neurolog\u00eda: COVID"},"content":{"rendered":"\n<h2 class=\"wp-block-heading\">STRONGER<\/h2>\n\n\n\n<p>Estudio multic\u00e9ntrico internacional, de etiqueta abierta. Se lleva a cabo en AUSTRALIA, CHILE, y HONG-KONG.\u00a0<\/p>\n\n\n\n<p>Dirigido por el Centro de Investigaciones \u201cThe George Institute for Global Health\u201d.<\/p>\n\n\n\n<p><strong>Sitio de Estudios en Chile:<\/strong> CEC-ICIM. <br><strong>Investigadora Principal:<\/strong> Neur\u00f3loga Dra. Paula Mu\u00f1oz Venturelli.<br><strong>Objetivo:<\/strong> evaluar efectividad y seguridad de estatinas para optimizar la recuperaci\u00f3n neurol\u00f3gica del LONG-COVID (disminuir los s\u00edntomas cognitivos)\u00a0<br><strong>M\u00e1s informaci\u00f3n en:<\/strong> <a href=\"https:\/\/strongerstudy.georgeinstitute.org\/chile\/\">https:\/\/strongerstudy.georgeinstitute.org\/chile\/<\/a>\u00a0 \u00a0 \u00a0 \u00a0 <br><strong>Contacto:<\/strong> <a href=\"mailto:stronger@udd.cl\">stronger@udd.cl<\/a><\/p>\n\n\n\n<h2 class=\"wp-block-heading\">NIDO COVID<\/h2>\n\n\n\n<p>Estudio Fondecyt CEC-UDD. Sitio de estudios CEC ICIM.<br><strong>Investigadora principal:<\/strong> Neur\u00f3loga Dra. paula Mu\u00f1oz Venturelli.<br>Neuroimagen, inflamaci\u00f3n y Doppler cerebral en pacientes con COVID-19 Prolongado.<\/p>\n","protected":false},"excerpt":{"rendered":"<p>STRONGER Estudio multic\u00e9ntrico internacional, de etiqueta abierta. Se lleva a cabo en AUSTRALIA, CHILE, y HONG-KONG.\u00a0 Dirigido por el Centro de Investigaciones \u201cThe George Institute for Global Health\u201d. Sitio de Estudios en Chile: CEC-ICIM. Investigadora Principal: Neur\u00f3loga Dra. Paula Mu\u00f1oz Venturelli.Objetivo: evaluar efectividad y seguridad de estatinas para optimizar la recuperaci\u00f3n neurol\u00f3gica del LONG-COVID (disminuir [&hellip;]<\/p>\n","protected":false},"author":9192254,"featured_media":0,"parent":0,"menu_order":0,"comment_status":"closed","ping_status":"closed","template":"","meta":{"footnotes":""},"class_list":["post-11857","page","type-page","status-publish","hentry"],"yoast_head":"<!-- This site is optimized with the Yoast SEO plugin v26.9 - https:\/\/yoast.com\/product\/yoast-seo-wordpress\/ -->\n<title>Neurolog\u00eda: COVID - ICIM<\/title>\n<meta name=\"robots\" content=\"index, follow, max-snippet:-1, max-image-preview:large, max-video-preview:-1\" \/>\n<link rel=\"canonical\" href=\"https:\/\/medicina.udd.cl\/icim\/neurologia-covid\/\" \/>\n<meta property=\"og:locale\" content=\"es_ES\" \/>\n<meta property=\"og:type\" content=\"article\" \/>\n<meta property=\"og:title\" content=\"Neurolog\u00eda: COVID - ICIM\" \/>\n<meta property=\"og:description\" content=\"STRONGER Estudio multic\u00e9ntrico internacional, de etiqueta abierta. Se lleva a cabo en AUSTRALIA, CHILE, y HONG-KONG.\u00a0 Dirigido por el Centro de Investigaciones \u201cThe George Institute for Global Health\u201d. Sitio de Estudios en Chile: CEC-ICIM. Investigadora Principal: Neur\u00f3loga Dra. Paula Mu\u00f1oz Venturelli.Objetivo: evaluar efectividad y seguridad de estatinas para optimizar la recuperaci\u00f3n neurol\u00f3gica del LONG-COVID (disminuir [&hellip;]\" \/>\n<meta property=\"og:url\" content=\"https:\/\/medicina.udd.cl\/icim\/neurologia-covid\/\" \/>\n<meta property=\"og:site_name\" content=\"ICIM\" \/>\n<meta name=\"twitter:card\" content=\"summary_large_image\" \/>\n<meta name=\"twitter:label1\" content=\"Tiempo de lectura\" \/>\n\t<meta name=\"twitter:data1\" content=\"1 minuto\" \/>\n<script type=\"application\/ld+json\" class=\"yoast-schema-graph\">{\"@context\":\"https:\/\/schema.org\",\"@graph\":[{\"@type\":\"WebPage\",\"@id\":\"https:\/\/medicina.udd.cl\/icim\/neurologia-covid\/\",\"url\":\"https:\/\/medicina.udd.cl\/icim\/neurologia-covid\/\",\"name\":\"Neurolog\u00eda: COVID - ICIM\",\"isPartOf\":{\"@id\":\"https:\/\/medicina.udd.cl\/icim\/#website\"},\"datePublished\":\"2023-11-29T12:57:16+00:00\",\"breadcrumb\":{\"@id\":\"https:\/\/medicina.udd.cl\/icim\/neurologia-covid\/#breadcrumb\"},\"inLanguage\":\"es\",\"potentialAction\":[{\"@type\":\"ReadAction\",\"target\":[\"https:\/\/medicina.udd.cl\/icim\/neurologia-covid\/\"]}]},{\"@type\":\"BreadcrumbList\",\"@id\":\"https:\/\/medicina.udd.cl\/icim\/neurologia-covid\/#breadcrumb\",\"itemListElement\":[{\"@type\":\"ListItem\",\"position\":1,\"name\":\"Inicio\",\"item\":\"https:\/\/medicina.udd.cl\/icim\/\"},{\"@type\":\"ListItem\",\"position\":2,\"name\":\"Neurolog\u00eda: COVID\"}]},{\"@type\":\"WebSite\",\"@id\":\"https:\/\/medicina.udd.cl\/icim\/#website\",\"url\":\"https:\/\/medicina.udd.cl\/icim\/\",\"name\":\"ICIM\",\"description\":\"Una iniciativa de Universidad del Desarrollo y Cl\u00ednica Alemana\",\"inLanguage\":\"es\"}]}<\/script>\n<!-- \/ Yoast SEO plugin. -->","yoast_head_json":{"title":"Neurolog\u00eda: COVID - ICIM","robots":{"index":"index","follow":"follow","max-snippet":"max-snippet:-1","max-image-preview":"max-image-preview:large","max-video-preview":"max-video-preview:-1"},"canonical":"https:\/\/medicina.udd.cl\/icim\/neurologia-covid\/","og_locale":"es_ES","og_type":"article","og_title":"Neurolog\u00eda: COVID - ICIM","og_description":"STRONGER Estudio multic\u00e9ntrico internacional, de etiqueta abierta. Se lleva a cabo en AUSTRALIA, CHILE, y HONG-KONG.\u00a0 Dirigido por el Centro de Investigaciones \u201cThe George Institute for Global Health\u201d. Sitio de Estudios en Chile: CEC-ICIM. Investigadora Principal: Neur\u00f3loga Dra. Paula Mu\u00f1oz Venturelli.Objetivo: evaluar efectividad y seguridad de estatinas para optimizar la recuperaci\u00f3n neurol\u00f3gica del LONG-COVID (disminuir [&hellip;]","og_url":"https:\/\/medicina.udd.cl\/icim\/neurologia-covid\/","og_site_name":"ICIM","twitter_card":"summary_large_image","twitter_misc":{"Tiempo de lectura":"1 minuto"},"schema":{"@context":"https:\/\/schema.org","@graph":[{"@type":"WebPage","@id":"https:\/\/medicina.udd.cl\/icim\/neurologia-covid\/","url":"https:\/\/medicina.udd.cl\/icim\/neurologia-covid\/","name":"Neurolog\u00eda: COVID - ICIM","isPartOf":{"@id":"https:\/\/medicina.udd.cl\/icim\/#website"},"datePublished":"2023-11-29T12:57:16+00:00","breadcrumb":{"@id":"https:\/\/medicina.udd.cl\/icim\/neurologia-covid\/#breadcrumb"},"inLanguage":"es","potentialAction":[{"@type":"ReadAction","target":["https:\/\/medicina.udd.cl\/icim\/neurologia-covid\/"]}]},{"@type":"BreadcrumbList","@id":"https:\/\/medicina.udd.cl\/icim\/neurologia-covid\/#breadcrumb","itemListElement":[{"@type":"ListItem","position":1,"name":"Inicio","item":"https:\/\/medicina.udd.cl\/icim\/"},{"@type":"ListItem","position":2,"name":"Neurolog\u00eda: COVID"}]},{"@type":"WebSite","@id":"https:\/\/medicina.udd.cl\/icim\/#website","url":"https:\/\/medicina.udd.cl\/icim\/","name":"ICIM","description":"Una iniciativa de Universidad del Desarrollo y Cl\u00ednica Alemana","inLanguage":"es"}]}},"_links":{"self":[{"href":"https:\/\/medicina.udd.cl\/icim\/wp-json\/wp\/v2\/pages\/11857","targetHints":{"allow":["GET"]}}],"collection":[{"href":"https:\/\/medicina.udd.cl\/icim\/wp-json\/wp\/v2\/pages"}],"about":[{"href":"https:\/\/medicina.udd.cl\/icim\/wp-json\/wp\/v2\/types\/page"}],"author":[{"embeddable":true,"href":"https:\/\/medicina.udd.cl\/icim\/wp-json\/wp\/v2\/users\/9192254"}],"replies":[{"embeddable":true,"href":"https:\/\/medicina.udd.cl\/icim\/wp-json\/wp\/v2\/comments?post=11857"}],"version-history":[{"count":1,"href":"https:\/\/medicina.udd.cl\/icim\/wp-json\/wp\/v2\/pages\/11857\/revisions"}],"predecessor-version":[{"id":11858,"href":"https:\/\/medicina.udd.cl\/icim\/wp-json\/wp\/v2\/pages\/11857\/revisions\/11858"}],"wp:attachment":[{"href":"https:\/\/medicina.udd.cl\/icim\/wp-json\/wp\/v2\/media?parent=11857"}],"curies":[{"name":"wp","href":"https:\/\/api.w.org\/{rel}","templated":true}]}}

Neurología: COVID

<h2 class="wp-block-heading">STRONGER</h2>



<p>Estudio multicéntrico internacional, de etiqueta abierta. Se lleva a cabo en AUSTRALIA, CHILE, y HONG-KONG. </p>



<p>Dirigido por el Centro de Investigaciones “The George Institute for Global Health”.</p>



<p><strong>Sitio de Estudios en Chile:</strong> CEC-ICIM. <br><strong>Investigadora Principal:</strong> Neuróloga Dra. Paula Muñoz Venturelli.<br><strong>Objetivo:</strong> evaluar efectividad y seguridad de estatinas para optimizar la recuperación neurológica del LONG-COVID (disminuir los síntomas cognitivos) <br><strong>Más información en:</strong> <a href="https://strongerstudy.georgeinstitute.org/chile/">https://strongerstudy.georgeinstitute.org/chile/</a>        <br><strong>Contacto:</strong> <a href="mailto:stronger@udd.cl">stronger@udd.cl</a></p>



<h2 class="wp-block-heading">NIDO COVID</h2>



<p>Estudio Fondecyt CEC-UDD. Sitio de estudios CEC ICIM.<br><strong>Investigadora principal:</strong> Neuróloga Dra. paula Muñoz Venturelli.<br>Neuroimagen, inflamación y Doppler cerebral en pacientes con COVID-19 Prolongado.</p>

<p>STRONGER Estudio multicéntrico internacional, de etiqueta abierta. Se lleva a cabo en AUSTRALIA, CHILE, y HONG-KONG.  Dirigido por el Centro de Investigaciones “The George Institute for Global Health”. Sitio de Estudios en Chile: CEC-ICIM. Investigadora Principal: Neuróloga Dra. Paula Muñoz Venturelli.Objetivo: evaluar efectividad y seguridad de estatinas para optimizar la recuperación neurológica del LONG-COVID (disminuir [&hellip;]</p>

<!-- This site is optimized with the Yoast SEO plugin v26.9 - https://yoast.com/product/yoast-seo-wordpress/ -->
<title>Neurología: COVID - ICIM</title>
<meta name="robots" content="index, follow, max-snippet:-1, max-image-preview:large, max-video-preview:-1" />
<link rel="canonical" href="https://medicina.udd.cl/icim/neurologia-covid/" />
<meta property="og:locale" content="es_ES" />
<meta property="og:type" content="article" />
<meta property="og:title" content="Neurología: COVID - ICIM" />
<meta property="og:description" content="STRONGER Estudio multicéntrico internacional, de etiqueta abierta. Se lleva a cabo en AUSTRALIA, CHILE, y HONG-KONG.  Dirigido por el Centro de Investigaciones “The George Institute for Global Health”. Sitio de Estudios en Chile: CEC-ICIM. Investigadora Principal: Neuróloga Dra. Paula Muñoz Venturelli.Objetivo: evaluar efectividad y seguridad de estatinas para optimizar la recuperación neurológica del LONG-COVID (disminuir [&hellip;]" />
<meta property="og:url" content="https://medicina.udd.cl/icim/neurologia-covid/" />
<meta property="og:site_name" content="ICIM" />
<meta name="twitter:card" content="summary_large_image" />
<meta name="twitter:label1" content="Tiempo de lectura" />
	<meta name="twitter:data1" content="1 minuto" />
<script type="application/ld+json" class="yoast-schema-graph">{"@context":"https://schema.org","@graph":[{"@type":"WebPage","@id":"https://medicina.udd.cl/icim/neurologia-covid/","url":"https://medicina.udd.cl/icim/neurologia-covid/","name":"Neurología: COVID - ICIM","isPartOf":{"@id":"https://medicina.udd.cl/icim/#website"},"datePublished":"2023-11-29T12:57:16+00:00","breadcrumb":{"@id":"https://medicina.udd.cl/icim/neurologia-covid/#breadcrumb"},"inLanguage":"es","potentialAction":[{"@type":"ReadAction","target":["https://medicina.udd.cl/icim/neurologia-covid/"]}]},{"@type":"BreadcrumbList","@id":"https://medicina.udd.cl/icim/neurologia-covid/#breadcrumb","itemListElement":[{"@type":"ListItem","position":1,"name":"Inicio","item":"https://medicina.udd.cl/icim/"},{"@type":"ListItem","position":2,"name":"Neurología: COVID"}]},{"@type":"WebSite","@id":"https://medicina.udd.cl/icim/#website","url":"https://medicina.udd.cl/icim/","name":"ICIM","description":"Una iniciativa de Universidad del Desarrollo y Clínica Alemana","inLanguage":"es"}]}</script>
<!-- / Yoast SEO plugin. -->

Neurología: COVID - ICIM

STRONGER Estudio multicéntrico internacional, de etiqueta abierta. Se lleva a cabo en AUSTRALIA, CHILE, y HONG-KONG.  Dirigido por el Centro de Investigaciones “The George Institute for Global Health”. Sitio de Estudios en Chile: CEC-ICIM. Investigadora Principal: Neuróloga Dra. Paula Muñoz Venturelli.Objetivo: evaluar efectividad y seguridad de estatinas para optimizar la recuperación neurológica del LONG-COVID (disminuir [&hellip;]

Una iniciativa de Universidad del Desarrollo y Clínica Alemana
